000
CDUS41 KCLE 042214
CLITOL


CLIMATE REPORT
NATIONAL WEATHER SERVICE CLEVELAND OH
512 PM EST SAT FEB 4 2017


...................................

...THE TOLEDO OH CLIMATE SUMMARY FOR FEBRUARY 4 2017...
VALID TODAY AS OF 0500 PM LOCAL TIME.

CLIMATE NORMAL PERIOD 1981 TO 2010
CLIMATE RECORD PERIOD 1873 TO 2017


WEATHER ITEM   OBSERVED TIME   RECORD YEAR NORMAL DEPARTURE LAST
                VALUE   (LST)  VALUE       VALUE  FROM      YEAR
                                                  NORMAL
..................................................................
TEMPERATURE (F)
 TODAY
  MAXIMUM         31    138 PM  67    1890  34     -3       34
  MINIMUM         15    716 AM  -9    1918  19     -4       21
  AVERAGE         23                        26     -3       28

PRECIPITATION (IN)
  TODAY            0.00                      0.07  -0.07      T
  MONTH TO DATE    0.03                      0.27  -0.24     0.32
  SINCE DEC 1      6.66                      5.00   1.66     4.77
  SINCE JAN 1      4.18                      2.32   1.86     1.79

SNOWFALL (IN)
  TODAY            0.0                       0.4   -0.4       T
  MONTH TO DATE    0.3                       1.5   -1.2       T
  SINCE DEC 1     16.3                      20.5   -4.2      5.9
  SINCE JUL 1     16.3                      22.6   -6.3      9.4
  SNOW DEPTH       0

DEGREE DAYS
 HEATING
  TODAY           42                        39      3       37
  MONTH TO DATE  157                       156      1      112
  SINCE DEC 1   2347                      2472   -125     2034
  SINCE JUL 1   3271                      3705   -434     3044

 COOLING
  TODAY            0                         0      0        0
  MONTH TO DATE    0                         0      0        0
  SINCE DEC 1      0                         0      0        0
  SINCE JAN 1      0                         0      0        0
..................................................................


WIND (MPH)
  HIGHEST WIND SPEED    16   HIGHEST WIND DIRECTION     S (200)
  HIGHEST GUST SPEED    23   HIGHEST GUST DIRECTION     S (190)


SKY COVER
  POSSIBLE SUNSHINE  MM
  AVERAGE SKY COVER 0.0


WEATHER CONDITIONS
 THE FOLLOWING WEATHER WAS RECORDED TODAY.
  NO SIGNIFICANT WEATHER WAS OBSERVED.


RELATIVE HUMIDITY (PERCENT)
 HIGHEST    73           700 AM
 LOWEST     32           200 PM
 AVERAGE    53

..........................................................


THE TOLEDO OH CLIMATE NORMALS FOR TOMORROW
                         NORMAL    RECORD    YEAR
 MAXIMUM TEMPERATURE (F)   34        56      1938
 MINIMUM TEMPERATURE (F)   19       -13      1918


SUNRISE AND SUNSET
FEBRUARY  4 2017......SUNRISE   744 AM EST   SUNSET   555 PM EST
FEBRUARY  5 2017......SUNRISE   743 AM EST   SUNSET   556 PM EST


-  INDICATES NEGATIVE NUMBERS.
R  INDICATES RECORD WAS SET OR TIED.
MM INDICATES DATA IS MISSING.
T  INDICATES TRACE AMOUNT.




$$
