000
CDUS41 KCLE 300536
CLITOL


CLIMATE REPORT
NATIONAL WEATHER SERVICE CLEVELAND OH
135 AM EDT SUN MAR 30 2014


...................................

...THE TOLEDO OH CLIMATE SUMMARY FOR MARCH 29 2014...

CLIMATE NORMAL PERIOD 1981 TO 2010
CLIMATE RECORD PERIOD 1873 TO 2014


WEATHER ITEM   OBSERVED TIME   RECORD YEAR NORMAL DEPARTURE LAST
                VALUE   (LST)  VALUE       VALUE  FROM      YEAR
                                                  NORMAL
..................................................................
TEMPERATURE (F)
 YESTERDAY
  MAXIMUM         38    351 AM  80    1963  53    -15       52
                                      1910
  MINIMUM         32   1159 PM   8    1887  33     -1       29
  AVERAGE         35                        43     -8       41

PRECIPITATION (IN)
  YESTERDAY        0.03                      0.09  -0.06     0.00
  MONTH TO DATE    1.39                      2.29  -0.90     0.73
  SINCE MAR 1      1.39                      2.29  -0.90     0.73
  SINCE JAN 1      8.57                      6.41   2.16     7.17

SNOWFALL (IN)
  YESTERDAY        0.2                       0.1    0.1      0.0
  MONTH TO DATE   11.8                       5.5    6.3      1.4
  SINCE MAR 1     11.8                       5.5    6.3      1.4
  SINCE JUL 1     85.3                      36.0   49.3     22.1
  SNOW DEPTH       0

DEGREE DAYS
 HEATING
  YESTERDAY       30                        22      8       24
  MONTH TO DATE 1072                       806    266      932
  SINCE MAR 1   1072                       806    266      932
  SINCE JUL 1   6398                      5382   1016     5388

 COOLING
  YESTERDAY        0                         0      0        0
  MONTH TO DATE    0                         0      0        0
  SINCE MAR 1      0                         0      0        0
  SINCE JAN 1      0                         0      0        0
..................................................................


WIND (MPH)
  HIGHEST WIND SPEED    21   HIGHEST WIND DIRECTION     N (10)
  HIGHEST GUST SPEED    28   HIGHEST GUST DIRECTION     N (20)
  AVERAGE WIND SPEED    12.7


SKY COVER
  POSSIBLE SUNSHINE  MM
  AVERAGE SKY COVER 0.9


WEATHER CONDITIONS
 THE FOLLOWING WEATHER WAS RECORDED YESTERDAY.
  MIXED PRECIP
  LIGHT SNOW
  FOG


RELATIVE HUMIDITY (PERCENT)
 HIGHEST    89           200 PM
 LOWEST     69           900 PM
 AVERAGE    79

..........................................................


THE TOLEDO OH CLIMATE NORMALS FOR TODAY
                         NORMAL    RECORD    YEAR
 MAXIMUM TEMPERATURE (F)   53        81      1998
 MINIMUM TEMPERATURE (F)   33        12      1969
                                             1887


SUNRISE AND SUNSET
MARCH 30 2014.........SUNRISE   722 AM EDT   SUNSET   758 PM EDT
MARCH 31 2014.........SUNRISE   720 AM EDT   SUNSET   759 PM EDT


-  INDICATES NEGATIVE NUMBERS.
R  INDICATES RECORD WAS SET OR TIED.
MM INDICATES DATA IS MISSING.
T  INDICATES TRACE AMOUNT.




$$
