000
CDUS41 KCLE 120531
CLITOL


CLIMATE REPORT
NATIONAL WEATHER SERVICE CLEVELAND OH
130 AM EDT THU MAY 12 2016


...................................

...THE TOLEDO OH CLIMATE SUMMARY FOR MAY 11 2016...

CLIMATE NORMAL PERIOD 1981 TO 2010
CLIMATE RECORD PERIOD 1873 TO 2016


WEATHER ITEM   OBSERVED TIME   RECORD YEAR NORMAL DEPARTURE LAST
                VALUE   (LST)  VALUE       VALUE  FROM      YEAR
                                                  NORMAL
..................................................................
TEMPERATURE (F)
 YESTERDAY
  MAXIMUM         71    345 PM  89    1979  69      2       85
  MINIMUM         52    628 AM  29    1945  47      5       63
  AVERAGE         62                        58      4       74

PRECIPITATION (IN)
  YESTERDAY        0.01                      0.11  -0.10     0.35
  MONTH TO DATE    0.72                      1.20  -0.48     1.01
  SINCE MAR 1      9.82                      6.87   2.95     5.04
  SINCE JAN 1     13.04                     10.99   2.05     8.66

SNOWFALL (IN)
  YESTERDAY        0.0                       0.0    0.0      0.0
  MONTH TO DATE    0.0                       0.1   -0.1      0.0
  SINCE MAR 1     11.4                       7.1    4.3      5.4
  SINCE JUL 1     26.4                      37.6  -11.2     45.7
  SNOW DEPTH       0

DEGREE DAYS
 HEATING
  YESTERDAY        3                         8     -5        0
  MONTH TO DATE  117                       100     17       26
  SINCE MAR 1   1339                      1426    -87     1499
  SINCE JUL 1   5237                      6002   -765     6755

 COOLING
  YESTERDAY        0                         1     -1        9
  MONTH TO DATE    0                         8     -8       34
  SINCE MAR 1      0                        16    -16       34
  SINCE JAN 1      0                        16    -16       34
..................................................................


WIND (MPH)
  HIGHEST WIND SPEED    12   HIGHEST WIND DIRECTION     E (80)
  HIGHEST GUST SPEED    15   HIGHEST GUST DIRECTION    NE (60)
  AVERAGE WIND SPEED     5.0


SKY COVER
  POSSIBLE SUNSHINE  MM
  AVERAGE SKY COVER 0.8


WEATHER CONDITIONS
 THE FOLLOWING WEATHER WAS RECORDED YESTERDAY.
  RAIN
  FOG


RELATIVE HUMIDITY (PERCENT)
 HIGHEST    93           400 AM
 LOWEST     66           500 PM
 AVERAGE    80

..........................................................


THE TOLEDO OH CLIMATE NORMALS FOR TODAY
                         NORMAL    RECORD    YEAR
 MAXIMUM TEMPERATURE (F)   70        90      1881
 MINIMUM TEMPERATURE (F)   47        30      2013


SUNRISE AND SUNSET
MAY 12 2016...........SUNRISE   618 AM EDT   SUNSET   845 PM EDT
MAY 13 2016...........SUNRISE   617 AM EDT   SUNSET   846 PM EDT


-  INDICATES NEGATIVE NUMBERS.
R  INDICATES RECORD WAS SET OR TIED.
MM INDICATES DATA IS MISSING.
T  INDICATES TRACE AMOUNT.




$$
