522
CDUS41 KCLE 110532
CLITOL


CLIMATE REPORT
NATIONAL WEATHER SERVICE CLEVELAND OH
1230 AM EST SUN FEB 11 2018


...................................

...THE TOLEDO OH CLIMATE SUMMARY FOR FEBRUARY 10 2018...

CLIMATE NORMAL PERIOD 1981 TO 2010
CLIMATE RECORD PERIOD 1873 TO 2018


WEATHER ITEM   OBSERVED TIME   RECORD YEAR NORMAL DEPARTURE LAST
                VALUE   (LST)  VALUE       VALUE  FROM      YEAR
                                                  NORMAL
..................................................................
TEMPERATURE (F)
 YESTERDAY
  MAXIMUM         26   1207 AM  61    1932  35     -9       39
  MINIMUM         23   1159 PM -14    1899  20      3       14
                                      1885
  AVERAGE         25                        27     -2       27

PRECIPITATION (IN)
  YESTERDAY        T                         0.08  -0.08      T
  MONTH TO DATE    0.78                      0.69   0.09     0.97
  SINCE DEC 1      3.03                      5.42  -2.39     7.60
  SINCE JAN 1      1.91                      2.74  -0.83     5.12

SNOWFALL (IN)
  YESTERDAY        T                         0.4   -0.4       T
  MONTH TO DATE    9.2                       3.7    5.5      1.0
  SINCE DEC 1     29.7                      22.7    7.0     17.0
  SINCE JUL 1     29.7                      24.8    4.9     17.0
  SNOW DEPTH       8

DEGREE DAYS
 HEATING
  YESTERDAY       40                        38      2       38
  MONTH TO DATE  459                       386     73      344
  SINCE DEC 1   2882                      2702    180     2534
  SINCE JUL 1   3930                      3935     -5     3458

 COOLING
  YESTERDAY        0                         0      0        0
  MONTH TO DATE    0                         0      0        0
  SINCE DEC 1      0                         0      0        0
  SINCE JAN 1      0                         0      0        0
..................................................................


WIND (MPH)
  HIGHEST WIND SPEED    14   HIGHEST WIND DIRECTION    NE (30)
  HIGHEST GUST SPEED    18   HIGHEST GUST DIRECTION     N (360)
  AVERAGE WIND SPEED     8.5


SKY COVER
  POSSIBLE SUNSHINE  MM
  AVERAGE SKY COVER 1.0


WEATHER CONDITIONS
 THE FOLLOWING WEATHER WAS RECORDED YESTERDAY.
  LIGHT SNOW
  FOG


RELATIVE HUMIDITY (PERCENT)
 HIGHEST   100           100 AM
 LOWEST     81          1200 PM
 AVERAGE    91

..........................................................


THE TOLEDO OH CLIMATE NORMALS FOR TODAY
                         NORMAL    RECORD    YEAR
 MAXIMUM TEMPERATURE (F)   35        71      1999
 MINIMUM TEMPERATURE (F)   20       -16      1885


SUNRISE AND SUNSET
FEBRUARY 11 2018......SUNRISE   736 AM EST   SUNSET   604 PM EST
FEBRUARY 12 2018......SUNRISE   734 AM EST   SUNSET   605 PM EST


-  INDICATES NEGATIVE NUMBERS.
R  INDICATES RECORD WAS SET OR TIED.
MM INDICATES DATA IS MISSING.
T  INDICATES TRACE AMOUNT.




$$
