000
CDUS41 KCLE 280526
CLITOL


CLIMATE REPORT
NATIONAL WEATHER SERVICE CLEVELAND OH
1225 AM EST MON NOV 28 2016


...................................

...THE TOLEDO OH CLIMATE SUMMARY FOR NOVEMBER 27 2016...

CLIMATE NORMAL PERIOD 1981 TO 2010
CLIMATE RECORD PERIOD 1873 TO 2016


WEATHER ITEM   OBSERVED TIME   RECORD YEAR NORMAL DEPARTURE LAST
                VALUE   (LST)  VALUE       VALUE  FROM      YEAR
                                                  NORMAL
..................................................................
TEMPERATURE (F)
 YESTERDAY
  MAXIMUM         47    348 PM  69    1990  44      3       60
  MINIMUM         28    209 AM   7    1930  29     -1       36
  AVERAGE         38                        36      2       48

PRECIPITATION (IN)
  YESTERDAY        0.00                      0.10  -0.10     0.52
  MONTH TO DATE    1.09                      2.56  -1.47     1.70
  SINCE SEP 1      7.83                      7.94  -0.11     5.15
  SINCE JAN 1     31.14                     31.26  -0.12    33.48

SNOWFALL (IN)
  YESTERDAY        0.0                       0.1   -0.1      0.0
  MONTH TO DATE    T                         1.5   -1.5      3.5
  SINCE SEP 1      T                         1.7   -1.7      3.5
  SINCE JUL 1      T                         1.7   -1.7      3.5
  SNOW DEPTH       0

DEGREE DAYS
 HEATING
  YESTERDAY       27                        29     -2       17
  MONTH TO DATE  528                       620    -92      505
  SINCE SEP 1    871                      1132   -261      908
  SINCE JUL 1    872                      1146   -274      920

 COOLING
  YESTERDAY        0                         0      0        0
  MONTH TO DATE    4                         0      4        0
  SINCE SEP 1    148                        91     57      138
  SINCE JAN 1   1037                       793    244      719
..................................................................


WIND (MPH)
  HIGHEST WIND SPEED    17   HIGHEST WIND DIRECTION    SW (210)
  HIGHEST GUST SPEED    24   HIGHEST GUST DIRECTION    SW (210)
  AVERAGE WIND SPEED     5.4


SKY COVER
  POSSIBLE SUNSHINE  MM
  AVERAGE SKY COVER 0.0


WEATHER CONDITIONS
 THE FOLLOWING WEATHER WAS RECORDED YESTERDAY.
  FOG


RELATIVE HUMIDITY (PERCENT)
 HIGHEST   100           100 AM
 LOWEST     65           100 PM
 AVERAGE    83

..........................................................


THE TOLEDO OH CLIMATE NORMALS FOR TODAY
                         NORMAL    RECORD    YEAR
 MAXIMUM TEMPERATURE (F)   43        68      2005
                                             1990
 MINIMUM TEMPERATURE (F)   29         6      1955


SUNRISE AND SUNSET
NOVEMBER 28 2016......SUNRISE   740 AM EST   SUNSET   507 PM EST
NOVEMBER 29 2016......SUNRISE   741 AM EST   SUNSET   506 PM EST


-  INDICATES NEGATIVE NUMBERS.
R  INDICATES RECORD WAS SET OR TIED.
MM INDICATES DATA IS MISSING.
T  INDICATES TRACE AMOUNT.




$$
