000
CDUS41 KCLE 010545
CLITOL


CLIMATE REPORT
NATIONAL WEATHER SERVICE CLEVELAND OH
145 AM EDT TUE AUG 1 2017


...................................

...THE TOLEDO OH CLIMATE SUMMARY FOR JULY 31 2017...

CLIMATE NORMAL PERIOD 1981 TO 2010
CLIMATE RECORD PERIOD 1873 TO 2017


WEATHER ITEM   OBSERVED TIME   RECORD YEAR NORMAL DEPARTURE LAST
                VALUE   (LST)  VALUE       VALUE  FROM      YEAR
                                                  NORMAL
..................................................................
TEMPERATURE (F)
 YESTERDAY
  MAXIMUM         85    434 PM  97    1995  84      1       84
                                      1917
  MINIMUM         60    520 AM  48    2014  62     -2       65
                                      1918
  AVERAGE         73                        73      0       75

PRECIPITATION (IN)
  YESTERDAY        0.00                      0.11  -0.11     0.00
  MONTH TO DATE    3.15                      3.23  -0.08     3.04
  SINCE JUN 1      6.99                      6.80   0.19     4.66
  SINCE JAN 1     24.85                     20.17   4.68    18.42

SNOWFALL (IN)
  YESTERDAY        0.0                       0.0    0.0      0.0
  MONTH TO DATE    0.0                       0.0    0.0      0.0
  SINCE JUN 1      0.0                       0.0    0.0      0.0
  SINCE JUL 1      0.0                       0.0    0.0      0.0
  SNOW DEPTH       0

DEGREE DAYS
 HEATING
  YESTERDAY        0                         0      0        0
  MONTH TO DATE    0                         0      0        1
  SINCE JUN 1     21                        38    -17       14
  SINCE JUL 1      0                         3     -3        1

 COOLING
  YESTERDAY        8                         8      0       10
  MONTH TO DATE  232                       265    -33      309
  SINCE JUN 1    413                       435    -22      499
  SINCE JAN 1    458                       488    -30      568
..................................................................


WIND (MPH)
  HIGHEST WIND SPEED    12   HIGHEST WIND DIRECTION    SW (230)
  HIGHEST GUST SPEED    15   HIGHEST GUST DIRECTION     W (280)
  AVERAGE WIND SPEED     2.5


SKY COVER
  POSSIBLE SUNSHINE  MM
  AVERAGE SKY COVER 0.1


WEATHER CONDITIONS
 THE FOLLOWING WEATHER WAS RECORDED YESTERDAY.
  NO SIGNIFICANT WEATHER WAS OBSERVED.


RELATIVE HUMIDITY (PERCENT)
 HIGHEST    93          1000 PM
 LOWEST     37           100 PM
 AVERAGE    65

..........................................................


THE TOLEDO OH CLIMATE NORMALS FOR TODAY
                         NORMAL    RECORD    YEAR
 MAXIMUM TEMPERATURE (F)   83        98      1935
 MINIMUM TEMPERATURE (F)   62        46      1971


SUNRISE AND SUNSET
AUGUST  1 2017........SUNRISE   630 AM EDT   SUNSET   852 PM EDT
AUGUST  2 2017........SUNRISE   631 AM EDT   SUNSET   851 PM EDT


-  INDICATES NEGATIVE NUMBERS.
R  INDICATES RECORD WAS SET OR TIED.
MM INDICATES DATA IS MISSING.
T  INDICATES TRACE AMOUNT.




$$
