000
CDUS41 KCLE 040610
CLITOL


CLIMATE REPORT
NATIONAL WEATHER SERVICE CLEVELAND OH
208 AM EDT WED OCT 4 2017


...................................

...THE TOLEDO OH CLIMATE SUMMARY FOR OCTOBER 3 2017...

CLIMATE NORMAL PERIOD 1981 TO 2010
CLIMATE RECORD PERIOD 1873 TO 2017


WEATHER ITEM   OBSERVED TIME   RECORD YEAR NORMAL DEPARTURE LAST
                VALUE   (LST)  VALUE       VALUE  FROM      YEAR
                                                  NORMAL
..................................................................
TEMPERATURE (F)
 YESTERDAY
  MAXIMUM         86    328 PM  90    1953  68     18       65
  MINIMUM         48    412 AM  23    1974  46      2       50
  AVERAGE         67                        57     10       58

PRECIPITATION (IN)
  YESTERDAY        0.00                      0.10  -0.10     0.00
  MONTH TO DATE    0.00                      0.27  -0.27     0.22
  SINCE SEP 1      2.64                      3.05  -0.41     4.19
  SINCE JAN 1     29.44                     26.37   3.07    27.50

SNOWFALL (IN)
  YESTERDAY        0.0                       0.0    0.0      0.0
  MONTH TO DATE    0.0                       0.0    0.0      0.0
  SINCE SEP 1      0.0                       0.0    0.0      0.0
  SINCE JUL 1      0.0                       0.0    0.0      0.0
  SNOW DEPTH       0

DEGREE DAYS
 HEATING
  YESTERDAY        0                         9     -9        7
  MONTH TO DATE   15                        26    -11       17
  SINCE SEP 1     94                       136    -42       55
  SINCE JUL 1    108                       150    -42       56

 COOLING
  YESTERDAY        2                         1      1        0
  MONTH TO DATE    2                         3     -1        0
  SINCE SEP 1    124                        85     39      119
  SINCE JAN 1    717                       787    -70     1008
..................................................................


WIND (MPH)
  HIGHEST WIND SPEED    17   HIGHEST WIND DIRECTION    SW (220)
  HIGHEST GUST SPEED    23   HIGHEST GUST DIRECTION    SW (230)
  AVERAGE WIND SPEED     6.5


SKY COVER
  POSSIBLE SUNSHINE  MM
  AVERAGE SKY COVER 0.3


WEATHER CONDITIONS
 THE FOLLOWING WEATHER WAS RECORDED YESTERDAY.
  NO SIGNIFICANT WEATHER WAS OBSERVED.


RELATIVE HUMIDITY (PERCENT)
 HIGHEST    93           400 AM
 LOWEST     42           300 PM
 AVERAGE    68

..........................................................


THE TOLEDO OH CLIMATE NORMALS FOR TODAY
                         NORMAL    RECORD    YEAR
 MAXIMUM TEMPERATURE (F)   68        92      1951
 MINIMUM TEMPERATURE (F)   45        27      1989


SUNRISE AND SUNSET
OCTOBER  4 2017.......SUNRISE   735 AM EDT   SUNSET   711 PM EDT
OCTOBER  5 2017.......SUNRISE   737 AM EDT   SUNSET   710 PM EDT


-  INDICATES NEGATIVE NUMBERS.
R  INDICATES RECORD WAS SET OR TIED.
MM INDICATES DATA IS MISSING.
T  INDICATES TRACE AMOUNT.




$$
