000
CDUS41 KCLE 182226
CLITOL


CLIMATE REPORT
NATIONAL WEATHER SERVICE CLEVELAND OH
526 PM EST TUE NOV 18 2014


...................................

...THE TOLEDO OH CLIMATE SUMMARY FOR NOVEMBER 18 2014...
VALID TODAY AS OF 0500 PM LOCAL TIME.

CLIMATE NORMAL PERIOD 1981 TO 2010
CLIMATE RECORD PERIOD 1873 TO 2014


WEATHER ITEM   OBSERVED TIME   RECORD YEAR NORMAL DEPARTURE LAST
                VALUE   (LST)  VALUE       VALUE  FROM      YEAR
                                                  NORMAL
..................................................................
TEMPERATURE (F)
 TODAY
  MAXIMUM         18    250 PM  70    1954  49    -31       49
  MINIMUM          9    709 AM   8    1959  33    -24       35
  AVERAGE         14                        40    -26       42

PRECIPITATION (IN)
  TODAY            T                         0.10  -0.10     0.00
  MONTH TO DATE    0.52                      1.67  -1.15     0.93
  SINCE SEP 1      8.11                      7.05   1.06     6.54
  SINCE JAN 1     29.30                     30.37  -1.07    33.33

SNOWFALL (IN)
  TODAY            T                         0.0    0.0      0.0
  MONTH TO DATE    2.1                       0.7    1.4      0.5
  SINCE SEP 1      2.1                       0.9    1.2      0.5
  SINCE JUL 1      2.1                       0.9    1.2      0.5
  SNOW DEPTH       2

DEGREE DAYS
 HEATING
  TODAY           51                        24     27       23
  MONTH TO DATE  510                       379    131      394
  SINCE SEP 1   1047                       891    156      902
  SINCE JUL 1   1061                       905    156      931

 COOLING
  TODAY            0                         0      0        0
  MONTH TO DATE    0                         0      0        0
  SINCE SEP 1     56                        91    -35      111
  SINCE JAN 1    654                       793   -139      793
..................................................................


WIND (MPH)
  HIGHEST WIND SPEED    33   HIGHEST WIND DIRECTION     W (260)
  HIGHEST GUST SPEED    43   HIGHEST GUST DIRECTION     W (260)


SKY COVER
  POSSIBLE SUNSHINE  MM
  AVERAGE SKY COVER 0.4


WEATHER CONDITIONS
 THE FOLLOWING WEATHER WAS RECORDED TODAY.
  LIGHT SNOW


RELATIVE HUMIDITY (PERCENT)
 HIGHEST    73           700 AM
 LOWEST     56           300 PM
 AVERAGE    65

..........................................................


THE TOLEDO OH CLIMATE NORMALS FOR TOMORROW
                         NORMAL    RECORD    YEAR
 MAXIMUM TEMPERATURE (F)   48        70      1953
                                             1941
 MINIMUM TEMPERATURE (F)   32         7      1880


SUNRISE AND SUNSET
NOVEMBER 18 2014......SUNRISE   728 AM EST   SUNSET   513 PM EST
NOVEMBER 19 2014......SUNRISE   729 AM EST   SUNSET   512 PM EST


-  INDICATES NEGATIVE NUMBERS.
R  INDICATES RECORD WAS SET OR TIED.
MM INDICATES DATA IS MISSING.
T  INDICATES TRACE AMOUNT.




$$
