000
CDUS41 KCLE 110528
CLITOL


CLIMATE REPORT
NATIONAL WEATHER SERVICE CLEVELAND OH
127 AM EDT SUN SEP 11 2016


...................................

...THE TOLEDO OH CLIMATE SUMMARY FOR SEPTEMBER 10 2016...

CLIMATE NORMAL PERIOD 1981 TO 2010
CLIMATE RECORD PERIOD 1873 TO 2016


WEATHER ITEM   OBSERVED TIME   RECORD YEAR NORMAL DEPARTURE LAST
                VALUE   (LST)  VALUE       VALUE  FROM      YEAR
                                                  NORMAL
..................................................................
TEMPERATURE (F)
 YESTERDAY
  MAXIMUM         78   1221 PM  97    2013  78      0       81
  MINIMUM         60   1130 PM  38    1969  55      5       54
  AVERAGE         69                        66      3       68

PRECIPITATION (IN)
  YESTERDAY        0.87                      0.09   0.78     0.00
  MONTH TO DATE    0.87                      0.95  -0.08     0.31
  SINCE SEP 1      0.87                      0.95  -0.08     0.31
  SINCE JAN 1     24.18                     24.27  -0.09    28.64

SNOWFALL (IN)
  YESTERDAY        0.0                       0.0    0.0      0.0
  MONTH TO DATE    0.0                       0.0    0.0      0.0
  SINCE SEP 1      0.0                       0.0    0.0      0.0
  SINCE JUL 1      0.0                       0.0    0.0      0.0
  SNOW DEPTH       0

DEGREE DAYS
 HEATING
  YESTERDAY        0                         2     -2        0
  MONTH TO DATE    0                        14    -14        0
  SINCE SEP 1      0                        14    -14        0
  SINCE JUL 1      1                        28    -27       12

 COOLING
  YESTERDAY        4                         4      0        3
  MONTH TO DATE   67                        44     23      107
  SINCE SEP 1     67                        44     23      107
  SINCE JAN 1    956                       746    210      688
..................................................................


WIND (MPH)
  HIGHEST WIND SPEED    30   HIGHEST WIND DIRECTION     W (280)
  HIGHEST GUST SPEED    38   HIGHEST GUST DIRECTION     W (280)
  AVERAGE WIND SPEED    12.2


SKY COVER
  POSSIBLE SUNSHINE  MM
  AVERAGE SKY COVER 0.7


WEATHER CONDITIONS
 THE FOLLOWING WEATHER WAS RECORDED YESTERDAY.
  THUNDERSTORM
  HEAVY RAIN
  RAIN
  LIGHT RAIN
  FOG


RELATIVE HUMIDITY (PERCENT)
 HIGHEST   100           400 AM
 LOWEST     79          1200 AM
 AVERAGE    90

..........................................................


THE TOLEDO OH CLIMATE NORMALS FOR TODAY
                         NORMAL    RECORD    YEAR
 MAXIMUM TEMPERATURE (F)   78        95      2013
                                             1931
 MINIMUM TEMPERATURE (F)   55        35      1967


SUNRISE AND SUNSET
SEPTEMBER 11 2016.....SUNRISE   712 AM EDT   SUNSET   751 PM EDT
SEPTEMBER 12 2016.....SUNRISE   713 AM EDT   SUNSET   749 PM EDT


-  INDICATES NEGATIVE NUMBERS.
R  INDICATES RECORD WAS SET OR TIED.
MM INDICATES DATA IS MISSING.
T  INDICATES TRACE AMOUNT.




$$
