000
CDUS41 KCLE 292114
CLITOL


CLIMATE REPORT
NATIONAL WEATHER SERVICE CLEVELAND OH
513 PM EDT FRI SEP 29 2017


...................................

...THE TOLEDO OH CLIMATE SUMMARY FOR SEPTEMBER 29 2017...
VALID TODAY AS OF 0500 PM LOCAL TIME.

CLIMATE NORMAL PERIOD 1981 TO 2010
CLIMATE RECORD PERIOD 1873 TO 2017


WEATHER ITEM   OBSERVED TIME   RECORD YEAR NORMAL DEPARTURE LAST
                VALUE   (LST)  VALUE       VALUE  FROM      YEAR
                                                  NORMAL
..................................................................
TEMPERATURE (F)
 TODAY
  MAXIMUM         73    104 PM  95    1953  70      3       68
  MINIMUM         51    339 AM  29    1961  47      4       54
                                      1942
  AVERAGE         62                        58      4       61

PRECIPITATION (IN)
  TODAY            T                         0.09  -0.09     0.76
  MONTH TO DATE    2.64                      2.69  -0.05     3.60
  SINCE SEP 1      2.64                      2.69  -0.05     3.60
  SINCE JAN 1     29.44                     26.01   3.43    26.91

SNOWFALL (IN)
  TODAY            0.0                       0.0    0.0      0.0
  MONTH TO DATE    0.0                       0.0    0.0      0.0
  SINCE SEP 1      0.0                       0.0    0.0      0.0
  SINCE JUL 1      0.0                       0.0    0.0      0.0
  SNOW DEPTH       0

DEGREE DAYS
 HEATING
  TODAY            3                         8     -5        4
  MONTH TO DATE   69                       102    -33       35
  SINCE SEP 1     69                       102    -33       35
  SINCE JUL 1     83                       116    -33       36

 COOLING
  TODAY            0                         1     -1        0
  MONTH TO DATE  122                        80     42      119
  SINCE SEP 1    122                        80     42      119
  SINCE JAN 1    715                       782    -67     1008
..................................................................


WIND (MPH)
  HIGHEST WIND SPEED    22   HIGHEST WIND DIRECTION    NW (310)
  HIGHEST GUST SPEED    29   HIGHEST GUST DIRECTION    NW (320)


SKY COVER
  POSSIBLE SUNSHINE  MM
  AVERAGE SKY COVER 0.4


WEATHER CONDITIONS
 THE FOLLOWING WEATHER WAS RECORDED TODAY.
  NO SIGNIFICANT WEATHER WAS OBSERVED.


RELATIVE HUMIDITY (PERCENT)
 HIGHEST    89          1200 AM
 LOWEST     35           200 PM
 AVERAGE    62

..........................................................


THE TOLEDO OH CLIMATE NORMALS FOR TOMORROW
                         NORMAL    RECORD    YEAR
 MAXIMUM TEMPERATURE (F)   69        85      2002
                                             1897
                                             1877
 MINIMUM TEMPERATURE (F)   47        30      1899


SUNRISE AND SUNSET
SEPTEMBER 29 2017.....SUNRISE   730 AM EDT   SUNSET   720 PM EDT
SEPTEMBER 30 2017.....SUNRISE   731 AM EDT   SUNSET   718 PM EDT


-  INDICATES NEGATIVE NUMBERS.
R  INDICATES RECORD WAS SET OR TIED.
MM INDICATES DATA IS MISSING.
T  INDICATES TRACE AMOUNT.




$$
