000
CDUS41 KCLE 142217
CLITOL


CLIMATE REPORT
NATIONAL WEATHER SERVICE CLEVELAND OH
517 PM EST FRI NOV 14 2014


...................................

...THE TOLEDO OH CLIMATE SUMMARY FOR NOVEMBER 14 2014...
VALID TODAY AS OF 0500 PM LOCAL TIME.

CLIMATE NORMAL PERIOD 1981 TO 2010
CLIMATE RECORD PERIOD 1873 TO 2014


WEATHER ITEM   OBSERVED TIME   RECORD YEAR NORMAL DEPARTURE LAST
                VALUE   (LST)  VALUE       VALUE  FROM      YEAR
                                                  NORMAL
..................................................................
TEMPERATURE (F)
 TODAY
  MAXIMUM         33    216 PM  72    1909  51    -18       52
  MINIMUM         19    620 AM  11    1986  34    -15       30
  AVERAGE         26                        42    -16       41

PRECIPITATION (IN)
  TODAY            T                         0.10  -0.10     0.00
  MONTH TO DATE    0.34                      1.28  -0.94     0.46
  SINCE SEP 1      7.93                      6.66   1.27     6.07
  SINCE JAN 1     29.12                     29.98  -0.86    32.86

SNOWFALL (IN)
  TODAY            T                         0.1   -0.1      0.0
  MONTH TO DATE    T                         0.5   -0.5      0.5
  SINCE SEP 1      T                         0.7   -0.7      0.5
  SINCE JUL 1      T                         0.7   -0.7      0.5
  SNOW DEPTH       0

DEGREE DAYS
 HEATING
  TODAY           39                        23     16       24
  MONTH TO DATE  341                       284     57      325
  SINCE SEP 1    878                       796     82      833
  SINCE JUL 1    892                       810     82      862

 COOLING
  TODAY            0                         0      0        0
  MONTH TO DATE    0                         0      0        0
  SINCE SEP 1     56                        91    -35      111
  SINCE JAN 1    654                       793   -139      793
..................................................................


WIND (MPH)
  HIGHEST WIND SPEED    16   HIGHEST WIND DIRECTION     W (260)
  HIGHEST GUST SPEED    22   HIGHEST GUST DIRECTION     W (280)


SKY COVER
  POSSIBLE SUNSHINE  MM
  AVERAGE SKY COVER 0.4


WEATHER CONDITIONS
 THE FOLLOWING WEATHER WAS RECORDED TODAY.
  LIGHT SNOW
  FOG


RELATIVE HUMIDITY (PERCENT)
 HIGHEST    92           100 AM
 LOWEST     56           100 PM
 AVERAGE    74

..........................................................


THE TOLEDO OH CLIMATE NORMALS FOR TOMORROW
                         NORMAL    RECORD    YEAR
 MAXIMUM TEMPERATURE (F)   50        70      1990
                                             1928
 MINIMUM TEMPERATURE (F)   34        10      1967


SUNRISE AND SUNSET
NOVEMBER 14 2014......SUNRISE   723 AM EST   SUNSET   516 PM EST
NOVEMBER 15 2014......SUNRISE   724 AM EST   SUNSET   515 PM EST


-  INDICATES NEGATIVE NUMBERS.
R  INDICATES RECORD WAS SET OR TIED.
MM INDICATES DATA IS MISSING.
T  INDICATES TRACE AMOUNT.




$$
