000
CDUS41 KCLE 082115
CLITOL


CLIMATE REPORT
NATIONAL WEATHER SERVICE CLEVELAND OH
513 PM EDT SAT APR 8 2017


...................................

...THE TOLEDO OH CLIMATE SUMMARY FOR APRIL 8 2017...
VALID TODAY AS OF 0500 PM LOCAL TIME.

CLIMATE NORMAL PERIOD 1981 TO 2010
CLIMATE RECORD PERIOD 1873 TO 2017


WEATHER ITEM   OBSERVED TIME   RECORD YEAR NORMAL DEPARTURE LAST
                VALUE   (LST)  VALUE       VALUE  FROM      YEAR
                                                  NORMAL
..................................................................
TEMPERATURE (F)
 TODAY
  MAXIMUM         60    339 PM  79    2001  57      3       42
  MINIMUM         29    635 AM  10    1982  36     -7       28
  AVERAGE         45                        47     -2       35

PRECIPITATION (IN)
  TODAY            0.00                      0.11  -0.11     0.51
  MONTH TO DATE    0.92                      0.82   0.10     1.20
  SINCE MAR 1      4.56                      3.30   1.26     6.30
  SINCE JAN 1     10.33                      7.42   2.91     9.52

SNOWFALL (IN)
  TODAY            0.0                       0.0    0.0      3.8
  MONTH TO DATE    0.7                       0.6    0.1      4.5
  SINCE MAR 1      5.4                       6.3   -0.9      7.2
  SINCE JUL 1     22.4                      36.8  -14.4     22.2
  SNOW DEPTH       0

DEGREE DAYS
 HEATING
  TODAY           20                        19      1       30
  MONTH TO DATE  154                       159     -5      209
  SINCE MAR 1   1026                      1009     17      883
  SINCE JUL 1   4871                      5585   -714     4781

 COOLING
  TODAY            0                         0      0        0
  MONTH TO DATE    0                         0      0        0
  SINCE MAR 1      0                         0      0        0
  SINCE JAN 1      0                         0      0        0
..................................................................


WIND (MPH)
  HIGHEST WIND SPEED    17   HIGHEST WIND DIRECTION    SW (230)
  HIGHEST GUST SPEED    24   HIGHEST GUST DIRECTION    SW (240)


SKY COVER
  POSSIBLE SUNSHINE  MM
  AVERAGE SKY COVER 0.0


WEATHER CONDITIONS
 THE FOLLOWING WEATHER WAS RECORDED TODAY.
  HAZE


RELATIVE HUMIDITY (PERCENT)
 HIGHEST    85           500 AM
 LOWEST     24           200 PM
 AVERAGE    55

..........................................................


THE TOLEDO OH CLIMATE NORMALS FOR TOMORROW
                         NORMAL    RECORD    YEAR
 MAXIMUM TEMPERATURE (F)   58        80      1967
 MINIMUM TEMPERATURE (F)   37        15      1972
                                             1957


SUNRISE AND SUNSET
APRIL  8 2017.........SUNRISE   706 AM EDT   SUNSET   808 PM EDT
APRIL  9 2017.........SUNRISE   705 AM EDT   SUNSET   810 PM EDT


-  INDICATES NEGATIVE NUMBERS.
R  INDICATES RECORD WAS SET OR TIED.
MM INDICATES DATA IS MISSING.
T  INDICATES TRACE AMOUNT.




$$
