000
CDUS41 KCLE 290536
CLITOL


CLIMATE REPORT
NATIONAL WEATHER SERVICE CLEVELAND OH
134 AM EDT FRI AUG 29 2014


...................................

...THE TOLEDO OH CLIMATE SUMMARY FOR AUGUST 28 2014...

CLIMATE NORMAL PERIOD 1981 TO 2010
CLIMATE RECORD PERIOD 1873 TO 2014


WEATHER ITEM   OBSERVED TIME   RECORD YEAR NORMAL DEPARTURE LAST
                VALUE   (LST)  VALUE       VALUE  FROM      YEAR
                                                  NORMAL
..................................................................
TEMPERATURE (F)
 YESTERDAY
  MAXIMUM         77    333 PM  96    1973  81     -4       86
  MINIMUM         58   1159 PM  41    1982  59     -1       71
  AVERAGE         68                        70     -2       79

PRECIPITATION (IN)
  YESTERDAY        0.00                      0.10  -0.10     0.41
  MONTH TO DATE    2.53                      2.86  -0.33     2.00
  SINCE JUN 1      7.34                      9.66  -2.32    12.29
  SINCE JAN 1     21.19                     23.03  -1.84    26.79

SNOWFALL (IN)
  YESTERDAY        0.0                       0.0    0.0      0.0
  MONTH TO DATE    0.0                       0.0    0.0      0.0
  SINCE JUN 1      0.0                       0.0    0.0      0.0
  SINCE JUL 1      0.0                       0.0    0.0      0.0
  SNOW DEPTH       0

DEGREE DAYS
 HEATING
  YESTERDAY        0                         1     -1        0
  MONTH TO DATE    5                         4      1       16
  SINCE JUN 1     30                        42    -12       60
  SINCE JUL 1     14                         7      7       29

 COOLING
  YESTERDAY        3                         6     -3       14
  MONTH TO DATE  177                       199    -22      149
  SINCE JUN 1    505                       634   -129      556
  SINCE JAN 1    567                       687   -120      650
..................................................................


WIND (MPH)
  HIGHEST WIND SPEED    10   HIGHEST WIND DIRECTION     N (10)
  HIGHEST GUST SPEED    13   HIGHEST GUST DIRECTION     N (20)
  AVERAGE WIND SPEED     4.3


SKY COVER
  POSSIBLE SUNSHINE  MM
  AVERAGE SKY COVER 0.4


WEATHER CONDITIONS
 THE FOLLOWING WEATHER WAS RECORDED YESTERDAY.
  NO SIGNIFICANT WEATHER WAS OBSERVED.


RELATIVE HUMIDITY (PERCENT)
 HIGHEST    97           200 AM
 LOWEST     50           400 PM
 AVERAGE    74

..........................................................


THE TOLEDO OH CLIMATE NORMALS FOR TODAY
                         NORMAL    RECORD    YEAR
 MAXIMUM TEMPERATURE (F)   81        96      1953
 MINIMUM TEMPERATURE (F)   59        34      1982


SUNRISE AND SUNSET
AUGUST 29 2014........SUNRISE   658 AM EDT   SUNSET   813 PM EDT
AUGUST 30 2014........SUNRISE   659 AM EDT   SUNSET   812 PM EDT


-  INDICATES NEGATIVE NUMBERS.
R  INDICATES RECORD WAS SET OR TIED.
MM INDICATES DATA IS MISSING.
T  INDICATES TRACE AMOUNT.




$$
