000
CDUS41 KCLE 040541
CLITOL


CLIMATE REPORT
NATIONAL WEATHER SERVICE CLEVELAND OH
140 AM EDT FRI APR 4 2014


...................................

...THE TOLEDO OH CLIMATE SUMMARY FOR APRIL 3 2014...

CLIMATE NORMAL PERIOD 1981 TO 2010
CLIMATE RECORD PERIOD 1873 TO 2014


WEATHER ITEM   OBSERVED TIME   RECORD YEAR NORMAL DEPARTURE LAST
                VALUE   (LST)  VALUE       VALUE  FROM      YEAR
                                                  NORMAL
..................................................................
TEMPERATURE (F)
 YESTERDAY
  MAXIMUM         42   1245 AM  79    2007  55    -13       44
  MINIMUM         32   1223 PM  15    1879  34     -2       21
  AVERAGE         37                        45     -8       33

PRECIPITATION (IN)
  YESTERDAY        1.15                      0.10   1.05     0.00
  MONTH TO DATE    1.16                      0.30   0.86      T
  SINCE MAR 1      2.55                      2.78  -0.23     0.73
  SINCE JAN 1      9.73                      6.90   2.83     7.17

SNOWFALL (IN)
  YESTERDAY        0.0                       0.1   -0.1      0.0
  MONTH TO DATE    0.0                       0.3   -0.3       T
  SINCE MAR 1     11.8                       6.0    5.8      1.4
  SINCE JUL 1     85.3                      36.5   48.8     22.1
  SNOW DEPTH       0

DEGREE DAYS
 HEATING
  YESTERDAY       28                        20      8       32
  MONTH TO DATE   61                        62     -1       96
  SINCE MAR 1   1179                       912    267     1067
  SINCE JUL 1   6505                      5488   1017     5523

 COOLING
  YESTERDAY        0                         0      0        0
  MONTH TO DATE    0                         0      0        0
  SINCE MAR 1      0                         0      0        0
  SINCE JAN 1      0                         0      0        0
..................................................................


WIND (MPH)
  HIGHEST WIND SPEED    28   HIGHEST WIND DIRECTION     E (70)
  HIGHEST GUST SPEED    37   HIGHEST GUST DIRECTION    NE (60)
  AVERAGE WIND SPEED    17.1


SKY COVER
  POSSIBLE SUNSHINE  MM
  AVERAGE SKY COVER 1.0


WEATHER CONDITIONS
 THE FOLLOWING WEATHER WAS RECORDED YESTERDAY.
  HEAVY RAIN
  RAIN
  LIGHT RAIN
  FOG


RELATIVE HUMIDITY (PERCENT)
 HIGHEST   100           300 PM
 LOWEST     54           400 AM
 AVERAGE    77

..........................................................


THE TOLEDO OH CLIMATE NORMALS FOR TODAY
                         NORMAL    RECORD    YEAR
 MAXIMUM TEMPERATURE (F)   55        78      1882
 MINIMUM TEMPERATURE (F)   35        14      1971
                                             1874


SUNRISE AND SUNSET
APRIL  4 2014.........SUNRISE   713 AM EDT   SUNSET   804 PM EDT
APRIL  5 2014.........SUNRISE   712 AM EDT   SUNSET   805 PM EDT


-  INDICATES NEGATIVE NUMBERS.
R  INDICATES RECORD WAS SET OR TIED.
MM INDICATES DATA IS MISSING.
T  INDICATES TRACE AMOUNT.




$$
