000
CDUS41 KCLE 072211
CLITOL


CLIMATE REPORT
NATIONAL WEATHER SERVICE CLEVELAND OH
510 PM EST SUN DEC 7 2014


...................................

...THE TOLEDO OH CLIMATE SUMMARY FOR DECEMBER 7 2014...
VALID TODAY AS OF 0500 PM LOCAL TIME.

CLIMATE NORMAL PERIOD 1981 TO 2010
CLIMATE RECORD PERIOD 1873 TO 2014


WEATHER ITEM   OBSERVED TIME   RECORD YEAR NORMAL DEPARTURE LAST
                VALUE   (LST)  VALUE       VALUE  FROM      YEAR
                                                  NORMAL
..................................................................
TEMPERATURE (F)
 TODAY
  MAXIMUM         36    205 PM  62    1951  39     -3       27
                                      1892
  MINIMUM         21    751 AM  -2    1885  26     -5       13
  AVERAGE         29                        32     -3       20

PRECIPITATION (IN)
  TODAY            0.00                      0.09  -0.09      T
  MONTH TO DATE    0.05                      0.64  -0.59      T
  SINCE DEC 1      0.05                      0.64  -0.59      T
  SINCE JAN 1     30.66                     32.20  -1.54    33.76

SNOWFALL (IN)
  TODAY            0.0                       0.2   -0.2       T
  MONTH TO DATE    T                         1.2   -1.2       T
  SINCE DEC 1      T                         1.2   -1.2       T
  SINCE JUL 1      2.8                       3.3   -0.5      0.5
  SNOW DEPTH       0

DEGREE DAYS
 HEATING
  TODAY           36                        33      3       45
  MONTH TO DATE  239                       221     18      204
  SINCE DEC 1    239                       221     18      204
  SINCE JUL 1   1677                      1454    223     1552

 COOLING
  TODAY            0                         0      0        0
  MONTH TO DATE    0                         0      0        0
  SINCE DEC 1      0                         0      0        0
  SINCE JAN 1    654                       793   -139      793
..................................................................


WIND (MPH)
  HIGHEST WIND SPEED    16   HIGHEST WIND DIRECTION     E (70)
  HIGHEST GUST SPEED    20   HIGHEST GUST DIRECTION     E (70)


SKY COVER
  POSSIBLE SUNSHINE  MM
  AVERAGE SKY COVER 0.1


WEATHER CONDITIONS
 THE FOLLOWING WEATHER WAS RECORDED TODAY.
  NO SIGNIFICANT WEATHER WAS OBSERVED.


RELATIVE HUMIDITY (PERCENT)
 HIGHEST    81           700 AM
 LOWEST     63          1200 AM
 AVERAGE    72

..........................................................


THE TOLEDO OH CLIMATE NORMALS FOR TOMORROW
                         NORMAL    RECORD    YEAR
 MAXIMUM TEMPERATURE (F)   39        65      1966
 MINIMUM TEMPERATURE (F)   25        -7      1977


SUNRISE AND SUNSET
DECEMBER  7 2014......SUNRISE   748 AM EST   SUNSET   505 PM EST
DECEMBER  8 2014......SUNRISE   749 AM EST   SUNSET   505 PM EST


-  INDICATES NEGATIVE NUMBERS.
R  INDICATES RECORD WAS SET OR TIED.
MM INDICATES DATA IS MISSING.
T  INDICATES TRACE AMOUNT.




$$
