000
CDUS41 KCLE 150531
CLITOL


CLIMATE REPORT
NATIONAL WEATHER SERVICE CLEVELAND OH
130 AM EDT WED MAR 15 2017


...................................

...THE TOLEDO OH CLIMATE SUMMARY FOR MARCH 14 2017...

CLIMATE NORMAL PERIOD 1981 TO 2010
CLIMATE RECORD PERIOD 1873 TO 2017


WEATHER ITEM   OBSERVED TIME   RECORD YEAR NORMAL DEPARTURE LAST
                VALUE   (LST)  VALUE       VALUE  FROM      YEAR
                                                  NORMAL
..................................................................
TEMPERATURE (F)
 YESTERDAY
  MAXIMUM         24    153 PM  79    1990  46    -22       64
  MINIMUM         13   1159 PM   4    1895  28    -15       42
  AVERAGE         19                        37    -18       53

PRECIPITATION (IN)
  YESTERDAY        0.03                      0.08  -0.05     0.01
  MONTH TO DATE    0.80                      1.05  -0.25     1.63
  SINCE MAR 1      0.80                      1.05  -0.25     1.63
  SINCE JAN 1      6.57                      5.17   1.40     4.85

SNOWFALL (IN)
  YESTERDAY        0.6                       0.1    0.5      0.0
  MONTH TO DATE    2.6                       3.2   -0.6      2.7
  SINCE MAR 1      2.6                       3.2   -0.6      2.7
  SINCE JUL 1     19.6                      33.7  -14.1     17.7
  SNOW DEPTH       2

DEGREE DAYS
 HEATING
  YESTERDAY       46                        28     18       12
  MONTH TO DATE  445                       429     16      330
  SINCE MAR 1    445                       429     16      330
  SINCE JUL 1   4290                      5005   -715     4228

 COOLING
  YESTERDAY        0                         0      0        0
  MONTH TO DATE    0                         0      0        0
  SINCE MAR 1      0                         0      0        0
  SINCE JAN 1      0                         0      0        0
..................................................................


WIND (MPH)
  HIGHEST WIND SPEED    25   HIGHEST WIND DIRECTION    NW (330)
  HIGHEST GUST SPEED    33   HIGHEST GUST DIRECTION     N (350)
  AVERAGE WIND SPEED    12.4


SKY COVER
  POSSIBLE SUNSHINE  MM
  AVERAGE SKY COVER 0.3


WEATHER CONDITIONS
 THE FOLLOWING WEATHER WAS RECORDED YESTERDAY.
  LIGHT SNOW
  FOG


RELATIVE HUMIDITY (PERCENT)
 HIGHEST    92           400 AM
 LOWEST     41           300 PM
 AVERAGE    67

..........................................................


THE TOLEDO OH CLIMATE NORMALS FOR TODAY
                         NORMAL    RECORD    YEAR
 MAXIMUM TEMPERATURE (F)   46        78      2012
                                             1990
 MINIMUM TEMPERATURE (F)   28         3      1993


SUNRISE AND SUNSET
MARCH 15 2017.........SUNRISE   747 AM EDT   SUNSET   742 PM EDT
MARCH 16 2017.........SUNRISE   745 AM EDT   SUNSET   743 PM EDT


-  INDICATES NEGATIVE NUMBERS.
R  INDICATES RECORD WAS SET OR TIED.
MM INDICATES DATA IS MISSING.
T  INDICATES TRACE AMOUNT.




$$
