000
CDUS41 KCLE 060754
CLITOL


CLIMATE REPORT
NATIONAL WEATHER SERVICE CLEVELAND OH
344 AM EDT THU APR 6 2017


...................................

...THE TOLEDO OH CLIMATE SUMMARY FOR APRIL 5 2017...

CLIMATE NORMAL PERIOD 1981 TO 2010
CLIMATE RECORD PERIOD 1873 TO 2017


WEATHER ITEM   OBSERVED TIME   RECORD YEAR NORMAL DEPARTURE LAST
                VALUE   (LST)  VALUE       VALUE  FROM      YEAR
                                                  NORMAL
..................................................................
TEMPERATURE (F)
 YESTERDAY
  MAXIMUM         52   1209 PM  82    1988  56     -4       40
  MINIMUM         39    550 AM  12    1995  35      4       20
  AVERAGE         46                        45      1       30

PRECIPITATION (IN)
  YESTERDAY        0.35                      0.10   0.25     0.00
  MONTH TO DATE    0.58                      0.50   0.08     0.15
  SINCE MAR 1      4.22                      2.98   1.24     5.25
  SINCE JAN 1      9.99                      7.10   2.89     8.47

SNOWFALL (IN)
  YESTERDAY        0.0                       0.0    0.0      0.0
  MONTH TO DATE    0.0                       0.4   -0.4      0.7
  SINCE MAR 1      4.7                       6.1   -1.4      3.4
  SINCE JUL 1     21.7                      36.6  -14.9     18.4
  SNOW DEPTH       0

DEGREE DAYS
 HEATING
  YESTERDAY       19                        20     -1       35
  MONTH TO DATE   84                       102    -18      133
  SINCE MAR 1    956                       952      4      807
  SINCE JUL 1   4801                      5528   -727     4705

 COOLING
  YESTERDAY        0                         0      0        0
  MONTH TO DATE    0                         0      0        0
  SINCE MAR 1      0                         0      0        0
  SINCE JAN 1      0                         0      0        0
..................................................................


WIND (MPH)
  HIGHEST WIND SPEED    32   HIGHEST WIND DIRECTION    NE (50)
  HIGHEST GUST SPEED    42   HIGHEST GUST DIRECTION    NE (60)
  AVERAGE WIND SPEED    15.8


SKY COVER
  POSSIBLE SUNSHINE  MM
  AVERAGE SKY COVER 0.8


WEATHER CONDITIONS
 THE FOLLOWING WEATHER WAS RECORDED YESTERDAY.
  THUNDERSTORM
  RAIN
  LIGHT RAIN
  FOG


RELATIVE HUMIDITY (PERCENT)
 HIGHEST   100           800 PM
 LOWEST     71          1100 AM
 AVERAGE    86

..........................................................


THE TOLEDO OH CLIMATE NORMALS FOR TODAY
                         NORMAL    RECORD    YEAR
 MAXIMUM TEMPERATURE (F)   56        83      2010
                                             1929
 MINIMUM TEMPERATURE (F)   35        16      1982


SUNRISE AND SUNSET
APRIL  6 2017.........SUNRISE   709 AM EDT   SUNSET   806 PM EDT
APRIL  7 2017.........SUNRISE   708 AM EDT   SUNSET   807 PM EDT


-  INDICATES NEGATIVE NUMBERS.
R  INDICATES RECORD WAS SET OR TIED.
MM INDICATES DATA IS MISSING.
T  INDICATES TRACE AMOUNT.




$$
