000
CDUS41 KCLE 010545
CLITOL


CLIMATE REPORT
NATIONAL WEATHER SERVICE CLEVELAND OH
145 AM EDT SUN OCT 1 2017


...................................

...THE TOLEDO OH CLIMATE SUMMARY FOR SEPTEMBER 30 2017...

CLIMATE NORMAL PERIOD 1981 TO 2010
CLIMATE RECORD PERIOD 1873 TO 2017


WEATHER ITEM   OBSERVED TIME   RECORD YEAR NORMAL DEPARTURE LAST
                VALUE   (LST)  VALUE       VALUE  FROM      YEAR
                                                  NORMAL
..................................................................
TEMPERATURE (F)
 YESTERDAY
  MAXIMUM         65    415 PM  85    2002  69     -4       65
                                      1897
                                      1877
  MINIMUM         44   1159 PM  30    1899  47     -3       59
  AVERAGE         55                        58     -3       62

PRECIPITATION (IN)
  YESTERDAY        0.00                      0.09  -0.09     0.37
  MONTH TO DATE    2.64                      2.78  -0.14     3.97
  SINCE SEP 1      2.64                      2.78  -0.14     3.97
  SINCE JAN 1     29.44                     26.10   3.34    27.28

SNOWFALL (IN)
  YESTERDAY        0.0                       0.0    0.0      0.0
  MONTH TO DATE    0.0                       0.0    0.0      0.0
  SINCE SEP 1      0.0                       0.0    0.0      0.0
  SINCE JUL 1      0.0                       0.0    0.0      0.0
  SNOW DEPTH       0

DEGREE DAYS
 HEATING
  YESTERDAY       10                         8      2        3
  MONTH TO DATE   79                       110    -31       38
  SINCE SEP 1     79                       110    -31       38
  SINCE JUL 1     93                       124    -31       39

 COOLING
  YESTERDAY        0                         1     -1        0
  MONTH TO DATE  122                        82     40      119
  SINCE SEP 1    122                        82     40      119
  SINCE JAN 1    715                       784    -69     1008
..................................................................


WIND (MPH)
  HIGHEST WIND SPEED    13   HIGHEST WIND DIRECTION     E (80)
  HIGHEST GUST SPEED    16   HIGHEST GUST DIRECTION     E (90)
  AVERAGE WIND SPEED     5.4


SKY COVER
  POSSIBLE SUNSHINE  MM
  AVERAGE SKY COVER 0.0


WEATHER CONDITIONS
 THE FOLLOWING WEATHER WAS RECORDED YESTERDAY.
  NO SIGNIFICANT WEATHER WAS OBSERVED.


RELATIVE HUMIDITY (PERCENT)
 HIGHEST    93           400 AM
 LOWEST     48           300 PM
 AVERAGE    71

..........................................................


THE TOLEDO OH CLIMATE NORMALS FOR TODAY
                         NORMAL    RECORD    YEAR
 MAXIMUM TEMPERATURE (F)   69        90      1897
 MINIMUM TEMPERATURE (F)   46        29      1899


SUNRISE AND SUNSET
OCTOBER  1 2017.......SUNRISE   732 AM EDT   SUNSET   716 PM EDT
OCTOBER  2 2017.......SUNRISE   733 AM EDT   SUNSET   715 PM EDT


-  INDICATES NEGATIVE NUMBERS.
R  INDICATES RECORD WAS SET OR TIED.
MM INDICATES DATA IS MISSING.
T  INDICATES TRACE AMOUNT.




$$
