000
CDUS41 KCLE 122115
CLITOL


CLIMATE REPORT
NATIONAL WEATHER SERVICE CLEVELAND OH
513 PM EDT FRI AUG 12 2016


...................................

...THE TOLEDO OH CLIMATE SUMMARY FOR AUGUST 12 2016...
VALID TODAY AS OF 0500 PM LOCAL TIME.

CLIMATE NORMAL PERIOD 1981 TO 2010
CLIMATE RECORD PERIOD 1873 TO 2016


WEATHER ITEM   OBSERVED TIME   RECORD YEAR NORMAL DEPARTURE LAST
                VALUE   (LST)  VALUE       VALUE  FROM      YEAR
                                                  NORMAL
..................................................................
TEMPERATURE (F)
 TODAY
  MAXIMUM         92    137 PM  97    1881  83      9       77
  MINIMUM         75    309 PM  45    1986  62     13       56
                                      1967
  AVERAGE         84                        72     12       67

PRECIPITATION (IN)
  TODAY            0.68                      0.10   0.58     0.00
  MONTH TO DATE    0.82                      1.27  -0.45     1.82
  SINCE JUN 1      5.48                      8.07  -2.59    15.20
  SINCE JAN 1     19.24                     21.44  -2.20    27.10

SNOWFALL (IN)
  TODAY            0.0                       0.0    0.0      0.0
  MONTH TO DATE    0.0                       0.0    0.0      0.0
  SINCE JUN 1      0.0                       0.0    0.0      0.0
  SINCE JUL 1      0.0                       0.0    0.0      0.0
  SNOW DEPTH       0

DEGREE DAYS
 HEATING
  TODAY            0                         0      0        0
  MONTH TO DATE    0                         0      0        0
  SINCE JUN 1     14                        38    -24       37
  SINCE JUL 1      1                         3     -2        2

 COOLING
  TODAY           19                         7     12        2
  MONTH TO DATE  152                        93     59       72
  SINCE JUN 1    651                       528    123      390
  SINCE JAN 1    720                       581    139      483
..................................................................


WIND (MPH)
  HIGHEST WIND SPEED    25   HIGHEST WIND DIRECTION     W (290)
  HIGHEST GUST SPEED    30   HIGHEST GUST DIRECTION     W (290)


SKY COVER
  POSSIBLE SUNSHINE  MM
  AVERAGE SKY COVER 0.4


WEATHER CONDITIONS
 THE FOLLOWING WEATHER WAS RECORDED TODAY.
  HEAVY RAIN
  RAIN
  LIGHT RAIN
  FOG
  FOG W/VISIBILITY <= 1/4 MILE


RELATIVE HUMIDITY (PERCENT)
 HIGHEST   100           500 AM
 LOWEST     59          1200 PM
 AVERAGE    80

..........................................................


THE TOLEDO OH CLIMATE NORMALS FOR TOMORROW
                         NORMAL    RECORD    YEAR
 MAXIMUM TEMPERATURE (F)   83        96      1995
                                             1918
 MINIMUM TEMPERATURE (F)   62        45      1961


SUNRISE AND SUNSET
AUGUST 12 2016........SUNRISE   641 AM EDT   SUNSET   838 PM EDT
AUGUST 13 2016........SUNRISE   642 AM EDT   SUNSET   837 PM EDT


-  INDICATES NEGATIVE NUMBERS.
R  INDICATES RECORD WAS SET OR TIED.
MM INDICATES DATA IS MISSING.
T  INDICATES TRACE AMOUNT.




$$
