000
CDUS41 KCLE 180527
CLITOL


CLIMATE REPORT
NATIONAL WEATHER SERVICE CLEVELAND OH
1226 AM EST WED FEB 18 2015


...................................

...THE TOLEDO OH CLIMATE SUMMARY FOR FEBRUARY 17 2015...

CLIMATE NORMAL PERIOD 1981 TO 2010
CLIMATE RECORD PERIOD 1873 TO 2015


WEATHER ITEM   OBSERVED TIME   RECORD YEAR NORMAL DEPARTURE LAST
                VALUE   (LST)  VALUE       VALUE  FROM      YEAR
                                                  NORMAL
..................................................................
TEMPERATURE (F)
 YESTERDAY
  MAXIMUM         20    747 PM  62    1911  36    -16       28
  MINIMUM         -8    617 AM -12    1973  21    -29        3
  AVERAGE          6                        29    -23       16

PRECIPITATION (IN)
  YESTERDAY        0.10                      0.08   0.02     0.31
  MONTH TO DATE    1.37                      1.21   0.16     2.08
  SINCE DEC 1      4.51                      5.94  -1.43     8.44
  SINCE JAN 1      3.42                      3.26   0.16     5.37

SNOWFALL (IN)
  YESTERDAY        2.0                       0.3    1.7      4.1
  MONTH TO DATE   22.4                       6.0   16.4     20.5
  SINCE DEC 1     34.6                      25.0    9.6     71.9
  SINCE JUL 1     37.4                      27.1   10.3     72.4
  SNOW DEPTH       7

DEGREE DAYS
 HEATING
  YESTERDAY       59                        36     23       49
  MONTH TO DATE  834                       646    188      878
  SINCE DEC 1   3189                      2962    227     3539
  SINCE JUL 1   4627                      4195    432     4887

 COOLING
  YESTERDAY        0                         0      0        0
  MONTH TO DATE    0                         0      0        0
  SINCE DEC 1      0                         0      0        0
  SINCE JAN 1      0                         0      0        0
..................................................................


WIND (MPH)
  HIGHEST WIND SPEED    18   HIGHEST WIND DIRECTION    SW (240)
  HIGHEST GUST SPEED    22   HIGHEST GUST DIRECTION     W (250)
  AVERAGE WIND SPEED     6.3


SKY COVER
  POSSIBLE SUNSHINE  MM
  AVERAGE SKY COVER 0.7


WEATHER CONDITIONS
 THE FOLLOWING WEATHER WAS RECORDED YESTERDAY.
  LIGHT SNOW
  FOG
  HAZE


RELATIVE HUMIDITY (PERCENT)
 HIGHEST    90           400 AM
 LOWEST     61          1200 PM
 AVERAGE    76

..........................................................


THE TOLEDO OH CLIMATE NORMALS FOR TODAY
                         NORMAL    RECORD    YEAR
 MAXIMUM TEMPERATURE (F)   37        59      1961
 MINIMUM TEMPERATURE (F)   21        -9      1936


SUNRISE AND SUNSET
FEBRUARY 18 2015......SUNRISE   727 AM EST   SUNSET   612 PM EST
FEBRUARY 19 2015......SUNRISE   725 AM EST   SUNSET   613 PM EST


-  INDICATES NEGATIVE NUMBERS.
R  INDICATES RECORD WAS SET OR TIED.
MM INDICATES DATA IS MISSING.
T  INDICATES TRACE AMOUNT.




$$
