000
CDUS41 KCLE 230525
CLITOL


CLIMATE REPORT
NATIONAL WEATHER SERVICE CLEVELAND OH
1225 AM EST WED NOV 23 2016


...................................

...THE TOLEDO OH CLIMATE SUMMARY FOR NOVEMBER 22 2016...

CLIMATE NORMAL PERIOD 1981 TO 2010
CLIMATE RECORD PERIOD 1873 TO 2016


WEATHER ITEM   OBSERVED TIME   RECORD YEAR NORMAL DEPARTURE LAST
                VALUE   (LST)  VALUE       VALUE  FROM      YEAR
                                                  NORMAL
..................................................................
TEMPERATURE (F)
 YESTERDAY
  MAXIMUM         40    258 PM  72    1913  46     -6       30
  MINIMUM         19    639 AM   5    1880  31    -12       18
  AVERAGE         30                        39     -9       24

PRECIPITATION (IN)
  YESTERDAY        0.00                      0.10  -0.10     0.00
  MONTH TO DATE    0.65                      2.07  -1.42     1.18
  SINCE SEP 1      7.39                      7.45  -0.06     4.63
  SINCE JAN 1     30.70                     30.77  -0.07    32.96

SNOWFALL (IN)
  YESTERDAY        0.0                       0.1   -0.1      0.0
  MONTH TO DATE    T                         1.0   -1.0      3.5
  SINCE SEP 1      T                         1.2   -1.2      3.5
  SINCE JUL 1      T                         1.2   -1.2      3.5
  SNOW DEPTH       0

DEGREE DAYS
 HEATING
  YESTERDAY       35                        26      9       41
  MONTH TO DATE  392                       481    -89      387
  SINCE SEP 1    735                       993   -258      790
  SINCE JUL 1    736                      1007   -271      802

 COOLING
  YESTERDAY        0                         0      0        0
  MONTH TO DATE    4                         0      4        0
  SINCE SEP 1    148                        91     57      138
  SINCE JAN 1   1037                       793    244      719
..................................................................


WIND (MPH)
  HIGHEST WIND SPEED     9   HIGHEST WIND DIRECTION    NE (40)
  HIGHEST GUST SPEED    11   HIGHEST GUST DIRECTION    NE (50)
  AVERAGE WIND SPEED     2.7


SKY COVER
  POSSIBLE SUNSHINE  MM
  AVERAGE SKY COVER 0.0


WEATHER CONDITIONS
 THE FOLLOWING WEATHER WAS RECORDED YESTERDAY.
  NO SIGNIFICANT WEATHER WAS OBSERVED.


RELATIVE HUMIDITY (PERCENT)
 HIGHEST   100           300 AM
 LOWEST     44           300 PM
 AVERAGE    72

..........................................................


THE TOLEDO OH CLIMATE NORMALS FOR TODAY
                         NORMAL    RECORD    YEAR
 MAXIMUM TEMPERATURE (F)   46        71      1999
                                             1931
 MINIMUM TEMPERATURE (F)   31         5      1971


SUNRISE AND SUNSET
NOVEMBER 23 2016......SUNRISE   734 AM EST   SUNSET   509 PM EST
NOVEMBER 24 2016......SUNRISE   735 AM EST   SUNSET   508 PM EST


-  INDICATES NEGATIVE NUMBERS.
R  INDICATES RECORD WAS SET OR TIED.
MM INDICATES DATA IS MISSING.
T  INDICATES TRACE AMOUNT.




$$
