000
CDUS41 KCLE 060526
CLITOL


CLIMATE REPORT
NATIONAL WEATHER SERVICE CLEVELAND OH
125 AM EDT TUE SEP 6 2016


...................................

...THE TOLEDO OH CLIMATE SUMMARY FOR SEPTEMBER 5 2016...

CLIMATE NORMAL PERIOD 1981 TO 2010
CLIMATE RECORD PERIOD 1873 TO 2016


WEATHER ITEM   OBSERVED TIME   RECORD YEAR NORMAL DEPARTURE LAST
                VALUE   (LST)  VALUE       VALUE  FROM      YEAR
                                                  NORMAL
..................................................................
TEMPERATURE (F)
 YESTERDAY
  MAXIMUM         87    346 PM  95    1954  79      8       85
  MINIMUM         53    602 AM  42    1974  57     -4       66
                                      1972
  AVERAGE         70                        68      2       76

PRECIPITATION (IN)
  YESTERDAY        0.00                      0.09  -0.09      T
  MONTH TO DATE    0.00                      0.48  -0.48     0.30
  SINCE SEP 1      0.00                      0.48  -0.48     0.30
  SINCE JAN 1     23.31                     23.80  -0.49    28.63

SNOWFALL (IN)
  YESTERDAY        0.0                       0.0    0.0      0.0
  MONTH TO DATE    0.0                       0.0    0.0      0.0
  SINCE SEP 1      0.0                       0.0    0.0      0.0
  SINCE JUL 1      0.0                       0.0    0.0      0.0
  SNOW DEPTH       0

DEGREE DAYS
 HEATING
  YESTERDAY        0                         1     -1        0
  MONTH TO DATE    0                         5     -5        0
  SINCE SEP 1      0                         5     -5        0
  SINCE JUL 1      1                        19    -18       12

 COOLING
  YESTERDAY        5                         4      1       11
  MONTH TO DATE    8                        24    -16       59
  SINCE SEP 1      8                        24    -16       59
  SINCE JAN 1    897                       726    171      640
..................................................................


WIND (MPH)
  HIGHEST WIND SPEED    12   HIGHEST WIND DIRECTION     S (190)
  HIGHEST GUST SPEED    15   HIGHEST GUST DIRECTION     S (190)
  AVERAGE WIND SPEED     3.1


SKY COVER
  POSSIBLE SUNSHINE  MM
  AVERAGE SKY COVER 0.0


WEATHER CONDITIONS
 THE FOLLOWING WEATHER WAS RECORDED YESTERDAY.
  FOG


RELATIVE HUMIDITY (PERCENT)
 HIGHEST   100           100 AM
 LOWEST     51           100 PM
 AVERAGE    76

..........................................................


THE TOLEDO OH CLIMATE NORMALS FOR TODAY
                         NORMAL    RECORD    YEAR
 MAXIMUM TEMPERATURE (F)   79        95      1990
                                             1881
 MINIMUM TEMPERATURE (F)   57        39      1976


SUNRISE AND SUNSET
SEPTEMBER  6 2016.....SUNRISE   707 AM EDT   SUNSET   759 PM EDT
SEPTEMBER  7 2016.....SUNRISE   708 AM EDT   SUNSET   757 PM EDT


-  INDICATES NEGATIVE NUMBERS.
R  INDICATES RECORD WAS SET OR TIED.
MM INDICATES DATA IS MISSING.
T  INDICATES TRACE AMOUNT.




$$
