000
CDUS41 KCLE 120546
CLITOL


CLIMATE REPORT
NATIONAL WEATHER SERVICE CLEVELAND OH
145 AM EDT TUE MAY 12 2015


...................................

...THE TOLEDO OH CLIMATE SUMMARY FOR MAY 11 2015...

CLIMATE NORMAL PERIOD 1981 TO 2010
CLIMATE RECORD PERIOD 1873 TO 2015


WEATHER ITEM   OBSERVED TIME   RECORD YEAR NORMAL DEPARTURE LAST
                VALUE   (LST)  VALUE       VALUE  FROM      YEAR
                                                  NORMAL
..................................................................
TEMPERATURE (F)
 YESTERDAY
  MAXIMUM         85    141 PM  89    1979  69     16       82
  MINIMUM         63   1250 AM  29    1945  47     16       43
  AVERAGE         74                        58     16       63

PRECIPITATION (IN)
  YESTERDAY        0.35                      0.11   0.24     0.00
  MONTH TO DATE    1.01                      1.20  -0.19     0.33
  SINCE MAR 1      5.04                      6.87  -1.83     5.03
  SINCE JAN 1      8.66                     10.99  -2.33    12.21

SNOWFALL (IN)
  YESTERDAY        0.0                       0.0    0.0      0.0
  MONTH TO DATE    0.0                       0.1   -0.1      0.0
  SINCE MAR 1      5.4                       7.1   -1.7     12.8
  SINCE JUL 1     45.7                      37.6    8.1     86.3
  SNOW DEPTH       0

DEGREE DAYS
 HEATING
  YESTERDAY        0                         8     -8        2
  MONTH TO DATE   26                       100    -74      104
  SINCE MAR 1   1499                      1426     73     1703
  SINCE JUL 1   6755                      6002    753     7029

 COOLING
  YESTERDAY        9                         1      8        0
  MONTH TO DATE   34                         8     26        7
  SINCE MAR 1     34                        16     18        9
  SINCE JAN 1     34                        16     18        9
..................................................................


WIND (MPH)
  HIGHEST WIND SPEED    26   HIGHEST WIND DIRECTION     W (260)
  HIGHEST GUST SPEED    37   HIGHEST GUST DIRECTION     W (260)
  AVERAGE WIND SPEED     8.8


SKY COVER
  POSSIBLE SUNSHINE  MM
  AVERAGE SKY COVER 0.3


WEATHER CONDITIONS
 THE FOLLOWING WEATHER WAS RECORDED YESTERDAY.
  THUNDERSTORM
  HEAVY RAIN
  RAIN
  LIGHT RAIN
  FOG
  FOG W/VISIBILITY <= 1/4 MILE
  HAZE


RELATIVE HUMIDITY (PERCENT)
 HIGHEST   100           200 AM
 LOWEST     46           200 PM
 AVERAGE    73

..........................................................


THE TOLEDO OH CLIMATE NORMALS FOR TODAY
                         NORMAL    RECORD    YEAR
 MAXIMUM TEMPERATURE (F)   70        90      1881
 MINIMUM TEMPERATURE (F)   47        30      2013


SUNRISE AND SUNSET
MAY 12 2015...........SUNRISE   619 AM EDT   SUNSET   845 PM EDT
MAY 13 2015...........SUNRISE   618 AM EDT   SUNSET   846 PM EDT


-  INDICATES NEGATIVE NUMBERS.
R  INDICATES RECORD WAS SET OR TIED.
MM INDICATES DATA IS MISSING.
T  INDICATES TRACE AMOUNT.




$$
