000
CDUS41 KCLE 010529
CLITOL


CLIMATE REPORT
NATIONAL WEATHER SERVICE CLEVELAND OH
1228 AM EST THU FEB 1 2018


...................................

...THE TOLEDO OH CLIMATE SUMMARY FOR JANUARY 31 2018...

CLIMATE NORMAL PERIOD 1981 TO 2010
CLIMATE RECORD PERIOD 1873 TO 2018


WEATHER ITEM   OBSERVED TIME   RECORD YEAR NORMAL DEPARTURE LAST
                VALUE   (LST)  VALUE       VALUE  FROM      YEAR
                                                  NORMAL
..................................................................
TEMPERATURE (F)
 YESTERDAY
  MAXIMUM         45    359 PM  62    1989  33     12       38
  MINIMUM         23   1220 AM  -5    1971  18      5       26
  AVERAGE         34                        26      8       32

PRECIPITATION (IN)
  YESTERDAY        0.00                      0.06  -0.06     0.08
  MONTH TO DATE    1.13                      2.05  -0.92     4.15
  SINCE DEC 1      2.25                      4.73  -2.48     6.63
  SINCE JAN 1      1.13                      2.05  -0.92     4.15

SNOWFALL (IN)
  YESTERDAY        0.0                       0.4   -0.4      0.5
  MONTH TO DATE    6.6                      11.6   -5.0      2.8
  SINCE DEC 1     20.5                      19.0    1.5     16.0
  SINCE JUL 1     20.5                      21.1   -0.6     16.0
  SNOW DEPTH       1

DEGREE DAYS
 HEATING
  YESTERDAY       31                        39     -8       33
  MONTH TO DATE 1236                      1227      9     1032
  SINCE DEC 1   2423                      2316    107     2190
  SINCE JUL 1   3471                      3549    -78     3114

 COOLING
  YESTERDAY        0                         0      0        0
  MONTH TO DATE    0                         0      0        0
  SINCE DEC 1      0                         0      0        0
  SINCE JAN 1      0                         0      0        0
..................................................................


WIND (MPH)
  HIGHEST WIND SPEED    33   HIGHEST WIND DIRECTION     W (250)
  HIGHEST GUST SPEED    43   HIGHEST GUST DIRECTION    SW (240)
  AVERAGE WIND SPEED    14.0


SKY COVER
  POSSIBLE SUNSHINE  MM
  AVERAGE SKY COVER 0.4


WEATHER CONDITIONS
 THE FOLLOWING WEATHER WAS RECORDED YESTERDAY.
  NO SIGNIFICANT WEATHER WAS OBSERVED.


RELATIVE HUMIDITY (PERCENT)
 HIGHEST    81          1200 AM
 LOWEST     49           300 PM
 AVERAGE    65

..........................................................


THE TOLEDO OH CLIMATE NORMALS FOR TODAY
                         NORMAL    RECORD    YEAR
 MAXIMUM TEMPERATURE (F)   33        58      1968
 MINIMUM TEMPERATURE (F)   19        -7      1971


SUNRISE AND SUNSET
FEBRUARY  1 2018......SUNRISE   747 AM EST   SUNSET   551 PM EST
FEBRUARY  2 2018......SUNRISE   746 AM EST   SUNSET   552 PM EST


-  INDICATES NEGATIVE NUMBERS.
R  INDICATES RECORD WAS SET OR TIED.
MM INDICATES DATA IS MISSING.
T  INDICATES TRACE AMOUNT.




$$
