000
CDUS41 KCLE 160545
CLITOL


CLIMATE REPORT
NATIONAL WEATHER SERVICE CLEVELAND OH
145 AM EDT SUN APR 16 2017


...................................

...THE TOLEDO OH CLIMATE SUMMARY FOR APRIL 15 2017...

CLIMATE NORMAL PERIOD 1981 TO 2010
CLIMATE RECORD PERIOD 1873 TO 2017


WEATHER ITEM   OBSERVED TIME   RECORD YEAR NORMAL DEPARTURE LAST
                VALUE   (LST)  VALUE       VALUE  FROM      YEAR
                                                  NORMAL
..................................................................
TEMPERATURE (F)
 YESTERDAY
  MAXIMUM         82    410 PM  85    2002  60     22       65
  MINIMUM         47    559 AM  20    1943  39      8       35
  AVERAGE         65                        49     16       50

PRECIPITATION (IN)
  YESTERDAY        0.03                      0.10  -0.07     0.00
  MONTH TO DATE    1.05                      1.58  -0.53     1.80
  SINCE MAR 1      4.69                      4.06   0.63     6.90
  SINCE JAN 1     10.46                      8.18   2.28    10.12

SNOWFALL (IN)
  YESTERDAY       MM                         0.1   MM        0.0
  MONTH TO DATE    0.7                       1.0   -0.3      8.7
  SINCE MAR 1      5.4                       6.7   -1.3     11.4
  SINCE JUL 1     22.4                      37.2  -14.8     26.4
  SNOW DEPTH       0

DEGREE DAYS
 HEATING
  YESTERDAY        0                        16    -16       15
  MONTH TO DATE  212                       278    -66      381
  SINCE MAR 1   1084                      1128    -44     1055
  SINCE JUL 1   4929                      5704   -775     4953

 COOLING
  YESTERDAY        0                         0      0        0
  MONTH TO DATE    2                         0      2        0
  SINCE MAR 1      2                         0      2        0
  SINCE JAN 1      2                         0      2        0
..................................................................


WIND (MPH)
  HIGHEST WIND SPEED    32   HIGHEST WIND DIRECTION    SW (240)
  HIGHEST GUST SPEED    40   HIGHEST GUST DIRECTION    SW (230)
  AVERAGE WIND SPEED    13.0


SKY COVER
  POSSIBLE SUNSHINE  MM
  AVERAGE SKY COVER 0.3


WEATHER CONDITIONS
 THE FOLLOWING WEATHER WAS RECORDED YESTERDAY.
  LIGHT RAIN


RELATIVE HUMIDITY (PERCENT)
 HIGHEST    93           700 AM
 LOWEST     33           500 PM
 AVERAGE    63

..........................................................


THE TOLEDO OH CLIMATE NORMALS FOR TODAY
                         NORMAL    RECORD    YEAR
 MAXIMUM TEMPERATURE (F)   60        88      2002
 MINIMUM TEMPERATURE (F)   39        19      2014


SUNRISE AND SUNSET
APRIL 16 2017.........SUNRISE   653 AM EDT   SUNSET   817 PM EDT
APRIL 17 2017.........SUNRISE   652 AM EDT   SUNSET   818 PM EDT


-  INDICATES NEGATIVE NUMBERS.
R  INDICATES RECORD WAS SET OR TIED.
MM INDICATES DATA IS MISSING.
T  INDICATES TRACE AMOUNT.




$$
