000
CDUS41 KCLE 300542
CLITOL


CLIMATE REPORT
NATIONAL WEATHER SERVICE CLEVELAND OH
1241 AM EST MON JAN 30 2017


...................................

...THE TOLEDO OH CLIMATE SUMMARY FOR JANUARY 29 2017...

CLIMATE NORMAL PERIOD 1981 TO 2010
CLIMATE RECORD PERIOD 1873 TO 2017


WEATHER ITEM   OBSERVED TIME   RECORD YEAR NORMAL DEPARTURE LAST
                VALUE   (LST)  VALUE       VALUE  FROM      YEAR
                                                  NORMAL
..................................................................
TEMPERATURE (F)
 YESTERDAY
  MAXIMUM         30    256 PM  62    1914  33     -3       32
  MINIMUM         25   1159 PM  -9    1963  18      7       22
                                      1885
  AVERAGE         28                        26      2       27

PRECIPITATION (IN)
  YESTERDAY        0.04                      0.07  -0.03     0.00
  MONTH TO DATE    4.06                      1.93   2.13     1.42
  SINCE DEC 1      6.54                      4.61   1.93     4.40
  SINCE JAN 1      4.06                      1.93   2.13     1.42

SNOWFALL (IN)
  YESTERDAY        0.7                       0.4    0.3      0.0
  MONTH TO DATE    2.1                      10.8   -8.7      5.9
  SINCE DEC 1     15.3                      18.2   -2.9      5.9
  SINCE JUL 1     15.3                      20.3   -5.0      9.4
  SNOW DEPTH       0

DEGREE DAYS
 HEATING
  YESTERDAY       37                        39     -2       38
  MONTH TO DATE  958                      1149   -191     1138
  SINCE DEC 1   2116                      2241   -125     1878
  SINCE JUL 1   3040                      3474   -434     2888

 COOLING
  YESTERDAY        0                         0      0        0
  MONTH TO DATE    0                         0      0        0
  SINCE DEC 1      0                         0      0        0
  SINCE JAN 1      0                         0      0        0
..................................................................


WIND (MPH)
  HIGHEST WIND SPEED    17   HIGHEST WIND DIRECTION     W (260)
  HIGHEST GUST SPEED    21   HIGHEST GUST DIRECTION     W (260)
  AVERAGE WIND SPEED    10.3


SKY COVER
  POSSIBLE SUNSHINE  MM
  AVERAGE SKY COVER 1.0


WEATHER CONDITIONS
 THE FOLLOWING WEATHER WAS RECORDED YESTERDAY.
  LIGHT SNOW
  FOG
  HAZE


RELATIVE HUMIDITY (PERCENT)
 HIGHEST    92           200 AM
 LOWEST     69          1200 PM
 AVERAGE    81

..........................................................


THE TOLEDO OH CLIMATE NORMALS FOR TODAY
                         NORMAL    RECORD    YEAR
 MAXIMUM TEMPERATURE (F)   33        63      2013
 MINIMUM TEMPERATURE (F)   18        -5      1965


SUNRISE AND SUNSET
JANUARY 30 2017.......SUNRISE   749 AM EST   SUNSET   549 PM EST
JANUARY 31 2017.......SUNRISE   748 AM EST   SUNSET   550 PM EST


-  INDICATES NEGATIVE NUMBERS.
R  INDICATES RECORD WAS SET OR TIED.
MM INDICATES DATA IS MISSING.
T  INDICATES TRACE AMOUNT.




$$
