000
CDUS41 KCLE 070545
CLITOL


CLIMATE REPORT
NATIONAL WEATHER SERVICE CLEVELAND OH
145 AM EDT SUN SEP 7 2014


...................................

...THE TOLEDO OH CLIMATE SUMMARY FOR SEPTEMBER 6 2014...

CLIMATE NORMAL PERIOD 1981 TO 2010
CLIMATE RECORD PERIOD 1873 TO 2014


WEATHER ITEM   OBSERVED TIME   RECORD YEAR NORMAL DEPARTURE LAST
                VALUE   (LST)  VALUE       VALUE  FROM      YEAR
                                                  NORMAL
..................................................................
TEMPERATURE (F)
 YESTERDAY
  MAXIMUM         74    453 PM  95    1990  79     -5       76
                                      1881
  MINIMUM         56   1139 PM  39    1976  57     -1       47
  AVERAGE         65                        68     -3       62

PRECIPITATION (IN)
  YESTERDAY        0.15                      0.09   0.06     0.00
  MONTH TO DATE    1.28                      0.57   0.71     0.10
  SINCE SEP 1      1.28                      0.57   0.71     0.10
  SINCE JAN 1     22.47                     23.89  -1.42    26.89

SNOWFALL (IN)
  YESTERDAY        0.0                       0.0    0.0      0.0
  MONTH TO DATE    0.0                       0.0    0.0      0.0
  SINCE SEP 1      0.0                       0.0    0.0      0.0
  SINCE JUL 1      0.0                       0.0    0.0      0.0
  SNOW DEPTH       0

DEGREE DAYS
 HEATING
  YESTERDAY        0                         1     -1        3
  MONTH TO DATE    0                         6     -6        5
  SINCE SEP 1      0                         6     -6        5
  SINCE JUL 1     14                        20     -6       34

 COOLING
  YESTERDAY        0                         4     -4        0
  MONTH TO DATE   51                        28     23       18
  SINCE SEP 1     51                        28     23       18
  SINCE JAN 1    649                       730    -81      700
..................................................................


WIND (MPH)
  HIGHEST WIND SPEED    13   HIGHEST WIND DIRECTION     N (350)
  HIGHEST GUST SPEED    18   HIGHEST GUST DIRECTION     N (20)
  AVERAGE WIND SPEED     5.8


SKY COVER
  POSSIBLE SUNSHINE  MM
  AVERAGE SKY COVER 0.5


WEATHER CONDITIONS
 THE FOLLOWING WEATHER WAS RECORDED YESTERDAY.
  HEAVY RAIN
  LIGHT RAIN
  FOG


RELATIVE HUMIDITY (PERCENT)
 HIGHEST    97           100 AM
 LOWEST     49           500 PM
 AVERAGE    73

..........................................................


THE TOLEDO OH CLIMATE NORMALS FOR TODAY
                         NORMAL    RECORD    YEAR
 MAXIMUM TEMPERATURE (F)   79        99      1939
 MINIMUM TEMPERATURE (F)   56        38      1988


SUNRISE AND SUNSET
SEPTEMBER  7 2014.....SUNRISE   707 AM EDT   SUNSET   758 PM EDT
SEPTEMBER  8 2014.....SUNRISE   708 AM EDT   SUNSET   757 PM EDT


-  INDICATES NEGATIVE NUMBERS.
R  INDICATES RECORD WAS SET OR TIED.
MM INDICATES DATA IS MISSING.
T  INDICATES TRACE AMOUNT.




$$
