000
CDUS41 KCLE 250527
CLITOL


CLIMATE REPORT
NATIONAL WEATHER SERVICE CLEVELAND OH
1227 AM EST FRI NOV 25 2016


...................................

...THE TOLEDO OH CLIMATE SUMMARY FOR NOVEMBER 24 2016...

CLIMATE NORMAL PERIOD 1981 TO 2010
CLIMATE RECORD PERIOD 1873 TO 2016


WEATHER ITEM   OBSERVED TIME   RECORD YEAR NORMAL DEPARTURE LAST
                VALUE   (LST)  VALUE       VALUE  FROM      YEAR
                                                  NORMAL
..................................................................
TEMPERATURE (F)
 YESTERDAY
  MAXIMUM         46    100 PM  67    2001  45      1       45
  MINIMUM         38   1159 PM   3    1950  30      8       24
  AVERAGE         42                        38      4       35

PRECIPITATION (IN)
  YESTERDAY        0.03                      0.10  -0.07     0.00
  MONTH TO DATE    1.09                      2.27  -1.18     1.18
  SINCE SEP 1      7.83                      7.65   0.18     4.63
  SINCE JAN 1     31.14                     30.97   0.17    32.96

SNOWFALL (IN)
  YESTERDAY        0.0                       0.1   -0.1      0.0
  MONTH TO DATE    T                         1.2   -1.2      3.5
  SINCE SEP 1      T                         1.4   -1.4      3.5
  SINCE JUL 1      T                         1.4   -1.4      3.5
  SNOW DEPTH       0

DEGREE DAYS
 HEATING
  YESTERDAY       23                        27     -4       30
  MONTH TO DATE  447                       535    -88      456
  SINCE SEP 1    790                      1047   -257      859
  SINCE JUL 1    791                      1061   -270      871

 COOLING
  YESTERDAY        0                         0      0        0
  MONTH TO DATE    4                         0      4        0
  SINCE SEP 1    148                        91     57      138
  SINCE JAN 1   1037                       793    244      719
..................................................................


WIND (MPH)
  HIGHEST WIND SPEED    18   HIGHEST WIND DIRECTION     W (270)
  HIGHEST GUST SPEED    22   HIGHEST GUST DIRECTION     W (280)
  AVERAGE WIND SPEED     8.3


SKY COVER
  POSSIBLE SUNSHINE  MM
  AVERAGE SKY COVER 1.0


WEATHER CONDITIONS
 THE FOLLOWING WEATHER WAS RECORDED YESTERDAY.
  LIGHT RAIN
  FOG
  FOG W/VISIBILITY <= 1/4 MILE


RELATIVE HUMIDITY (PERCENT)
 HIGHEST   100          1200 AM
 LOWEST     86           100 PM
 AVERAGE    93

..........................................................


THE TOLEDO OH CLIMATE NORMALS FOR TODAY
                         NORMAL    RECORD    YEAR
 MAXIMUM TEMPERATURE (F)   45        65      1908
 MINIMUM TEMPERATURE (F)   30         8      1950


SUNRISE AND SUNSET
NOVEMBER 25 2016......SUNRISE   736 AM EST   SUNSET   508 PM EST
NOVEMBER 26 2016......SUNRISE   738 AM EST   SUNSET   508 PM EST


-  INDICATES NEGATIVE NUMBERS.
R  INDICATES RECORD WAS SET OR TIED.
MM INDICATES DATA IS MISSING.
T  INDICATES TRACE AMOUNT.




$$
