000
CDUS41 KCLE 200545
CLITOL


CLIMATE REPORT
NATIONAL WEATHER SERVICE CLEVELAND OH
145 AM EDT THU AUG 20 2015


...................................

...THE TOLEDO OH CLIMATE SUMMARY FOR AUGUST 19 2015...

CLIMATE NORMAL PERIOD 1981 TO 2010
CLIMATE RECORD PERIOD 1873 TO 2015


WEATHER ITEM   OBSERVED TIME   RECORD YEAR NORMAL DEPARTURE LAST
                VALUE   (LST)  VALUE       VALUE  FROM      YEAR
                                                  NORMAL
..................................................................
TEMPERATURE (F)
 YESTERDAY
  MAXIMUM         86   1232 PM  97    1955  82      4       87
  MINIMUM         68    607 AM  46    1977  61      7       60
  AVERAGE         77                        72      5       74

PRECIPITATION (IN)
  YESTERDAY        0.32                      0.10   0.22     0.33
  MONTH TO DATE    2.39                      1.97   0.42     2.47
  SINCE JUN 1     15.77                      8.77   7.00     7.28
  SINCE JAN 1     27.67                     22.14   5.53    21.13

SNOWFALL (IN)
  YESTERDAY        0.0                       0.0    0.0      0.0
  MONTH TO DATE    0.0                       0.0    0.0      0.0
  SINCE JUN 1      0.0                       0.0    0.0      0.0
  SINCE JUL 1      0.0                       0.0    0.0      0.0
  SNOW DEPTH       0

DEGREE DAYS
 HEATING
  YESTERDAY        0                         0      0        0
  MONTH TO DATE    0                         0      0        5
  SINCE JUN 1     37                        38     -1       30
  SINCE JUL 1      2                         3     -1       14

 COOLING
  YESTERDAY       12                         7      5        9
  MONTH TO DATE  138                       142     -4       90
  SINCE JUN 1    456                       577   -121      418
  SINCE JAN 1    549                       630    -81      480
..................................................................


WIND (MPH)
  HIGHEST WIND SPEED    17   HIGHEST WIND DIRECTION    SW (230)
  HIGHEST GUST SPEED    26   HIGHEST GUST DIRECTION    SW (210)
  AVERAGE WIND SPEED     6.3


SKY COVER
  POSSIBLE SUNSHINE  MM
  AVERAGE SKY COVER 0.2


WEATHER CONDITIONS
 THE FOLLOWING WEATHER WAS RECORDED YESTERDAY.
  HEAVY RAIN
  RAIN
  LIGHT RAIN
  FOG
  HAZE


RELATIVE HUMIDITY (PERCENT)
 HIGHEST    97           300 AM
 LOWEST     65           100 PM
 AVERAGE    81

..........................................................


THE TOLEDO OH CLIMATE NORMALS FOR TODAY
                         NORMAL    RECORD    YEAR
 MAXIMUM TEMPERATURE (F)   82        99      1916
 MINIMUM TEMPERATURE (F)   61        49      1998
                                             1987
                                             1984


SUNRISE AND SUNSET
AUGUST 20 2015........SUNRISE   649 AM EDT   SUNSET   828 PM EDT
AUGUST 21 2015........SUNRISE   650 AM EDT   SUNSET   826 PM EDT


-  INDICATES NEGATIVE NUMBERS.
R  INDICATES RECORD WAS SET OR TIED.
MM INDICATES DATA IS MISSING.
T  INDICATES TRACE AMOUNT.




$$
