000
CDUS41 KCLE 100545
CLITOL


CLIMATE REPORT
NATIONAL WEATHER SERVICE CLEVELAND OH
145 AM EDT SUN APR 10 2016


...................................

...THE TOLEDO OH CLIMATE SUMMARY FOR APRIL 9 2016...

CLIMATE NORMAL PERIOD 1981 TO 2010
CLIMATE RECORD PERIOD 1873 TO 2016


WEATHER ITEM   OBSERVED TIME   RECORD YEAR NORMAL DEPARTURE LAST
                VALUE   (LST)  VALUE       VALUE  FROM      YEAR
                                                  NORMAL
..................................................................
TEMPERATURE (F)
 YESTERDAY
  MAXIMUM         32    511 PM  80    1967  58    -26       69
  MINIMUM         20   1125 PM  15    1972  37    -17       38
                                      1957
  AVERAGE         26                        47    -21       54

PRECIPITATION (IN)
  YESTERDAY        0.23                      0.11   0.12     0.83
  MONTH TO DATE    1.43                      0.93   0.50     1.62
  SINCE MAR 1      6.53                      3.41   3.12     2.96
  SINCE JAN 1      9.75                      7.53   2.22     6.58

SNOWFALL (IN)
  YESTERDAY       MM                         0.1   MM        0.0
  MONTH TO DATE    4.5                       0.7    3.8      0.0
  SINCE MAR 1      7.2                       6.4    0.8      5.4
  SINCE JUL 1     22.2                      36.9  -14.7     45.7
  SNOW DEPTH       0

DEGREE DAYS
 HEATING
  YESTERDAY       39                        18     21       11
  MONTH TO DATE  248                       177     71      162
  SINCE MAR 1    922                      1027   -105     1152
  SINCE JUL 1   4820                      5603   -783     6408

 COOLING
  YESTERDAY        0                         0      0        0
  MONTH TO DATE    0                         0      0        0
  SINCE MAR 1      0                         0      0        0
  SINCE JAN 1      0                         0      0        0
..................................................................


WIND (MPH)
  HIGHEST WIND SPEED    17   HIGHEST WIND DIRECTION     N (340)
  HIGHEST GUST SPEED    24   HIGHEST GUST DIRECTION     N (10)
  AVERAGE WIND SPEED     8.7


SKY COVER
  POSSIBLE SUNSHINE  MM
  AVERAGE SKY COVER 0.5


WEATHER CONDITIONS
 THE FOLLOWING WEATHER WAS RECORDED YESTERDAY.
  HEAVY SNOW
  SNOW
  LIGHT SNOW
  FOG
  FOG W/VISIBILITY <= 1/4 MILE


RELATIVE HUMIDITY (PERCENT)
 HIGHEST   100          1200 AM
 LOWEST     43           500 PM
 AVERAGE    72

..........................................................


THE TOLEDO OH CLIMATE NORMALS FOR TODAY
                         NORMAL    RECORD    YEAR
 MAXIMUM TEMPERATURE (F)   58        84      2011
 MINIMUM TEMPERATURE (F)   37        18      1989


SUNRISE AND SUNSET
APRIL 10 2016.........SUNRISE   702 AM EDT   SUNSET   811 PM EDT
APRIL 11 2016.........SUNRISE   701 AM EDT   SUNSET   812 PM EDT


-  INDICATES NEGATIVE NUMBERS.
R  INDICATES RECORD WAS SET OR TIED.
MM INDICATES DATA IS MISSING.
T  INDICATES TRACE AMOUNT.




$$
