000
CDUS41 KCLE 160529
CLITOL


CLIMATE REPORT
NATIONAL WEATHER SERVICE CLEVELAND OH
1228 AM EST TUE DEC 16 2014


...................................

...THE TOLEDO OH CLIMATE SUMMARY FOR DECEMBER 15 2014...

CLIMATE NORMAL PERIOD 1981 TO 2010
CLIMATE RECORD PERIOD 1873 TO 2014


WEATHER ITEM   OBSERVED TIME   RECORD YEAR NORMAL DEPARTURE LAST
                VALUE   (LST)  VALUE       VALUE  FROM      YEAR
                                                  NORMAL
..................................................................
TEMPERATURE (F)
 YESTERDAY
  MAXIMUM         50    350 PM  65    1933  36     14       24
  MINIMUM         40    656 PM  -5    1914  23     17       13
  AVERAGE         45                        30     15       19

PRECIPITATION (IN)
  YESTERDAY        0.12                      0.09   0.03      T
  MONTH TO DATE    0.27                      1.33  -1.06     0.63
  SINCE DEC 1      0.27                      1.33  -1.06     0.63
  SINCE JAN 1     30.88                     32.89  -2.01    34.39

SNOWFALL (IN)
  YESTERDAY        0.0                       0.2   -0.2       T
  MONTH TO DATE    T                         3.0   -3.0      8.0
  SINCE DEC 1      T                         3.0   -3.0      8.0
  SINCE JUL 1      2.8                       5.1   -2.3      8.5
  SNOW DEPTH       0

DEGREE DAYS
 HEATING
  YESTERDAY       20                        35    -15       46
  MONTH TO DATE  472                       494    -22      568
  SINCE DEC 1    472                       494    -22      568
  SINCE JUL 1   1910                      1727    183     1916

 COOLING
  YESTERDAY        0                         0      0        0
  MONTH TO DATE    0                         0      0        0
  SINCE DEC 1      0                         0      0        0
  SINCE JAN 1    654                       793   -139      793
..................................................................


WIND (MPH)
  HIGHEST WIND SPEED    12   HIGHEST WIND DIRECTION     S (200)
  HIGHEST GUST SPEED    15   HIGHEST GUST DIRECTION     S (200)
  AVERAGE WIND SPEED     5.1


SKY COVER
  POSSIBLE SUNSHINE  MM
  AVERAGE SKY COVER 0.6


WEATHER CONDITIONS
 THE FOLLOWING WEATHER WAS RECORDED YESTERDAY.
  RAIN
  LIGHT RAIN
  FOG
  HAZE


RELATIVE HUMIDITY (PERCENT)
 HIGHEST   100           800 AM
 LOWEST     66           300 PM
 AVERAGE    83

..........................................................


THE TOLEDO OH CLIMATE NORMALS FOR TODAY
                         NORMAL    RECORD    YEAR
 MAXIMUM TEMPERATURE (F)   36        62      1984
 MINIMUM TEMPERATURE (F)   23       -10      1951


SUNRISE AND SUNSET
DECEMBER 16 2014......SUNRISE   756 AM EST   SUNSET   506 PM EST
DECEMBER 17 2014......SUNRISE   756 AM EST   SUNSET   506 PM EST


-  INDICATES NEGATIVE NUMBERS.
R  INDICATES RECORD WAS SET OR TIED.
MM INDICATES DATA IS MISSING.
T  INDICATES TRACE AMOUNT.




$$
