000
CDUS41 KCLE 310548
CLITOL


CLIMATE REPORT
NATIONAL WEATHER SERVICE CLEVELAND OH
1248 AM EST WED JAN 31 2018


...................................

...THE TOLEDO OH CLIMATE SUMMARY FOR JANUARY 30 2018...

CLIMATE NORMAL PERIOD 1981 TO 2010
CLIMATE RECORD PERIOD 1873 TO 2018


WEATHER ITEM   OBSERVED TIME   RECORD YEAR NORMAL DEPARTURE LAST
                VALUE   (LST)  VALUE       VALUE  FROM      YEAR
                                                  NORMAL
..................................................................
TEMPERATURE (F)
 YESTERDAY
  MAXIMUM         26    459 PM  63    2013  33     -7       28
  MINIMUM         15    328 AM  -5    1965  18     -3       19
  AVERAGE         21                        26     -5       24

PRECIPITATION (IN)
  YESTERDAY        T                         0.06  -0.06     0.01
  MONTH TO DATE    1.13                      1.99  -0.86     4.07
  SINCE DEC 1      2.25                      4.67  -2.42     6.55
  SINCE JAN 1      1.13                      1.99  -0.86     4.07

SNOWFALL (IN)
  YESTERDAY        T                         0.4   -0.4      0.2
  MONTH TO DATE    6.6                      11.2   -4.6      2.3
  SINCE DEC 1     20.5                      18.6    1.9     15.5
  SINCE JUL 1     20.5                      20.7   -0.2     15.5
  SNOW DEPTH       1

DEGREE DAYS
 HEATING
  YESTERDAY       44                        39      5       41
  MONTH TO DATE 1205                      1188     17      999
  SINCE DEC 1   2392                      2280    112     2157
  SINCE JUL 1   3440                      3513    -73     3081

 COOLING
  YESTERDAY        0                         0      0        0
  MONTH TO DATE    0                         0      0        0
  SINCE DEC 1      0                         0      0        0
  SINCE JAN 1      0                         0      0        0
..................................................................


WIND (MPH)
  HIGHEST WIND SPEED    14   HIGHEST WIND DIRECTION    NW (320)
  HIGHEST GUST SPEED    MM   HIGHEST GUST DIRECTION    MM
  AVERAGE WIND SPEED     5.7


SKY COVER
  POSSIBLE SUNSHINE  MM
  AVERAGE SKY COVER 0.8


WEATHER CONDITIONS
 THE FOLLOWING WEATHER WAS RECORDED YESTERDAY.
  LIGHT SNOW
  FOG


RELATIVE HUMIDITY (PERCENT)
 HIGHEST    88          1000 PM
 LOWEST     55           100 PM
 AVERAGE    72

..........................................................


THE TOLEDO OH CLIMATE NORMALS FOR TODAY
                         NORMAL    RECORD    YEAR
 MAXIMUM TEMPERATURE (F)   33        62      1989
 MINIMUM TEMPERATURE (F)   18        -5      1971


SUNRISE AND SUNSET
JANUARY 31 2018.......SUNRISE   748 AM EST   SUNSET   550 PM EST
FEBRUARY  1 2018......SUNRISE   747 AM EST   SUNSET   551 PM EST


-  INDICATES NEGATIVE NUMBERS.
R  INDICATES RECORD WAS SET OR TIED.
MM INDICATES DATA IS MISSING.
T  INDICATES TRACE AMOUNT.




$$
