506
CDUS41 KCLE 160527
CLITOL


CLIMATE REPORT
NATIONAL WEATHER SERVICE CLEVELAND OH
126 AM EDT FRI SEP 16 2016


...................................

...THE TOLEDO OH CLIMATE SUMMARY FOR SEPTEMBER 15 2016...

CLIMATE NORMAL PERIOD 1981 TO 2010
CLIMATE RECORD PERIOD 1873 TO 2016


WEATHER ITEM   OBSERVED TIME   RECORD YEAR NORMAL DEPARTURE LAST
                VALUE   (LST)  VALUE       VALUE  FROM      YEAR
                                                  NORMAL
..................................................................
TEMPERATURE (F)
 YESTERDAY
  MAXIMUM         75    232 PM 100    1939  76     -1       83
  MINIMUM         54   1159 PM  39    1985  53      1       54
                                      1983
                                      1975
  AVERAGE         65                        65      0       69

PRECIPITATION (IN)
  YESTERDAY        0.00                      0.10  -0.10     0.00
  MONTH TO DATE    0.87                      1.42  -0.55     0.50
  SINCE SEP 1      0.87                      1.42  -0.55     0.50
  SINCE JAN 1     24.18                     24.74  -0.56    28.83

SNOWFALL (IN)
  YESTERDAY        0.0                       0.0    0.0      0.0
  MONTH TO DATE    0.0                       0.0    0.0      0.0
  SINCE SEP 1      0.0                       0.0    0.0      0.0
  SINCE JUL 1      0.0                       0.0    0.0      0.0
  SNOW DEPTH       0

DEGREE DAYS
 HEATING
  YESTERDAY        0                         3     -3        0
  MONTH TO DATE    3                        27    -24       23
  SINCE SEP 1      3                        27    -24       23
  SINCE JUL 1      4                        41    -37       35

 COOLING
  YESTERDAY        0                         3     -3        4
  MONTH TO DATE   72                        59     13      111
  SINCE SEP 1     72                        59     13      111
  SINCE JAN 1    961                       761    200      692
..................................................................


WIND (MPH)
  HIGHEST WIND SPEED    13   HIGHEST WIND DIRECTION     E (90)
  HIGHEST GUST SPEED    18   HIGHEST GUST DIRECTION     E (80)
  AVERAGE WIND SPEED     4.7


SKY COVER
  POSSIBLE SUNSHINE  MM
  AVERAGE SKY COVER 0.0


WEATHER CONDITIONS
 THE FOLLOWING WEATHER WAS RECORDED YESTERDAY.
  NO SIGNIFICANT WEATHER WAS OBSERVED.


RELATIVE HUMIDITY (PERCENT)
 HIGHEST   100           100 AM
 LOWEST     46           200 PM
 AVERAGE    73

..........................................................


THE TOLEDO OH CLIMATE NORMALS FOR TODAY
                         NORMAL    RECORD    YEAR
 MAXIMUM TEMPERATURE (F)   76        97      1939
 MINIMUM TEMPERATURE (F)   53        35      2007
                                             1966


SUNRISE AND SUNSET
SEPTEMBER 16 2016.....SUNRISE   717 AM EDT   SUNSET   742 PM EDT
SEPTEMBER 17 2016.....SUNRISE   718 AM EDT   SUNSET   740 PM EDT


-  INDICATES NEGATIVE NUMBERS.
R  INDICATES RECORD WAS SET OR TIED.
MM INDICATES DATA IS MISSING.
T  INDICATES TRACE AMOUNT.




$$
