000
CDUS41 KCLE 030545
CLITOL


CLIMATE REPORT
NATIONAL WEATHER SERVICE CLEVELAND OH
145 AM EDT SAT SEP 3 2016


...................................

...THE TOLEDO OH CLIMATE SUMMARY FOR SEPTEMBER 2 2016...

CLIMATE NORMAL PERIOD 1981 TO 2010
CLIMATE RECORD PERIOD 1873 TO 2016


WEATHER ITEM   OBSERVED TIME   RECORD YEAR NORMAL DEPARTURE LAST
                VALUE   (LST)  VALUE       VALUE  FROM      YEAR
                                                  NORMAL
..................................................................
TEMPERATURE (F)
 YESTERDAY
  MAXIMUM         74    338 PM 100    1953  80     -6       87
  MINIMUM         55    621 AM  41    1965  58     -3       66
                                      1958
                                      1946
  AVERAGE         65                        69     -4       77

PRECIPITATION (IN)
  YESTERDAY        0.00                      0.10  -0.10     0.11
  MONTH TO DATE    0.00                      0.20  -0.20     0.11
  SINCE SEP 1      0.00                      0.20  -0.20     0.11
  SINCE JAN 1     23.31                     23.52  -0.21    28.44

SNOWFALL (IN)
  YESTERDAY        0.0                       0.0    0.0      0.0
  MONTH TO DATE    0.0                       0.0    0.0      0.0
  SINCE SEP 1      0.0                       0.0    0.0      0.0
  SINCE JUL 1      0.0                       0.0    0.0      0.0
  SNOW DEPTH       0

DEGREE DAYS
 HEATING
  YESTERDAY        0                         1     -1        0
  MONTH TO DATE    0                         2     -2        0
  SINCE SEP 1      0                         2     -2        0
  SINCE JUL 1      1                        16    -15       12

 COOLING
  YESTERDAY        0                         5     -5       12
  MONTH TO DATE    1                        10     -9       23
  SINCE SEP 1      1                        10     -9       23
  SINCE JAN 1    890                       712    178      604
..................................................................


WIND (MPH)
  HIGHEST WIND SPEED    18   HIGHEST WIND DIRECTION    NE (40)
  HIGHEST GUST SPEED    24   HIGHEST GUST DIRECTION    NE (40)
  AVERAGE WIND SPEED     9.7


SKY COVER
  POSSIBLE SUNSHINE  MM
  AVERAGE SKY COVER 0.0


WEATHER CONDITIONS
 THE FOLLOWING WEATHER WAS RECORDED YESTERDAY.
  NO SIGNIFICANT WEATHER WAS OBSERVED.


RELATIVE HUMIDITY (PERCENT)
 HIGHEST   100           100 AM
 LOWEST     46           400 PM
 AVERAGE    73

..........................................................


THE TOLEDO OH CLIMATE NORMALS FOR TODAY
                         NORMAL    RECORD    YEAR
 MAXIMUM TEMPERATURE (F)   80        98      1953
 MINIMUM TEMPERATURE (F)   58        40      1946


SUNRISE AND SUNSET
SEPTEMBER  3 2016.....SUNRISE   704 AM EDT   SUNSET   804 PM EDT
SEPTEMBER  4 2016.....SUNRISE   705 AM EDT   SUNSET   802 PM EDT


-  INDICATES NEGATIVE NUMBERS.
R  INDICATES RECORD WAS SET OR TIED.
MM INDICATES DATA IS MISSING.
T  INDICATES TRACE AMOUNT.




$$
