000
CDUS41 KCLE 041351
CLITOL


CLIMATE REPORT
NATIONAL WEATHER SERVICE CLEVELAND OH
847 AM EST SAT MAR 4 2017


...................................

...THE TOLEDO OH CLIMATE SUMMARY FOR MARCH 3 2017...

CLIMATE NORMAL PERIOD 1981 TO 2010
CLIMATE RECORD PERIOD 1873 TO 2017


WEATHER ITEM   OBSERVED TIME   RECORD YEAR NORMAL DEPARTURE LAST
                VALUE   (LST)  VALUE       VALUE  FROM      YEAR
                                                  NORMAL
..................................................................
TEMPERATURE (F)
 YESTERDAY
  MAXIMUM         30    519 PM  71    1976  41    -11       30
  MINIMUM         21   1158 PM  -5    1943  24     -3       16
  AVERAGE         26                        33     -7       23

PRECIPITATION (IN)
  YESTERDAY        T                         0.08  -0.08     0.16
  MONTH TO DATE    0.46                      0.23   0.23     0.47
  SINCE MAR 1      0.46                      0.23   0.23     0.47
  SINCE JAN 1      6.23                      4.35   1.88     3.69

SNOWFALL (IN)
  YESTERDAY        T                         0.2   -0.2      0.9
  MONTH TO DATE    T                         0.7   -0.7      1.6
  SINCE MAR 1      T                         0.7   -0.7      1.6
  SINCE JUL 1     17.0                      31.2  -14.2     16.6
  SNOW DEPTH       0

DEGREE DAYS
 HEATING
  YESTERDAY       39                        32      7       42
  MONTH TO DATE   92                        98     -6      121
  SINCE MAR 1     92                        98     -6      121
  SINCE JUL 1   3937                      4674   -737     4019

 COOLING
  YESTERDAY        0                         0      0        0
  MONTH TO DATE    0                         0      0        0
  SINCE MAR 1      0                         0      0        0
  SINCE JAN 1      0                         0      0        0
..................................................................


WIND (MPH)
  HIGHEST WIND SPEED    23   HIGHEST WIND DIRECTION    NW (300)
  HIGHEST GUST SPEED    31   HIGHEST GUST DIRECTION    NW (320)
  AVERAGE WIND SPEED    12.1


SKY COVER
  POSSIBLE SUNSHINE  MM
  AVERAGE SKY COVER 0.4


WEATHER CONDITIONS
 THE FOLLOWING WEATHER WAS RECORDED YESTERDAY.
  LIGHT SNOW
  FOG


RELATIVE HUMIDITY (PERCENT)
 HIGHEST    96           400 AM
 LOWEST     36           400 PM
 AVERAGE    66

..........................................................


THE TOLEDO OH CLIMATE NORMALS FOR TODAY
                         NORMAL    RECORD    YEAR
 MAXIMUM TEMPERATURE (F)   42        76      1983
 MINIMUM TEMPERATURE (F)   25        -4      2014


SUNRISE AND SUNSET
MARCH  4 2017.........SUNRISE   705 AM EST   SUNSET   630 PM EST
MARCH  5 2017.........SUNRISE   703 AM EST   SUNSET   631 PM EST


-  INDICATES NEGATIVE NUMBERS.
R  INDICATES RECORD WAS SET OR TIED.
MM INDICATES DATA IS MISSING.
T  INDICATES TRACE AMOUNT.




$$
