000
CDUS41 KCLE 030531
CLITOL


CLIMATE REPORT
NATIONAL WEATHER SERVICE CLEVELAND OH
1230 AM EST WED FEB 3 2016


...................................

...THE TOLEDO OH CLIMATE SUMMARY FOR FEBRUARY 2 2016...

CLIMATE NORMAL PERIOD 1981 TO 2010
CLIMATE RECORD PERIOD 1873 TO 2016


WEATHER ITEM   OBSERVED TIME   RECORD YEAR NORMAL DEPARTURE LAST
                VALUE   (LST)  VALUE       VALUE  FROM      YEAR
                                                  NORMAL
..................................................................
TEMPERATURE (F)
 YESTERDAY
  MAXIMUM         54   1159 PM  56    1903  33     21       18
  MINIMUM         24    500 AM -11    1951  19      5        0
  AVERAGE         39                        26     13        9

PRECIPITATION (IN)
  YESTERDAY        0.31                      0.07   0.24     0.10
  MONTH TO DATE    0.31                      0.13   0.18     0.77
  SINCE DEC 1      4.76                      4.86  -0.10     3.91
  SINCE JAN 1      1.78                      2.18  -0.40     2.82

SNOWFALL (IN)
  YESTERDAY        0.0                       0.4   -0.4      2.0
  MONTH TO DATE    0.0                       0.8   -0.8     12.0
  SINCE DEC 1      5.9                      19.8  -13.9     24.2
  SINCE JUL 1      9.4                      21.9  -12.5     27.0
  SNOW DEPTH       0

DEGREE DAYS
 HEATING
  YESTERDAY       26                        39    -13       56
  MONTH TO DATE   55                        78    -23       96
  SINCE DEC 1   1977                      2394   -417     2451
  SINCE JUL 1   2987                      3627   -640     3889

 COOLING
  YESTERDAY        0                         0      0        0
  MONTH TO DATE    0                         0      0        0
  SINCE DEC 1      0                         0      0        0
  SINCE JAN 1      0                         0      0        0
..................................................................


WIND (MPH)
  HIGHEST WIND SPEED    23   HIGHEST WIND DIRECTION     E (100)
  HIGHEST GUST SPEED    30   HIGHEST GUST DIRECTION     S (170)
  AVERAGE WIND SPEED     8.4


SKY COVER
  POSSIBLE SUNSHINE  MM
  AVERAGE SKY COVER 0.4


WEATHER CONDITIONS
 THE FOLLOWING WEATHER WAS RECORDED YESTERDAY.
  LIGHT RAIN
  FOG


RELATIVE HUMIDITY (PERCENT)
 HIGHEST   100           100 AM
 LOWEST     57           200 PM
 AVERAGE    79

..........................................................


THE TOLEDO OH CLIMATE NORMALS FOR TODAY
                         NORMAL    RECORD    YEAR
 MAXIMUM TEMPERATURE (F)   33        54      1890
 MINIMUM TEMPERATURE (F)   19       -14      1976


SUNRISE AND SUNSET
FEBRUARY  3 2016......SUNRISE   745 AM EST   SUNSET   553 PM EST
FEBRUARY  4 2016......SUNRISE   744 AM EST   SUNSET   554 PM EST


-  INDICATES NEGATIVE NUMBERS.
R  INDICATES RECORD WAS SET OR TIED.
MM INDICATES DATA IS MISSING.
T  INDICATES TRACE AMOUNT.




$$
