000
CDUS41 KCLE 102220
CLITOL


CLIMATE REPORT
NATIONAL WEATHER SERVICE CLEVELAND OH
518 PM EST FRI FEB 10 2017


...................................

...THE TOLEDO OH CLIMATE SUMMARY FOR FEBRUARY 10 2017...
VALID TODAY AS OF 0500 PM LOCAL TIME.

CLIMATE NORMAL PERIOD 1981 TO 2010
CLIMATE RECORD PERIOD 1873 TO 2017


WEATHER ITEM   OBSERVED TIME   RECORD YEAR NORMAL DEPARTURE LAST
                VALUE   (LST)  VALUE       VALUE  FROM      YEAR
                                                  NORMAL
..................................................................
TEMPERATURE (F)
 TODAY
  MAXIMUM         32    459 PM  61    1932  35     -3       24
  MINIMUM         14   1217 AM -14    1899  20     -6       13
                                      1885
  AVERAGE         23                        27     -4       19

PRECIPITATION (IN)
  TODAY            T                         0.08  -0.08     0.01
  MONTH TO DATE    0.97                      0.69   0.28     0.43
  SINCE DEC 1      7.60                      5.42   2.18     4.88
  SINCE JAN 1      5.12                      2.74   2.38     1.90

SNOWFALL (IN)
  TODAY            T                         0.4   -0.4      0.2
  MONTH TO DATE    1.0                       3.7   -2.7      0.9
  SINCE DEC 1     17.0                      22.7   -5.7      6.8
  SINCE JUL 1     17.0                      24.8   -7.8     10.3
  SNOW DEPTH       T

DEGREE DAYS
 HEATING
  TODAY           42                        38      4       46
  MONTH TO DATE  348                       386    -38      321
  SINCE DEC 1   2538                      2702   -164     2243
  SINCE JUL 1   3462                      3935   -473     3253

 COOLING
  TODAY            0                         0      0        0
  MONTH TO DATE    0                         0      0        0
  SINCE DEC 1      0                         0      0        0
  SINCE JAN 1      0                         0      0        0
..................................................................


WIND (MPH)
  HIGHEST WIND SPEED    21   HIGHEST WIND DIRECTION     S (180)
  HIGHEST GUST SPEED    29   HIGHEST GUST DIRECTION    SW (210)


SKY COVER
  POSSIBLE SUNSHINE  MM
  AVERAGE SKY COVER 0.5


WEATHER CONDITIONS
 THE FOLLOWING WEATHER WAS RECORDED TODAY.
  LIGHT SNOW


RELATIVE HUMIDITY (PERCENT)
 HIGHEST    80           100 AM
 LOWEST     57           100 PM
 AVERAGE    69

..........................................................


THE TOLEDO OH CLIMATE NORMALS FOR TOMORROW
                         NORMAL    RECORD    YEAR
 MAXIMUM TEMPERATURE (F)   35        71      1999
 MINIMUM TEMPERATURE (F)   20       -16      1885


SUNRISE AND SUNSET
FEBRUARY 10 2017......SUNRISE   737 AM EST   SUNSET   603 PM EST
FEBRUARY 11 2017......SUNRISE   735 AM EST   SUNSET   604 PM EST


-  INDICATES NEGATIVE NUMBERS.
R  INDICATES RECORD WAS SET OR TIED.
MM INDICATES DATA IS MISSING.
T  INDICATES TRACE AMOUNT.




$$
