000
CDUS41 KCLE 280527
CLITOL


CLIMATE REPORT
NATIONAL WEATHER SERVICE CLEVELAND OH
1226 AM EST THU JAN 28 2016


...................................

...THE TOLEDO OH CLIMATE SUMMARY FOR JANUARY 27 2016...

CLIMATE NORMAL PERIOD 1981 TO 2010
CLIMATE RECORD PERIOD 1873 TO 2016


WEATHER ITEM   OBSERVED TIME   RECORD YEAR NORMAL DEPARTURE LAST
                VALUE   (LST)  VALUE       VALUE  FROM      YEAR
                                                  NORMAL
..................................................................
TEMPERATURE (F)
 YESTERDAY
  MAXIMUM         31   1058 AM  66    1916  33     -2       26
  MINIMUM         23    643 AM  -7    1936  18      5        7
  AVERAGE         27                        25      2       17

PRECIPITATION (IN)
  YESTERDAY        0.00                      0.06  -0.06     0.00
  MONTH TO DATE    1.41                      1.80  -0.39     1.90
  SINCE DEC 1      4.39                      4.48  -0.09     2.99
  SINCE JAN 1      1.41                      1.80  -0.39     1.90

SNOWFALL (IN)
  YESTERDAY        0.0                       0.4   -0.4      0.0
  MONTH TO DATE    5.9                      10.0   -4.1     12.2
  SINCE DEC 1      5.9                      17.4  -11.5     12.2
  SINCE JUL 1      9.4                      19.5  -10.1     15.0
  SNOW DEPTH       0

DEGREE DAYS
 HEATING
  YESTERDAY       38                        40     -2       48
  MONTH TO DATE 1069                      1071     -2     1196
  SINCE DEC 1   1809                      2163   -354     2184
  SINCE JUL 1   2819                      3396   -577     3622

 COOLING
  YESTERDAY        0                         0      0        0
  MONTH TO DATE    0                         0      0        0
  SINCE DEC 1      0                         0      0        0
  SINCE JAN 1      0                         0      0        0
..................................................................


WIND (MPH)
  HIGHEST WIND SPEED    22   HIGHEST WIND DIRECTION     W (260)
  HIGHEST GUST SPEED    28   HIGHEST GUST DIRECTION    SW (230)
  AVERAGE WIND SPEED    13.7


SKY COVER
  POSSIBLE SUNSHINE  MM
  AVERAGE SKY COVER 0.7


WEATHER CONDITIONS
 THE FOLLOWING WEATHER WAS RECORDED YESTERDAY.
  NO SIGNIFICANT WEATHER WAS OBSERVED.


RELATIVE HUMIDITY (PERCENT)
 HIGHEST    81           600 AM
 LOWEST     58           400 PM
 AVERAGE    70

..........................................................


THE TOLEDO OH CLIMATE NORMALS FOR TODAY
                         NORMAL    RECORD    YEAR
 MAXIMUM TEMPERATURE (F)   33        61      2002
 MINIMUM TEMPERATURE (F)   18       -10      2014
                                             1977


SUNRISE AND SUNSET
JANUARY 28 2016.......SUNRISE   751 AM EST   SUNSET   545 PM EST
JANUARY 29 2016.......SUNRISE   750 AM EST   SUNSET   547 PM EST


-  INDICATES NEGATIVE NUMBERS.
R  INDICATES RECORD WAS SET OR TIED.
MM INDICATES DATA IS MISSING.
T  INDICATES TRACE AMOUNT.




$$
