000
CDUS41 KCLE 290537
CLITOL


CLIMATE REPORT
NATIONAL WEATHER SERVICE CLEVELAND OH
1236 AM EST THU DEC 29 2016


...................................

...THE TOLEDO OH CLIMATE SUMMARY FOR DECEMBER 28 2016...

CLIMATE NORMAL PERIOD 1981 TO 2010
CLIMATE RECORD PERIOD 1873 TO 2016


WEATHER ITEM   OBSERVED TIME   RECORD YEAR NORMAL DEPARTURE LAST
                VALUE   (LST)  VALUE       VALUE  FROM      YEAR
                                                  NORMAL
..................................................................
TEMPERATURE (F)
 YESTERDAY
  MAXIMUM         39    426 PM  64    1984  33      6       39
  MINIMUM         24    723 AM  -8    1950  20      4       31
  AVERAGE         32                        27      5       35

PRECIPITATION (IN)
  YESTERDAY        0.22                      0.08   0.14     1.03
  MONTH TO DATE    2.46                      2.44   0.02     2.98
  SINCE DEC 1      2.46                      2.44   0.02     2.98
  SINCE JAN 1     34.31                     34.00   0.31    36.51

SNOWFALL (IN)
  YESTERDAY        0.3                       0.3    0.0       T
  MONTH TO DATE   13.1                       6.4    6.7       T
  SINCE DEC 1     13.1                       6.4    6.7       T
  SINCE JUL 1     13.1                       8.5    4.6      3.5
  SNOW DEPTH       0

DEGREE DAYS
 HEATING
  YESTERDAY       33                        38     -5       30
  MONTH TO DATE 1063                       976     87      649
  SINCE DEC 1   1063                       976     87      649
  SINCE JUL 1   1987                      2209   -222     1659

 COOLING
  YESTERDAY        0                         0      0        0
  MONTH TO DATE    0                         0      0        0
  SINCE DEC 1      0                         0      0        0
  SINCE JAN 1   1037                       793    244      719
..................................................................


WIND (MPH)
  HIGHEST WIND SPEED    17   HIGHEST WIND DIRECTION     S (190)
  HIGHEST GUST SPEED    26   HIGHEST GUST DIRECTION     S (200)
  AVERAGE WIND SPEED     7.4


SKY COVER
  POSSIBLE SUNSHINE  MM
  AVERAGE SKY COVER 0.5


WEATHER CONDITIONS
 THE FOLLOWING WEATHER WAS RECORDED YESTERDAY.
  LIGHT SNOW
  FOG


RELATIVE HUMIDITY (PERCENT)
 HIGHEST   100          1000 PM
 LOWEST     59           400 PM
 AVERAGE    80

..........................................................


THE TOLEDO OH CLIMATE NORMALS FOR TODAY
                         NORMAL    RECORD    YEAR
 MAXIMUM TEMPERATURE (F)   33        70      1889
 MINIMUM TEMPERATURE (F)   20       -10      1880


SUNRISE AND SUNSET
DECEMBER 29 2016......SUNRISE   802 AM EST   SUNSET   514 PM EST
DECEMBER 30 2016......SUNRISE   802 AM EST   SUNSET   514 PM EST


-  INDICATES NEGATIVE NUMBERS.
R  INDICATES RECORD WAS SET OR TIED.
MM INDICATES DATA IS MISSING.
T  INDICATES TRACE AMOUNT.




$$
