000
CDUS41 KCLE 242221
CLITOL


CLIMATE REPORT
NATIONAL WEATHER SERVICE CLEVELAND OH
520 PM EST SUN DEC 24 2017


...................................

...THE TOLEDO OH CLIMATE SUMMARY FOR DECEMBER 24 2017...
VALID TODAY AS OF 0500 PM LOCAL TIME.

CLIMATE NORMAL PERIOD 1981 TO 2010
CLIMATE RECORD PERIOD 1873 TO 2017


WEATHER ITEM   OBSERVED TIME   RECORD YEAR NORMAL DEPARTURE LAST
                VALUE   (LST)  VALUE       VALUE  FROM      YEAR
                                                  NORMAL
..................................................................
TEMPERATURE (F)
 TODAY
  MAXIMUM         28    101 AM  65    1889  34     -6       37
  MINIMUM         23    459 PM -15    1983  21      2       34
  AVERAGE         26                        27     -1       36

PRECIPITATION (IN)
  TODAY            0.22                      0.09   0.13     0.06
  MONTH TO DATE    0.89                      2.11  -1.22     1.71
  SINCE DEC 1      0.89                      2.11  -1.22     1.71
  SINCE JAN 1     38.79                     33.67   5.12    33.56

SNOWFALL (IN)
  TODAY            2.2                       0.3    1.9      0.0
  MONTH TO DATE    9.6                       5.3    4.3     12.8
  SINCE DEC 1      9.6                       5.3    4.3     12.8
  SINCE JUL 1      9.6                       7.4    2.2     12.8
  SNOW DEPTH       2

DEGREE DAYS
 HEATING
  TODAY           39                        38      1       29
  MONTH TO DATE  790                       824    -34      951
  SINCE DEC 1    790                       824    -34      951
  SINCE JUL 1   1838                      2057   -219     1875

 COOLING
  TODAY            0                         0      0        0
  MONTH TO DATE    0                         0      0        0
  SINCE DEC 1      0                         0      0        0
  SINCE JAN 1    744                       793    -49     1037
..................................................................


WIND (MPH)
  HIGHEST WIND SPEED    10   HIGHEST WIND DIRECTION     E (70)
  HIGHEST GUST SPEED    14   HIGHEST GUST DIRECTION    NW (320)


SKY COVER
  POSSIBLE SUNSHINE  MM
  AVERAGE SKY COVER 0.7


WEATHER CONDITIONS
 THE FOLLOWING WEATHER WAS RECORDED TODAY.
  SNOW
  LIGHT SNOW
  FOG
  FOG W/VISIBILITY <= 1/4 MILE


RELATIVE HUMIDITY (PERCENT)
 HIGHEST   100           200 PM
 LOWEST     74           800 AM
 AVERAGE    87

..........................................................


THE TOLEDO OH CLIMATE NORMALS FOR TOMORROW
                         NORMAL    RECORD    YEAR
 MAXIMUM TEMPERATURE (F)   34        63      1982
 MINIMUM TEMPERATURE (F)   21       -13      1983


SUNRISE AND SUNSET
DECEMBER 24 2017......SUNRISE   800 AM EST   SUNSET   510 PM EST
DECEMBER 25 2017......SUNRISE   800 AM EST   SUNSET   511 PM EST


-  INDICATES NEGATIVE NUMBERS.
R  INDICATES RECORD WAS SET OR TIED.
MM INDICATES DATA IS MISSING.
T  INDICATES TRACE AMOUNT.




$$
