000
CDUS41 KCLE 280544
CLITOL


CLIMATE REPORT
NATIONAL WEATHER SERVICE CLEVELAND OH
1243 AM EST WED DEC 28 2016


...................................

...THE TOLEDO OH CLIMATE SUMMARY FOR DECEMBER 27 2016...

CLIMATE NORMAL PERIOD 1981 TO 2010
CLIMATE RECORD PERIOD 1873 TO 2016


WEATHER ITEM   OBSERVED TIME   RECORD YEAR NORMAL DEPARTURE LAST
                VALUE   (LST)  VALUE       VALUE  FROM      YEAR
                                                  NORMAL
..................................................................
TEMPERATURE (F)
 YESTERDAY
  MAXIMUM         41   1215 AM  65    2008  34      7       45
  MINIMUM         29   1159 PM -11    1944  20      9       33
  AVERAGE         35                        27      8       39

PRECIPITATION (IN)
  YESTERDAY        0.00                      0.09  -0.09     0.27
  MONTH TO DATE    2.24                      2.36  -0.12     1.95
  SINCE DEC 1      2.24                      2.36  -0.12     1.95
  SINCE JAN 1     34.09                     33.92   0.17    35.48

SNOWFALL (IN)
  YESTERDAY        0.0                       0.3   -0.3      0.0
  MONTH TO DATE   12.8                       6.1    6.7       T
  SINCE DEC 1     12.8                       6.1    6.7       T
  SINCE JUL 1     12.8                       8.2    4.6      3.5
  SNOW DEPTH       0

DEGREE DAYS
 HEATING
  YESTERDAY       30                        38     -8       26
  MONTH TO DATE 1030                       938     92      619
  SINCE DEC 1   1030                       938     92      619
  SINCE JUL 1   1954                      2171   -217     1629

 COOLING
  YESTERDAY        0                         0      0        0
  MONTH TO DATE    0                         0      0        0
  SINCE DEC 1      0                         0      0        0
  SINCE JAN 1   1037                       793    244      719
..................................................................


WIND (MPH)
  HIGHEST WIND SPEED    26   HIGHEST WIND DIRECTION     W (270)
  HIGHEST GUST SPEED    34   HIGHEST GUST DIRECTION     W (270)
  AVERAGE WIND SPEED    14.1


SKY COVER
  POSSIBLE SUNSHINE  MM
  AVERAGE SKY COVER 0.8


WEATHER CONDITIONS
 THE FOLLOWING WEATHER WAS RECORDED YESTERDAY.
  NO SIGNIFICANT WEATHER WAS OBSERVED.


RELATIVE HUMIDITY (PERCENT)
 HIGHEST    85           600 PM
 LOWEST     67          1200 AM
 AVERAGE    76

..........................................................


THE TOLEDO OH CLIMATE NORMALS FOR TODAY
                         NORMAL    RECORD    YEAR
 MAXIMUM TEMPERATURE (F)   33        64      1984
 MINIMUM TEMPERATURE (F)   20        -8      1950


SUNRISE AND SUNSET
DECEMBER 28 2016......SUNRISE   801 AM EST   SUNSET   513 PM EST
DECEMBER 29 2016......SUNRISE   802 AM EST   SUNSET   514 PM EST


-  INDICATES NEGATIVE NUMBERS.
R  INDICATES RECORD WAS SET OR TIED.
MM INDICATES DATA IS MISSING.
T  INDICATES TRACE AMOUNT.




$$
