000
CDUS41 KCLE 282114
CLITOL


CLIMATE REPORT
NATIONAL WEATHER SERVICE CLEVELAND OH
513 PM EDT MON AUG 28 2017


...................................

...THE TOLEDO OH CLIMATE SUMMARY FOR AUGUST 28 2017...
VALID TODAY AS OF 0500 PM LOCAL TIME.

CLIMATE NORMAL PERIOD 1981 TO 2010
CLIMATE RECORD PERIOD 1873 TO 2017


WEATHER ITEM   OBSERVED TIME   RECORD YEAR NORMAL DEPARTURE LAST
                VALUE   (LST)  VALUE       VALUE  FROM      YEAR
                                                  NORMAL
..................................................................
TEMPERATURE (F)
 TODAY
  MAXIMUM         71    154 PM  96    1973  81    -10       88
  MINIMUM         56    359 AM  41    1982  59     -3       67
  AVERAGE         64                        70     -6       78

PRECIPITATION (IN)
  TODAY            0.24                      0.10   0.14     0.13
  MONTH TO DATE    1.82                      2.86  -1.04     4.87
  SINCE JUN 1      8.81                      9.66  -0.85     9.53
  SINCE JAN 1     26.67                     23.03   3.64    23.29

SNOWFALL (IN)
  TODAY            0.0                       0.0    0.0      0.0
  MONTH TO DATE    0.0                       0.0    0.0      0.0
  SINCE JUN 1      0.0                       0.0    0.0      0.0
  SINCE JUL 1      0.0                       0.0    0.0      0.0
  SNOW DEPTH       0

DEGREE DAYS
 HEATING
  TODAY            1                         1      0        0
  MONTH TO DATE   13                         4      9        0
  SINCE JUN 1     34                        42     -8       14
  SINCE JUL 1     13                         7      6        1

 COOLING
  TODAY            0                         6     -6       13
  MONTH TO DATE  130                       199    -69      297
  SINCE JUN 1    543                       634    -91      796
  SINCE JAN 1    588                       687    -99      865
..................................................................


WIND (MPH)
  HIGHEST WIND SPEED    14   HIGHEST WIND DIRECTION     W (250)
  HIGHEST GUST SPEED    15   HIGHEST GUST DIRECTION     W (250)


SKY COVER
  POSSIBLE SUNSHINE  MM
  AVERAGE SKY COVER 0.8


WEATHER CONDITIONS
 THE FOLLOWING WEATHER WAS RECORDED TODAY.
  THUNDERSTORM
  HEAVY RAIN
  RAIN
  LIGHT RAIN
  FOG


RELATIVE HUMIDITY (PERCENT)
 HIGHEST   100           200 AM
 LOWEST     76           100 PM
 AVERAGE    88

..........................................................


THE TOLEDO OH CLIMATE NORMALS FOR TOMORROW
                         NORMAL    RECORD    YEAR
 MAXIMUM TEMPERATURE (F)   81        96      1953
 MINIMUM TEMPERATURE (F)   59        34      1982


SUNRISE AND SUNSET
AUGUST 28 2017........SUNRISE   657 AM EDT   SUNSET   814 PM EDT
AUGUST 29 2017........SUNRISE   658 AM EDT   SUNSET   813 PM EDT


-  INDICATES NEGATIVE NUMBERS.
R  INDICATES RECORD WAS SET OR TIED.
MM INDICATES DATA IS MISSING.
T  INDICATES TRACE AMOUNT.




$$
