000
CDUS41 KCLE 120530
CLITOL


CLIMATE REPORT
NATIONAL WEATHER SERVICE CLEVELAND OH
1229 AM EST WED NOV 12 2014


...................................

...THE TOLEDO OH CLIMATE SUMMARY FOR NOVEMBER 11 2014...

CLIMATE NORMAL PERIOD 1981 TO 2010
CLIMATE RECORD PERIOD 1873 TO 2014


WEATHER ITEM   OBSERVED TIME   RECORD YEAR NORMAL DEPARTURE LAST
                VALUE   (LST)  VALUE       VALUE  FROM      YEAR
                                                  NORMAL
..................................................................
TEMPERATURE (F)
 YESTERDAY
  MAXIMUM         64    111 PM  73    1927  52     12       47
  MINIMUM         38   1159 PM  19    1960  35      3       29
  AVERAGE         51                        44      7       38

PRECIPITATION (IN)
  YESTERDAY        0.04                      0.09  -0.05     0.24
  MONTH TO DATE    0.33                      0.98  -0.65     0.46
  SINCE SEP 1      7.92                      6.36   1.56     6.07
  SINCE JAN 1     29.11                     29.68  -0.57    32.86

SNOWFALL (IN)
  YESTERDAY        0.0                       0.1   -0.1      0.5
  MONTH TO DATE    T                         0.4   -0.4      0.5
  SINCE SEP 1      T                         0.6   -0.6      0.5
  SINCE JUL 1      T                         0.6   -0.6      0.5
  SNOW DEPTH       0

DEGREE DAYS
 HEATING
  YESTERDAY       14                        22     -8       27
  MONTH TO DATE  235                       217     18      228
  SINCE SEP 1    772                       729     43      736
  SINCE JUL 1    786                       743     43      765

 COOLING
  YESTERDAY        0                         0      0        0
  MONTH TO DATE    0                         0      0        0
  SINCE SEP 1     56                        91    -35      111
  SINCE JAN 1    654                       793   -139      793
..................................................................


WIND (MPH)
  HIGHEST WIND SPEED    25   HIGHEST WIND DIRECTION    SW (240)
  HIGHEST GUST SPEED    32   HIGHEST GUST DIRECTION    SW (240)
  AVERAGE WIND SPEED    13.0


SKY COVER
  POSSIBLE SUNSHINE  MM
  AVERAGE SKY COVER 0.4


WEATHER CONDITIONS
 THE FOLLOWING WEATHER WAS RECORDED YESTERDAY.
  LIGHT RAIN
  FOG


RELATIVE HUMIDITY (PERCENT)
 HIGHEST    92           700 PM
 LOWEST     48          1200 PM
 AVERAGE    70

..........................................................


THE TOLEDO OH CLIMATE NORMALS FOR TODAY
                         NORMAL    RECORD    YEAR
 MAXIMUM TEMPERATURE (F)   52        72      1964
 MINIMUM TEMPERATURE (F)   35        15      1976
                                             1911


SUNRISE AND SUNSET
NOVEMBER 12 2014......SUNRISE   720 AM EST   SUNSET   518 PM EST
NOVEMBER 13 2014......SUNRISE   722 AM EST   SUNSET   517 PM EST


-  INDICATES NEGATIVE NUMBERS.
R  INDICATES RECORD WAS SET OR TIED.
MM INDICATES DATA IS MISSING.
T  INDICATES TRACE AMOUNT.




$$
