759
CDUS41 KCLE 240545
CLITOL


CLIMATE REPORT
NATIONAL WEATHER SERVICE CLEVELAND OH
145 AM EDT MON APR 24 2017


...................................

...THE TOLEDO OH CLIMATE SUMMARY FOR APRIL 23 2017...

CLIMATE NORMAL PERIOD 1981 TO 2010
CLIMATE RECORD PERIOD 1873 TO 2017


WEATHER ITEM   OBSERVED TIME   RECORD YEAR NORMAL DEPARTURE LAST
                VALUE   (LST)  VALUE       VALUE  FROM      YEAR
                                                  NORMAL
..................................................................
TEMPERATURE (F)
 YESTERDAY
  MAXIMUM         67    459 PM  86    1985  63      4       59
                                      1960
  MINIMUM         33    424 AM  21    1986  41     -8       38
  AVERAGE         50                        52     -2       49

PRECIPITATION (IN)
  YESTERDAY        0.00                      0.11  -0.11     0.00
  MONTH TO DATE    2.29                      2.46  -0.17     2.41
  SINCE MAR 1      5.93                      4.94   0.99     7.51
  SINCE JAN 1     11.70                      9.06   2.64    10.73

SNOWFALL (IN)
  YESTERDAY        0.0                       0.0    0.0      0.0
  MONTH TO DATE    0.7                       1.2   -0.5      8.7
  SINCE MAR 1      5.4                       6.9   -1.5     11.4
  SINCE JUL 1     22.4                      37.4  -15.0     26.4
  SNOW DEPTH       0

DEGREE DAYS
 HEATING
  YESTERDAY       15                        13      2       16
  MONTH TO DATE  275                       394   -119      455
  SINCE MAR 1   1147                      1244    -97     1129
  SINCE JUL 1   4992                      5820   -828     5027

 COOLING
  YESTERDAY        0                         0      0        0
  MONTH TO DATE    3                         0      3        0
  SINCE MAR 1      3                         0      3        0
  SINCE JAN 1      3                         0      3        0
..................................................................


WIND (MPH)
  HIGHEST WIND SPEED    13   HIGHEST WIND DIRECTION     E (90)
  HIGHEST GUST SPEED    17   HIGHEST GUST DIRECTION     E (110)
  AVERAGE WIND SPEED     3.2


SKY COVER
  POSSIBLE SUNSHINE  MM
  AVERAGE SKY COVER 0.0


WEATHER CONDITIONS
 THE FOLLOWING WEATHER WAS RECORDED YESTERDAY.
  NO SIGNIFICANT WEATHER WAS OBSERVED.


RELATIVE HUMIDITY (PERCENT)
 HIGHEST    92           300 AM
 LOWEST     18           500 PM
 AVERAGE    55

..........................................................


THE TOLEDO OH CLIMATE NORMALS FOR TODAY
                         NORMAL    RECORD    YEAR
 MAXIMUM TEMPERATURE (F)   64        88      1925
 MINIMUM TEMPERATURE (F)   42        23      2015


SUNRISE AND SUNSET
APRIL 24 2017.........SUNRISE   641 AM EDT   SUNSET   826 PM EDT
APRIL 25 2017.........SUNRISE   640 AM EDT   SUNSET   827 PM EDT


-  INDICATES NEGATIVE NUMBERS.
R  INDICATES RECORD WAS SET OR TIED.
MM INDICATES DATA IS MISSING.
T  INDICATES TRACE AMOUNT.




$$
