000
CDUS41 KCLE 210532
CLITOL


CLIMATE REPORT
NATIONAL WEATHER SERVICE CLEVELAND OH
1230 AM EST SAT JAN 21 2017


...................................

...THE TOLEDO OH CLIMATE SUMMARY FOR JANUARY 20 2017...

CLIMATE NORMAL PERIOD 1981 TO 2010
CLIMATE RECORD PERIOD 1873 TO 2017


WEATHER ITEM   OBSERVED TIME   RECORD YEAR NORMAL DEPARTURE LAST
                VALUE   (LST)  VALUE       VALUE  FROM      YEAR
                                                  NORMAL
..................................................................
TEMPERATURE (F)
 YESTERDAY
  MAXIMUM         47    739 PM  67    1906  32     15       20
  MINIMUM         34    531 AM -17    1985  18     16        6
  AVERAGE         41                        25     16       13

PRECIPITATION (IN)
  YESTERDAY        0.32                      0.06   0.26     0.02
  MONTH TO DATE    3.69                      1.38   2.31     1.40
  SINCE DEC 1      6.17                      4.06   2.11     4.38
  SINCE JAN 1      3.69                      1.38   2.31     1.40

SNOWFALL (IN)
  YESTERDAY        0.0                       0.4   -0.4      0.4
  MONTH TO DATE    1.1                       7.3   -6.2      5.7
  SINCE DEC 1     14.3                      14.7   -0.4      5.7
  SINCE JUL 1     14.3                      16.8   -2.5      9.2
  SNOW DEPTH       0

DEGREE DAYS
 HEATING
  YESTERDAY       24                        40    -16       52
  MONTH TO DATE  716                       791    -75      803
  SINCE DEC 1   1874                      1883     -9     1543
  SINCE JUL 1   2798                      3116   -318     2553

 COOLING
  YESTERDAY        0                         0      0        0
  MONTH TO DATE    0                         0      0        0
  SINCE DEC 1      0                         0      0        0
  SINCE JAN 1      0                         0      0        0
..................................................................


WIND (MPH)
  HIGHEST WIND SPEED    15   HIGHEST WIND DIRECTION     W (250)
  HIGHEST GUST SPEED    19   HIGHEST GUST DIRECTION     W (260)
  AVERAGE WIND SPEED     6.9


SKY COVER
  POSSIBLE SUNSHINE  MM
  AVERAGE SKY COVER 1.0


WEATHER CONDITIONS
 THE FOLLOWING WEATHER WAS RECORDED YESTERDAY.
  RAIN
  LIGHT RAIN
  FOG
  FOG W/VISIBILITY <= 1/4 MILE


RELATIVE HUMIDITY (PERCENT)
 HIGHEST   100          1200 AM
 LOWEST    100          1200 AM
 AVERAGE   100

..........................................................


THE TOLEDO OH CLIMATE NORMALS FOR TODAY
                         NORMAL    RECORD    YEAR
 MAXIMUM TEMPERATURE (F)   32        70      1906
 MINIMUM TEMPERATURE (F)   18       -20      1984


SUNRISE AND SUNSET
JANUARY 21 2017.......SUNRISE   756 AM EST   SUNSET   538 PM EST
JANUARY 22 2017.......SUNRISE   755 AM EST   SUNSET   539 PM EST


-  INDICATES NEGATIVE NUMBERS.
R  INDICATES RECORD WAS SET OR TIED.
MM INDICATES DATA IS MISSING.
T  INDICATES TRACE AMOUNT.




$$
