000
CDUS41 KCLE 010534
CLITOL


CLIMATE REPORT
NATIONAL WEATHER SERVICE CLEVELAND OH
132 AM EDT SAT AUG 1 2015


...................................

...THE TOLEDO OH CLIMATE SUMMARY FOR JULY 31 2015...

CLIMATE NORMAL PERIOD 1981 TO 2010
CLIMATE RECORD PERIOD 1873 TO 2015


WEATHER ITEM   OBSERVED TIME   RECORD YEAR NORMAL DEPARTURE LAST
                VALUE   (LST)  VALUE       VALUE  FROM      YEAR
                                                  NORMAL
..................................................................
TEMPERATURE (F)
 YESTERDAY
  MAXIMUM         87    301 PM  97    1995  84      3       83
                                      1917
  MINIMUM         63    559 AM  48    2014  62      1       48
                                      1918
  AVERAGE         75                        73      2       66

PRECIPITATION (IN)
  YESTERDAY        0.00                      0.11  -0.11     0.02
  MONTH TO DATE    6.16                      3.23   2.93     0.83
  SINCE JUN 1     13.38                      6.80   6.58     4.81
  SINCE JAN 1     25.28                     20.17   5.11    18.66

SNOWFALL (IN)
  YESTERDAY        0.0                       0.0    0.0     MM
  MONTH TO DATE    0.0                       0.0    0.0      0.0
  SINCE JUN 1      0.0                       0.0    0.0      0.0
  SINCE JUL 1      0.0                       0.0    0.0      0.0
  SNOW DEPTH       0

DEGREE DAYS
 HEATING
  YESTERDAY        0                         0      0        0
  MONTH TO DATE    2                         0      2        9
  SINCE JUN 1     37                        38     -1       25
  SINCE JUL 1      2                         3     -1        9

 COOLING
  YESTERDAY       10                         8      2        1
  MONTH TO DATE  185                       265    -80      137
  SINCE JUN 1    318                       435   -117      328
  SINCE JAN 1    411                       488    -77      390
..................................................................


WIND (MPH)
  HIGHEST WIND SPEED    21   HIGHEST WIND DIRECTION     W (290)
  HIGHEST GUST SPEED    29   HIGHEST GUST DIRECTION    SW (240)
  AVERAGE WIND SPEED    10.3


SKY COVER
  POSSIBLE SUNSHINE  MM
  AVERAGE SKY COVER 0.0


WEATHER CONDITIONS
 THE FOLLOWING WEATHER WAS RECORDED YESTERDAY.
  NO SIGNIFICANT WEATHER WAS OBSERVED.


RELATIVE HUMIDITY (PERCENT)
 HIGHEST    84           600 AM
 LOWEST     32           500 PM
 AVERAGE    58

..........................................................


THE TOLEDO OH CLIMATE NORMALS FOR TODAY
                         NORMAL    RECORD    YEAR
 MAXIMUM TEMPERATURE (F)   83        98      1935
 MINIMUM TEMPERATURE (F)   62        46      1971


SUNRISE AND SUNSET
AUGUST  1 2015........SUNRISE   629 AM EDT   SUNSET   853 PM EDT
AUGUST  2 2015........SUNRISE   630 AM EDT   SUNSET   852 PM EDT


-  INDICATES NEGATIVE NUMBERS.
R  INDICATES RECORD WAS SET OR TIED.
MM INDICATES DATA IS MISSING.
T  INDICATES TRACE AMOUNT.




$$
