000
CDUS41 KCLE 280526
CLITOL


CLIMATE REPORT
NATIONAL WEATHER SERVICE CLEVELAND OH
125 AM EDT MON JUL 28 2014


...................................

...THE TOLEDO OH CLIMATE SUMMARY FOR JULY 27 2014...

CLIMATE NORMAL PERIOD 1981 TO 2010
CLIMATE RECORD PERIOD 1873 TO 2014


WEATHER ITEM   OBSERVED TIME   RECORD YEAR NORMAL DEPARTURE LAST
                VALUE   (LST)  VALUE       VALUE  FROM      YEAR
                                                  NORMAL
..................................................................
TEMPERATURE (F)
 YESTERDAY
  MAXIMUM         84    217 PM  99    1941  84      0       77
  MINIMUM         61   1002 PM  46    1977  62     -1       56
                                      1971
  AVERAGE         73                        73      0       67

PRECIPITATION (IN)
  YESTERDAY        T                         0.10  -0.10     0.75
  MONTH TO DATE    0.81                      2.79  -1.98     3.77
  SINCE JUN 1      4.79                      6.36  -1.57    10.12
  SINCE JAN 1     18.64                     19.73  -1.09    24.62

SNOWFALL (IN)
  YESTERDAY        0.0                       0.0    0.0      0.0
  MONTH TO DATE    0.0                       0.0    0.0      0.0
  SINCE JUN 1      0.0                       0.0    0.0      0.0
  SINCE JUL 1      0.0                       0.0    0.0      0.0
  SNOW DEPTH       0

DEGREE DAYS
 HEATING
  YESTERDAY        0                         0      0        0
  MONTH TO DATE    6                         0      6        3
  SINCE JUN 1     22                        35    -13       34
  SINCE JUL 1      6                         0      6        3

 COOLING
  YESTERDAY        8                         8      0        2
  MONTH TO DATE  135                       235   -100      239
  SINCE JUN 1    326                       405    -79      401
  SINCE JAN 1    388                       458    -70      495
..................................................................


WIND (MPH)
  HIGHEST WIND SPEED    22   HIGHEST WIND DIRECTION     W (250)
  HIGHEST GUST SPEED    28   HIGHEST GUST DIRECTION     N (350)
  AVERAGE WIND SPEED     6.7


SKY COVER
  POSSIBLE SUNSHINE  MM
  AVERAGE SKY COVER 0.7


WEATHER CONDITIONS
 THE FOLLOWING WEATHER WAS RECORDED YESTERDAY.
  THUNDERSTORM
  LIGHT RAIN
  FOG
  FOG W/VISIBILITY <= 1/4 MILE
  HAZE


RELATIVE HUMIDITY (PERCENT)
 HIGHEST   100           600 AM
 LOWEST     69          1200 PM
 AVERAGE    85

..........................................................


THE TOLEDO OH CLIMATE NORMALS FOR TODAY
                         NORMAL    RECORD    YEAR
 MAXIMUM TEMPERATURE (F)   84       100      1930
 MINIMUM TEMPERATURE (F)   62        50      2013
                                             1977


SUNRISE AND SUNSET
JULY 28 2014..........SUNRISE   626 AM EDT   SUNSET   857 PM EDT
JULY 29 2014..........SUNRISE   627 AM EDT   SUNSET   856 PM EDT


-  INDICATES NEGATIVE NUMBERS.
R  INDICATES RECORD WAS SET OR TIED.
MM INDICATES DATA IS MISSING.
T  INDICATES TRACE AMOUNT.




$$
