000
CDUS41 KCLE 282118
CLITOL


CLIMATE REPORT
NATIONAL WEATHER SERVICE CLEVELAND OH
518 PM EDT SAT MAY 28 2016


...................................

...THE TOLEDO OH CLIMATE SUMMARY FOR MAY 28 2016...
VALID TODAY AS OF 0500 PM LOCAL TIME.

CLIMATE NORMAL PERIOD 1981 TO 2010
CLIMATE RECORD PERIOD 1873 TO 2016


WEATHER ITEM   OBSERVED TIME   RECORD YEAR NORMAL DEPARTURE LAST
                VALUE   (LST)  VALUE       VALUE  FROM      YEAR
                                                  NORMAL
..................................................................
TEMPERATURE (F)
 TODAY
  MAXIMUM         91    228 PM  96    2012  75     16       79
  MINIMUM         64    515 AM  37    2008  52     12       54
                                      1971
                                      1889
  AVERAGE         78                        64     14       67

PRECIPITATION (IN)
  TODAY            0.00                      0.12  -0.12     0.00
  MONTH TO DATE    1.43                      3.21  -1.78     1.72
  SINCE MAR 1     10.53                      8.88   1.65     5.75
  SINCE JAN 1     13.75                     13.00   0.75     9.37

SNOWFALL (IN)
  TODAY            0.0                       0.0    0.0      0.0
  MONTH TO DATE    0.0                       0.1   -0.1      0.0
  SINCE MAR 1     11.4                       7.1    4.3      5.4
  SINCE JUL 1     26.4                      37.6  -11.2     45.7
  SNOW DEPTH       0

DEGREE DAYS
 HEATING
  TODAY            0                         4     -4        0
  MONTH TO DATE  224                       197     27      119
  SINCE MAR 1   1446                      1523    -77     1592
  SINCE JUL 1   5344                      6099   -755     6848

 COOLING
  TODAY           13                         3     10        2
  MONTH TO DATE   44                        36      8       81
  SINCE MAR 1     44                        44      0       81
  SINCE JAN 1     44                        44      0       81
..................................................................


WIND (MPH)
  HIGHEST WIND SPEED    20   HIGHEST WIND DIRECTION    SW (230)
  HIGHEST GUST SPEED    28   HIGHEST GUST DIRECTION    SW (240)


SKY COVER
  POSSIBLE SUNSHINE  MM
  AVERAGE SKY COVER 0.1


WEATHER CONDITIONS
 THE FOLLOWING WEATHER WAS RECORDED TODAY.
  NO SIGNIFICANT WEATHER WAS OBSERVED.


RELATIVE HUMIDITY (PERCENT)
 HIGHEST    81           400 AM
 LOWEST     34           200 PM
 AVERAGE    58

..........................................................


THE TOLEDO OH CLIMATE NORMALS FOR TOMORROW
                         NORMAL    RECORD    YEAR
 MAXIMUM TEMPERATURE (F)   75        93      2006
                                             1962
                                             1942
 MINIMUM TEMPERATURE (F)   53        33      1966


SUNRISE AND SUNSET
MAY 28 2016...........SUNRISE   605 AM EDT   SUNSET   900 PM EDT
MAY 29 2016...........SUNRISE   605 AM EDT   SUNSET   901 PM EDT


-  INDICATES NEGATIVE NUMBERS.
R  INDICATES RECORD WAS SET OR TIED.
MM INDICATES DATA IS MISSING.
T  INDICATES TRACE AMOUNT.




$$
