519
CDUS41 KCLE 130533
CLITOL


CLIMATE REPORT
NATIONAL WEATHER SERVICE CLEVELAND OH
1231 AM EST WED DEC 13 2017


...................................

...THE TOLEDO OH CLIMATE SUMMARY FOR DECEMBER 12 2017...

CLIMATE NORMAL PERIOD 1981 TO 2010
CLIMATE RECORD PERIOD 1873 TO 2017


WEATHER ITEM   OBSERVED TIME   RECORD YEAR NORMAL DEPARTURE LAST
                VALUE   (LST)  VALUE       VALUE  FROM      YEAR
                                                  NORMAL
..................................................................
TEMPERATURE (F)
 YESTERDAY
  MAXIMUM         32    334 AM  66    2015  37     -5       34
  MINIMUM         17    831 PM  -9    1962  24     -7       16
  AVERAGE         25                        30     -5       25

PRECIPITATION (IN)
  YESTERDAY        0.03                      0.09  -0.06     0.02
  MONTH TO DATE    0.28                      1.08  -0.80     1.41
  SINCE DEC 1      0.28                      1.08  -0.80     1.41
  SINCE JAN 1     38.18                     32.64   5.54    33.26

SNOWFALL (IN)
  YESTERDAY        0.4                       0.2    0.2      0.2
  MONTH TO DATE    2.8                       2.3    0.5     11.2
  SINCE DEC 1      2.8                       2.3    0.5     11.2
  SINCE JUL 1      2.8                       4.4   -1.6     11.2
  SNOW DEPTH       1

DEGREE DAYS
 HEATING
  YESTERDAY       40                        34      6       40
  MONTH TO DATE  380                       389     -9      410
  SINCE DEC 1    380                       389     -9      410
  SINCE JUL 1   1428                      1622   -194     1334

 COOLING
  YESTERDAY        0                         0      0        0
  MONTH TO DATE    0                         0      0        0
  SINCE DEC 1      0                         0      0        0
  SINCE JAN 1    744                       793    -49     1037
..................................................................


WIND (MPH)
  HIGHEST WIND SPEED    24   HIGHEST WIND DIRECTION    NW (320)
  HIGHEST GUST SPEED    34   HIGHEST GUST DIRECTION    NW (330)
  AVERAGE WIND SPEED    12.8


SKY COVER
  POSSIBLE SUNSHINE  MM
  AVERAGE SKY COVER 0.7


WEATHER CONDITIONS
 THE FOLLOWING WEATHER WAS RECORDED YESTERDAY.
  LIGHT SNOW
  FOG


RELATIVE HUMIDITY (PERCENT)
 HIGHEST   100           100 AM
 LOWEST     47           400 PM
 AVERAGE    74

..........................................................


THE TOLEDO OH CLIMATE NORMALS FOR TODAY
                         NORMAL    RECORD    YEAR
 MAXIMUM TEMPERATURE (F)   37        63      2015
 MINIMUM TEMPERATURE (F)   24        -4      1958


SUNRISE AND SUNSET
DECEMBER 13 2017......SUNRISE   754 AM EST   SUNSET   505 PM EST
DECEMBER 14 2017......SUNRISE   754 AM EST   SUNSET   506 PM EST


-  INDICATES NEGATIVE NUMBERS.
R  INDICATES RECORD WAS SET OR TIED.
MM INDICATES DATA IS MISSING.
T  INDICATES TRACE AMOUNT.




$$
