000
CDUS41 KCLE 010546
CLITOL


CLIMATE REPORT
NATIONAL WEATHER SERVICE CLEVELAND OH
145 AM EDT MON JUN 1 2015


...................................

...THE TOLEDO OH CLIMATE SUMMARY FOR MAY 31 2015...

CLIMATE NORMAL PERIOD 1981 TO 2010
CLIMATE RECORD PERIOD 1873 TO 2015


WEATHER ITEM   OBSERVED TIME   RECORD YEAR NORMAL DEPARTURE LAST
                VALUE   (LST)  VALUE       VALUE  FROM      YEAR
                                                  NORMAL
..................................................................
TEMPERATURE (F)
 YESTERDAY
  MAXIMUM         54        MM  94    1988  76    -22       81
  MINIMUM         49        MM  36    1984  53     -4       54
  AVERAGE         52                        65    -13       68

PRECIPITATION (IN)
  YESTERDAY        1.69                      0.12   1.57     0.00
  MONTH TO DATE    4.25                      3.58   0.67     1.97
  SINCE MAR 1      8.28                      9.25  -0.97     6.67
  SINCE JAN 1     11.90                     13.37  -1.47    13.85

SNOWFALL (IN)
  YESTERDAY       MM                         0.0   MM        0.0
  MONTH TO DATE    0.0                       0.1   -0.1      0.0
  SINCE MAR 1      5.4                       7.1   -1.7     12.8
  SINCE JUL 1     45.7                      37.6    8.1     86.3
  SNOW DEPTH       0

DEGREE DAYS
 HEATING
  YESTERDAY       13                         3     10        0
  MONTH TO DATE  132                       208    -76      191
  SINCE MAR 1   1605                      1534     71     1790
  SINCE JUL 1   6861                      6110    751     7116

 COOLING
  YESTERDAY        0                         3     -3        3
  MONTH TO DATE   93                        45     48       60
  SINCE MAR 1     93                        53     40       62
  SINCE JAN 1     93                        53     40       62
..................................................................


WIND (MPH)
  HIGHEST WIND SPEED    18   HIGHEST WIND DIRECTION    NE (60)
  HIGHEST GUST SPEED    31   HIGHEST GUST DIRECTION    NE (50)
  AVERAGE WIND SPEED    13.7


SKY COVER
  POSSIBLE SUNSHINE  MM
  AVERAGE SKY COVER 1.0


WEATHER CONDITIONS
 THE FOLLOWING WEATHER WAS RECORDED YESTERDAY.
  HEAVY RAIN
  RAIN
  LIGHT RAIN
  FOG


RELATIVE HUMIDITY (PERCENT)
 HIGHEST   100          1200 AM
 LOWEST     77          1100 PM
 AVERAGE    89

..........................................................


THE TOLEDO OH CLIMATE NORMALS FOR TODAY
                         NORMAL    RECORD    YEAR
 MAXIMUM TEMPERATURE (F)   76        98      1934
 MINIMUM TEMPERATURE (F)   54        38      1966


SUNRISE AND SUNSET
JUNE  1 2015..........SUNRISE   604 AM EDT   SUNSET   903 PM EDT
JUNE  2 2015..........SUNRISE   603 AM EDT   SUNSET   904 PM EDT


-  INDICATES NEGATIVE NUMBERS.
R  INDICATES RECORD WAS SET OR TIED.
MM INDICATES DATA IS MISSING.
T  INDICATES TRACE AMOUNT.




$$
