000
CDUS41 KCLE 230539
CLITOL


CLIMATE REPORT
NATIONAL WEATHER SERVICE CLEVELAND OH
139 AM EDT THU MAR 23 2017


...................................

...THE TOLEDO OH CLIMATE SUMMARY FOR MARCH 22 2017...

CLIMATE NORMAL PERIOD 1981 TO 2010
CLIMATE RECORD PERIOD 1873 TO 2017


WEATHER ITEM   OBSERVED TIME   RECORD YEAR NORMAL DEPARTURE LAST
                VALUE   (LST)  VALUE       VALUE  FROM      YEAR
                                                  NORMAL
..................................................................
TEMPERATURE (F)
 YESTERDAY
  MAXIMUM         37    438 PM  85    2012  50    -13       64
  MINIMUM         20    715 AM   4    1888  30    -10       28
  AVERAGE         29                        40    -11       46

PRECIPITATION (IN)
  YESTERDAY        0.00                      0.09  -0.09     0.00
  MONTH TO DATE    1.16                      1.69  -0.53     1.64
  SINCE MAR 1      1.16                      1.69  -0.53     1.64
  SINCE JAN 1      6.93                      5.81   1.12     4.86

SNOWFALL (IN)
  YESTERDAY        0.0                       0.2   -0.2      0.0
  MONTH TO DATE    4.7                       4.6    0.1      2.7
  SINCE MAR 1      4.7                       4.6    0.1      2.7
  SINCE JUL 1     21.7                      35.1  -13.4     17.7
  SNOW DEPTH       0

DEGREE DAYS
 HEATING
  YESTERDAY       36                        25     11       19
  MONTH TO DATE  701                       641     60      504
  SINCE MAR 1    701                       641     60      504
  SINCE JUL 1   4546                      5217   -671     4402

 COOLING
  YESTERDAY        0                         0      0        0
  MONTH TO DATE    0                         0      0        0
  SINCE MAR 1      0                         0      0        0
  SINCE JAN 1      0                         0      0        0
..................................................................


WIND (MPH)
  HIGHEST WIND SPEED    22   HIGHEST WIND DIRECTION     N (360)
  HIGHEST GUST SPEED    29   HIGHEST GUST DIRECTION     N (340)
  AVERAGE WIND SPEED     8.3


SKY COVER
  POSSIBLE SUNSHINE  MM
  AVERAGE SKY COVER 0.0


WEATHER CONDITIONS
 THE FOLLOWING WEATHER WAS RECORDED YESTERDAY.
  NO SIGNIFICANT WEATHER WAS OBSERVED.


RELATIVE HUMIDITY (PERCENT)
 HIGHEST    68          1100 PM
 LOWEST     35           200 PM
 AVERAGE    52

..........................................................


THE TOLEDO OH CLIMATE NORMALS FOR TODAY
                         NORMAL    RECORD    YEAR
 MAXIMUM TEMPERATURE (F)   50        73      1994
                                             1988
 MINIMUM TEMPERATURE (F)   31         5      1888


SUNRISE AND SUNSET
MARCH 23 2017.........SUNRISE   733 AM EDT   SUNSET   751 PM EDT
MARCH 24 2017.........SUNRISE   731 AM EDT   SUNSET   752 PM EDT


-  INDICATES NEGATIVE NUMBERS.
R  INDICATES RECORD WAS SET OR TIED.
MM INDICATES DATA IS MISSING.
T  INDICATES TRACE AMOUNT.




$$
