000
CDUS41 KCLE 240527
CLITOL


CLIMATE REPORT
NATIONAL WEATHER SERVICE CLEVELAND OH
1226 AM EST SAT FEB 24 2018


...................................

...THE TOLEDO OH CLIMATE SUMMARY FOR FEBRUARY 23 2018...

CLIMATE NORMAL PERIOD 1981 TO 2010
CLIMATE RECORD PERIOD 1873 TO 2018


WEATHER ITEM   OBSERVED TIME   RECORD YEAR NORMAL DEPARTURE LAST
                VALUE   (LST)  VALUE       VALUE  FROM      YEAR
                                                  NORMAL
..................................................................
TEMPERATURE (F)
 YESTERDAY
  MAXIMUM         51    357 PM  68    2017  38     13       68
  MINIMUM         34    409 AM  -8    1978  22     12       44
  AVERAGE         43                        30     13       56

PRECIPITATION (IN)
  YESTERDAY        0.28                      0.08   0.20     0.02
  MONTH TO DATE    3.57                      1.66   1.91     1.20
  SINCE DEC 1      5.82                      6.39  -0.57     7.83
  SINCE JAN 1      4.70                      3.71   0.99     5.35

SNOWFALL (IN)
  YESTERDAY        0.0                       0.4   -0.4      0.0
  MONTH TO DATE   10.3                       8.0    2.3      1.0
  SINCE DEC 1     30.8                      27.0    3.8     17.0
  SINCE JUL 1     30.8                      29.1    1.7     17.0
  SNOW DEPTH       0

DEGREE DAYS
 HEATING
  YESTERDAY       22                        35    -13        9
  MONTH TO DATE  829                       859    -30      619
  SINCE DEC 1   3252                      3175     77     2809
  SINCE JUL 1   4300                      4408   -108     3733

 COOLING
  YESTERDAY        0                         0      0        0
  MONTH TO DATE    0                         0      0        0
  SINCE DEC 1      0                         0      0        0
  SINCE JAN 1      0                         0      0        0
..................................................................


WIND (MPH)
  HIGHEST WIND SPEED    24   HIGHEST WIND DIRECTION     W (260)
  HIGHEST GUST SPEED    31   HIGHEST GUST DIRECTION     W (270)
  AVERAGE WIND SPEED    10.2


SKY COVER
  POSSIBLE SUNSHINE  MM
  AVERAGE SKY COVER 1.0


WEATHER CONDITIONS
 THE FOLLOWING WEATHER WAS RECORDED YESTERDAY.
  LIGHT RAIN
  FOG


RELATIVE HUMIDITY (PERCENT)
 HIGHEST   100           300 AM
 LOWEST     89           400 PM
 AVERAGE    95

..........................................................


THE TOLEDO OH CLIMATE NORMALS FOR TODAY
                         NORMAL    RECORD    YEAR
 MAXIMUM TEMPERATURE (F)   39        71      2017
 MINIMUM TEMPERATURE (F)   23        -4      1914


SUNRISE AND SUNSET
FEBRUARY 24 2018......SUNRISE   718 AM EST   SUNSET   620 PM EST
FEBRUARY 25 2018......SUNRISE   716 AM EST   SUNSET   621 PM EST


-  INDICATES NEGATIVE NUMBERS.
R  INDICATES RECORD WAS SET OR TIED.
MM INDICATES DATA IS MISSING.
T  INDICATES TRACE AMOUNT.




$$
