000
CDUS41 KCLE 200545
CLITOL


CLIMATE REPORT
NATIONAL WEATHER SERVICE CLEVELAND OH
145 AM EDT WED APR 20 2016


...................................

...THE TOLEDO OH CLIMATE SUMMARY FOR APRIL 19 2016...

CLIMATE NORMAL PERIOD 1981 TO 2010
CLIMATE RECORD PERIOD 1873 TO 2016


WEATHER ITEM   OBSERVED TIME   RECORD YEAR NORMAL DEPARTURE LAST
                VALUE   (LST)  VALUE       VALUE  FROM      YEAR
                                                  NORMAL
..................................................................
TEMPERATURE (F)
 YESTERDAY
  MAXIMUM         61    207 AM  85    2002  62     -1       58
                                      1985
  MINIMUM         50   1159 PM  22    1983  40     10       46
  AVERAGE         56                        51      5       52

PRECIPITATION (IN)
  YESTERDAY        0.00                      0.11  -0.11     0.60
  MONTH TO DATE    1.80                      2.03  -0.23     2.35
  SINCE MAR 1      6.90                      4.51   2.39     3.69
  SINCE JAN 1     10.12                      8.63   1.49     7.31

SNOWFALL (IN)
  YESTERDAY        0.0                       0.0    0.0      0.0
  MONTH TO DATE    8.7                       1.1    7.6      0.0
  SINCE MAR 1     11.4                       6.8    4.6      5.4
  SINCE JUL 1     26.4                      37.3  -10.9     45.7
  SNOW DEPTH       0

DEGREE DAYS
 HEATING
  YESTERDAY        9                        15     -6       13
  MONTH TO DATE  407                       339     68      269
  SINCE MAR 1   1081                      1189   -108     1259
  SINCE JUL 1   4979                      5765   -786     6515

 COOLING
  YESTERDAY        0                         0      0        0
  MONTH TO DATE    0                         0      0        0
  SINCE MAR 1      0                         0      0        0
  SINCE JAN 1      0                         0      0        0
..................................................................


WIND (MPH)
  HIGHEST WIND SPEED    18   HIGHEST WIND DIRECTION    NE (60)
  HIGHEST GUST SPEED    23   HIGHEST GUST DIRECTION     E (90)
  AVERAGE WIND SPEED     9.8


SKY COVER
  POSSIBLE SUNSHINE  MM
  AVERAGE SKY COVER 0.0


WEATHER CONDITIONS
 THE FOLLOWING WEATHER WAS RECORDED YESTERDAY.
  NO SIGNIFICANT WEATHER WAS OBSERVED.


RELATIVE HUMIDITY (PERCENT)
 HIGHEST    74           900 PM
 LOWEST     53           300 AM
 AVERAGE    64

..........................................................


THE TOLEDO OH CLIMATE NORMALS FOR TODAY
                         NORMAL    RECORD    YEAR
 MAXIMUM TEMPERATURE (F)   62        84      1985
 MINIMUM TEMPERATURE (F)   40        21      1897


SUNRISE AND SUNSET
APRIL 20 2016.........SUNRISE   647 AM EDT   SUNSET   822 PM EDT
APRIL 21 2016.........SUNRISE   645 AM EDT   SUNSET   823 PM EDT


-  INDICATES NEGATIVE NUMBERS.
R  INDICATES RECORD WAS SET OR TIED.
MM INDICATES DATA IS MISSING.
T  INDICATES TRACE AMOUNT.




$$
