000
CDUS41 KCLE 200526
CLITOL


CLIMATE REPORT
NATIONAL WEATHER SERVICE CLEVELAND OH
125 AM EDT SAT JUN 20 2015


...................................

...THE TOLEDO OH CLIMATE SUMMARY FOR JUNE 19 2015...

CLIMATE NORMAL PERIOD 1981 TO 2010
CLIMATE RECORD PERIOD 1873 TO 2015


WEATHER ITEM   OBSERVED TIME   RECORD YEAR NORMAL DEPARTURE LAST
                VALUE   (LST)  VALUE       VALUE  FROM      YEAR
                                                  NORMAL
..................................................................
TEMPERATURE (F)
 YESTERDAY
  MAXIMUM         73    258 PM  98    1995  82     -9       78
  MINIMUM         60   1046 PM  44    1970  60      0       63
  AVERAGE         67                        71     -4       71

PRECIPITATION (IN)
  YESTERDAY        0.00                      0.12  -0.12     0.51
  MONTH TO DATE    3.53                      2.34   1.19     2.69
  SINCE JUN 1      3.53                      2.34   1.19     2.69
  SINCE JAN 1     15.43                     15.71  -0.28    16.54

SNOWFALL (IN)
  YESTERDAY        0.0                       0.0    0.0      0.0
  MONTH TO DATE    0.0                       0.0    0.0      0.0
  SINCE JUN 1      0.0                       0.0    0.0      0.0
  SINCE JUL 1     45.7                      37.6    8.1     86.3
  SNOW DEPTH       0

DEGREE DAYS
 HEATING
  YESTERDAY        0                         1     -1        0
  MONTH TO DATE   27                        32     -5       15
  SINCE JUN 1     27                        32     -5       15
  SINCE JUL 1   6888                      6142    746     7131

 COOLING
  YESTERDAY        2                         6     -4        6
  MONTH TO DATE   93                        87      6      100
  SINCE JUN 1     93                        87      6      100
  SINCE JAN 1    186                       140     46      162
..................................................................


WIND (MPH)
  HIGHEST WIND SPEED    14   HIGHEST WIND DIRECTION     N (350)
  HIGHEST GUST SPEED    19   HIGHEST GUST DIRECTION     N (360)
  AVERAGE WIND SPEED     6.8


SKY COVER
  POSSIBLE SUNSHINE  MM
  AVERAGE SKY COVER 0.4


WEATHER CONDITIONS
 THE FOLLOWING WEATHER WAS RECORDED YESTERDAY.
  NO SIGNIFICANT WEATHER WAS OBSERVED.


RELATIVE HUMIDITY (PERCENT)
 HIGHEST    93          1200 AM
 LOWEST     57           100 PM
 AVERAGE    75

..........................................................


THE TOLEDO OH CLIMATE NORMALS FOR TODAY
                         NORMAL    RECORD    YEAR
 MAXIMUM TEMPERATURE (F)   82        98      1953
 MINIMUM TEMPERATURE (F)   60        39      1970


SUNRISE AND SUNSET
JUNE 20 2015..........SUNRISE   601 AM EDT   SUNSET   913 PM EDT
JUNE 21 2015..........SUNRISE   601 AM EDT   SUNSET   913 PM EDT


-  INDICATES NEGATIVE NUMBERS.
R  INDICATES RECORD WAS SET OR TIED.
MM INDICATES DATA IS MISSING.
T  INDICATES TRACE AMOUNT.




$$
