171
CDUS41 KCLE 270536
CLITOL


CLIMATE REPORT
NATIONAL WEATHER SERVICE CLEVELAND OH
1235 AM EST WED JAN 27 2016


...................................

...THE TOLEDO OH CLIMATE SUMMARY FOR JANUARY 26 2016...

CLIMATE NORMAL PERIOD 1981 TO 2010
CLIMATE RECORD PERIOD 1873 TO 2016


WEATHER ITEM   OBSERVED TIME   RECORD YEAR NORMAL DEPARTURE LAST
                VALUE   (LST)  VALUE       VALUE  FROM      YEAR
                                                  NORMAL
..................................................................
TEMPERATURE (F)
 YESTERDAY
  MAXIMUM         46    444 AM  68    1950  33     13       23
  MINIMUM         29   1159 PM -16    1897  18     11        8
  AVERAGE         38                        25     13       16

PRECIPITATION (IN)
  YESTERDAY        T                         0.06  -0.06     0.00
  MONTH TO DATE    1.41                      1.74  -0.33     1.90
  SINCE DEC 1      4.39                      4.42  -0.03     2.99
  SINCE JAN 1      1.41                      1.74  -0.33     1.90

SNOWFALL (IN)
  YESTERDAY        0.0                       0.3   -0.3      0.0
  MONTH TO DATE    5.9                       9.6   -3.7     12.2
  SINCE DEC 1      5.9                      17.0  -11.1     12.2
  SINCE JUL 1      9.4                      19.1   -9.7     15.0
  SNOW DEPTH       0

DEGREE DAYS
 HEATING
  YESTERDAY       27                        40    -13       49
  MONTH TO DATE 1031                      1031      0     1148
  SINCE DEC 1   1771                      2123   -352     2136
  SINCE JUL 1   2781                      3356   -575     3574

 COOLING
  YESTERDAY        0                         0      0        0
  MONTH TO DATE    0                         0      0        0
  SINCE DEC 1      0                         0      0        0
  SINCE JAN 1      0                         0      0        0
..................................................................


WIND (MPH)
  HIGHEST WIND SPEED    35   HIGHEST WIND DIRECTION     W (260)
  HIGHEST GUST SPEED    43   HIGHEST GUST DIRECTION     W (260)
  AVERAGE WIND SPEED    18.4


SKY COVER
  POSSIBLE SUNSHINE  MM
  AVERAGE SKY COVER 1.0


WEATHER CONDITIONS
 THE FOLLOWING WEATHER WAS RECORDED YESTERDAY.
  LIGHT RAIN
  FOG
  HAZE


RELATIVE HUMIDITY (PERCENT)
 HIGHEST    89           400 AM
 LOWEST     66           700 PM
 AVERAGE    78

..........................................................


THE TOLEDO OH CLIMATE NORMALS FOR TODAY
                         NORMAL    RECORD    YEAR
 MAXIMUM TEMPERATURE (F)   33        66      1916
 MINIMUM TEMPERATURE (F)   18        -7      1936


SUNRISE AND SUNSET
JANUARY 27 2016.......SUNRISE   752 AM EST   SUNSET   544 PM EST
JANUARY 28 2016.......SUNRISE   751 AM EST   SUNSET   545 PM EST


-  INDICATES NEGATIVE NUMBERS.
R  INDICATES RECORD WAS SET OR TIED.
MM INDICATES DATA IS MISSING.
T  INDICATES TRACE AMOUNT.




$$
