000
CDUS41 KCLE 060527
CLITOL


CLIMATE REPORT
NATIONAL WEATHER SERVICE CLEVELAND OH
1227 AM EST SAT DEC 6 2014


...................................

...THE TOLEDO OH CLIMATE SUMMARY FOR DECEMBER 5 2014...

CLIMATE NORMAL PERIOD 1981 TO 2010
CLIMATE RECORD PERIOD 1873 TO 2014


WEATHER ITEM   OBSERVED TIME   RECORD YEAR NORMAL DEPARTURE LAST
                VALUE   (LST)  VALUE       VALUE  FROM      YEAR
                                                  NORMAL
..................................................................
TEMPERATURE (F)
 YESTERDAY
  MAXIMUM         40    315 PM  70    2001  40      0       61
  MINIMUM         32    151 AM  -2    1976  26      6       31
  AVERAGE         36                        33      3       46

PRECIPITATION (IN)
  YESTERDAY        T                         0.09  -0.09     0.00
  MONTH TO DATE    T                         0.46  -0.46      T
  SINCE DEC 1      T                         0.46  -0.46      T
  SINCE JAN 1     30.61                     32.02  -1.41    33.76

SNOWFALL (IN)
  YESTERDAY        0.0                       0.1   -0.1      0.0
  MONTH TO DATE    T                         0.8   -0.8       T
  SINCE DEC 1      T                         0.8   -0.8       T
  SINCE JUL 1      2.8                       2.9   -0.1      0.5
  SNOW DEPTH       0

DEGREE DAYS
 HEATING
  YESTERDAY       29                        32     -3       19
  MONTH TO DATE  172                       156     16      122
  SINCE DEC 1    172                       156     16      122
  SINCE JUL 1   1610                      1389    221     1470

 COOLING
  YESTERDAY        0                         0      0        0
  MONTH TO DATE    0                         0      0        0
  SINCE DEC 1      0                         0      0        0
  SINCE JAN 1    654                       793   -139      793
..................................................................


WIND (MPH)
  HIGHEST WIND SPEED     9   HIGHEST WIND DIRECTION     E (90)
  HIGHEST GUST SPEED    12   HIGHEST GUST DIRECTION     E (90)
  AVERAGE WIND SPEED     2.8


SKY COVER
  POSSIBLE SUNSHINE  MM
  AVERAGE SKY COVER 1.0


WEATHER CONDITIONS
 THE FOLLOWING WEATHER WAS RECORDED YESTERDAY.
  LIGHT RAIN
  HAZE


RELATIVE HUMIDITY (PERCENT)
 HIGHEST    82          1000 PM
 LOWEST     70          1000 AM
 AVERAGE    76

..........................................................


THE TOLEDO OH CLIMATE NORMALS FOR TODAY
                         NORMAL    RECORD    YEAR
 MAXIMUM TEMPERATURE (F)   39        69      1998
 MINIMUM TEMPERATURE (F)   26         0      1964


SUNRISE AND SUNSET
DECEMBER  6 2014......SUNRISE   747 AM EST   SUNSET   505 PM EST
DECEMBER  7 2014......SUNRISE   748 AM EST   SUNSET   505 PM EST


-  INDICATES NEGATIVE NUMBERS.
R  INDICATES RECORD WAS SET OR TIED.
MM INDICATES DATA IS MISSING.
T  INDICATES TRACE AMOUNT.




$$
