000
CDUS41 KCLE 110546
CLITOL


CLIMATE REPORT
NATIONAL WEATHER SERVICE CLEVELAND OH
145 AM EDT MON MAY 11 2015


...................................

...THE TOLEDO OH CLIMATE SUMMARY FOR MAY 10 2015...

CLIMATE NORMAL PERIOD 1981 TO 2010
CLIMATE RECORD PERIOD 1873 TO 2015


WEATHER ITEM   OBSERVED TIME   RECORD YEAR NORMAL DEPARTURE LAST
                VALUE   (LST)  VALUE       VALUE  FROM      YEAR
                                                  NORMAL
..................................................................
TEMPERATURE (F)
 YESTERDAY
  MAXIMUM         81   1145 AM  90    1936  69     12       73
  MINIMUM         62    702 AM  27    1966  47     15       49
  AVERAGE         72                        58     14       61

PRECIPITATION (IN)
  YESTERDAY        0.34                      0.11   0.23     0.00
  MONTH TO DATE    0.66                      1.09  -0.43     0.33
  SINCE MAR 1      4.69                      6.76  -2.07     5.03
  SINCE JAN 1      8.31                     10.88  -2.57    12.21

SNOWFALL (IN)
  YESTERDAY        0.0                       0.0    0.0      0.0
  MONTH TO DATE    0.0                       0.1   -0.1      0.0
  SINCE MAR 1      5.4                       7.1   -1.7     12.8
  SINCE JUL 1     45.7                      37.6    8.1     86.3
  SNOW DEPTH       0

DEGREE DAYS
 HEATING
  YESTERDAY        0                         8     -8        4
  MONTH TO DATE   26                        92    -66      102
  SINCE MAR 1   1499                      1418     81     1701
  SINCE JUL 1   6755                      5994    761     7027

 COOLING
  YESTERDAY        7                         1      6        0
  MONTH TO DATE   25                         7     18        7
  SINCE MAR 1     25                        15     10        9
  SINCE JAN 1     25                        15     10        9
..................................................................


WIND (MPH)
  HIGHEST WIND SPEED    25   HIGHEST WIND DIRECTION     W (260)
  HIGHEST GUST SPEED    29   HIGHEST GUST DIRECTION     W (250)
  AVERAGE WIND SPEED     5.5


SKY COVER
  POSSIBLE SUNSHINE  MM
  AVERAGE SKY COVER 0.8


WEATHER CONDITIONS
 THE FOLLOWING WEATHER WAS RECORDED YESTERDAY.
  THUNDERSTORM
  HEAVY RAIN
  RAIN
  LIGHT RAIN
  FOG
  FOG W/VISIBILITY <= 1/4 MILE
  HAZE


RELATIVE HUMIDITY (PERCENT)
 HIGHEST   100           200 AM
 LOWEST     54          1200 PM
 AVERAGE    77

..........................................................


THE TOLEDO OH CLIMATE NORMALS FOR TODAY
                         NORMAL    RECORD    YEAR
 MAXIMUM TEMPERATURE (F)   69        89      1979
 MINIMUM TEMPERATURE (F)   47        29      1945


SUNRISE AND SUNSET
MAY 11 2015...........SUNRISE   620 AM EDT   SUNSET   844 PM EDT
MAY 12 2015...........SUNRISE   619 AM EDT   SUNSET   845 PM EDT


-  INDICATES NEGATIVE NUMBERS.
R  INDICATES RECORD WAS SET OR TIED.
MM INDICATES DATA IS MISSING.
T  INDICATES TRACE AMOUNT.




$$
