000
CDUS41 KCLE 282216
CLITOL


CLIMATE REPORT
NATIONAL WEATHER SERVICE CLEVELAND OH
515 PM EST WED JAN 28 2015


...................................

...THE TOLEDO OH CLIMATE SUMMARY FOR JANUARY 28 2015...
VALID TODAY AS OF 0500 PM LOCAL TIME.

CLIMATE NORMAL PERIOD 1981 TO 2010
CLIMATE RECORD PERIOD 1873 TO 2015


WEATHER ITEM   OBSERVED TIME   RECORD YEAR NORMAL DEPARTURE LAST
                VALUE   (LST)  VALUE       VALUE  FROM      YEAR
                                                  NORMAL
..................................................................
TEMPERATURE (F)
 TODAY
  MAXIMUM         26    115 PM  61    2002  33     -7        3
  MINIMUM          4    828 AM -10    2014  18    -14      -10
                                      1977
  AVERAGE         15                        26    -11       -3

PRECIPITATION (IN)
  TODAY            0.00                      0.06  -0.06     0.00
  MONTH TO DATE    1.90                      1.86   0.04     3.22
  SINCE DEC 1      2.99                      4.54  -1.55     6.29
  SINCE JAN 1      1.90                      1.86   0.04     3.22

SNOWFALL (IN)
  TODAY            0.0                       0.4   -0.4      0.0
  MONTH TO DATE   12.2                      10.4    1.8     39.5
  SINCE DEC 1     12.2                      17.8   -5.6     50.7
  SINCE JUL 1     15.0                      19.9   -4.9     51.2
  SNOW DEPTH       1

DEGREE DAYS
 HEATING
  TODAY           50                        39     11       68
  MONTH TO DATE 1246                      1110    136     1370
  SINCE DEC 1   2234                      2202     32     2521
  SINCE JUL 1   3672                      3435    237     3869

 COOLING
  TODAY            0                         0      0        0
  MONTH TO DATE    0                         0      0        0
  SINCE DEC 1      0                         0      0        0
  SINCE JAN 1      0                         0      0        0
..................................................................


WIND (MPH)
  HIGHEST WIND SPEED    10   HIGHEST WIND DIRECTION     S (180)
  HIGHEST GUST SPEED    14   HIGHEST GUST DIRECTION     S (190)


SKY COVER
  POSSIBLE SUNSHINE  MM
  AVERAGE SKY COVER 0.0


WEATHER CONDITIONS
 THE FOLLOWING WEATHER WAS RECORDED TODAY.
  NO SIGNIFICANT WEATHER WAS OBSERVED.


RELATIVE HUMIDITY (PERCENT)
 HIGHEST    91           600 AM
 LOWEST     55           300 PM
 AVERAGE    73

..........................................................


THE TOLEDO OH CLIMATE NORMALS FOR TOMORROW
                         NORMAL    RECORD    YEAR
 MAXIMUM TEMPERATURE (F)   33        62      1914
 MINIMUM TEMPERATURE (F)   18        -9      1963
                                             1885


SUNRISE AND SUNSET
JANUARY 28 2015.......SUNRISE   751 AM EST   SUNSET   546 PM EST
JANUARY 29 2015.......SUNRISE   750 AM EST   SUNSET   547 PM EST


-  INDICATES NEGATIVE NUMBERS.
R  INDICATES RECORD WAS SET OR TIED.
MM INDICATES DATA IS MISSING.
T  INDICATES TRACE AMOUNT.




$$
