000
CDUS41 KCLE 162230
CLITOL


CLIMATE REPORT
NATIONAL WEATHER SERVICE CLEVELAND OH
530 PM EST MON JAN 16 2017


...................................

...THE TOLEDO OH CLIMATE SUMMARY FOR JANUARY 16 2017...
VALID TODAY AS OF 0500 PM LOCAL TIME.

CLIMATE NORMAL PERIOD 1981 TO 2010
CLIMATE RECORD PERIOD 1873 TO 2017


WEATHER ITEM   OBSERVED TIME   RECORD YEAR NORMAL DEPARTURE LAST
                VALUE   (LST)  VALUE       VALUE  FROM      YEAR
                                                  NORMAL
..................................................................
TEMPERATURE (F)
 TODAY
  MAXIMUM         36    409 PM  58    1889  32      4       35
  MINIMUM         20    307 AM -17    1972  18      2       27
  AVERAGE         28                        25      3       31

PRECIPITATION (IN)
  TODAY            T                         0.07  -0.07     0.00
  MONTH TO DATE    2.50                      1.14   1.36     1.38
  SINCE DEC 1      4.98                      3.82   1.16     4.36
  SINCE JAN 1      2.50                      1.14   1.36     1.38

SNOWFALL (IN)
  TODAY           MM                         0.4   MM        0.0
  MONTH TO DATE    1.1                       5.7   -4.6      5.3
  SINCE DEC 1     14.3                      13.1    1.2      5.3
  SINCE JUL 1     14.3                      15.2   -0.9      8.8
  SNOW DEPTH       0

DEGREE DAYS
 HEATING
  TODAY           37                        40     -3       34
  MONTH TO DATE  614                       631    -17      596
  SINCE DEC 1   1772                      1723     49     1336
  SINCE JUL 1   2696                      2956   -260     2346

 COOLING
  TODAY            0                         0      0        0
  MONTH TO DATE    0                         0      0        0
  SINCE DEC 1      0                         0      0        0
  SINCE JAN 1      0                         0      0        0
..................................................................


WIND (MPH)
  HIGHEST WIND SPEED     8   HIGHEST WIND DIRECTION     E (100)
  HIGHEST GUST SPEED    11   HIGHEST GUST DIRECTION     E (100)


SKY COVER
  POSSIBLE SUNSHINE  MM
  AVERAGE SKY COVER 0.7


WEATHER CONDITIONS
 THE FOLLOWING WEATHER WAS RECORDED TODAY.
  LIGHT RAIN
  FOG
  HAZE


RELATIVE HUMIDITY (PERCENT)
 HIGHEST   100           100 AM
 LOWEST     75           300 PM
 AVERAGE    88

..........................................................


THE TOLEDO OH CLIMATE NORMALS FOR TOMORROW
                         NORMAL    RECORD    YEAR
 MAXIMUM TEMPERATURE (F)   32        64      1952
 MINIMUM TEMPERATURE (F)   18       -17      1982


SUNRISE AND SUNSET
JANUARY 16 2017.......SUNRISE   759 AM EST   SUNSET   532 PM EST
JANUARY 17 2017.......SUNRISE   758 AM EST   SUNSET   533 PM EST


-  INDICATES NEGATIVE NUMBERS.
R  INDICATES RECORD WAS SET OR TIED.
MM INDICATES DATA IS MISSING.
T  INDICATES TRACE AMOUNT.




$$
