000
CDUS41 KCLE 290537
CLITOL


CLIMATE REPORT
NATIONAL WEATHER SERVICE CLEVELAND OH
136 AM EDT FRI MAY 29 2015


...................................

...THE TOLEDO OH CLIMATE SUMMARY FOR MAY 28 2015...

CLIMATE NORMAL PERIOD 1981 TO 2010
CLIMATE RECORD PERIOD 1873 TO 2015


WEATHER ITEM   OBSERVED TIME   RECORD YEAR NORMAL DEPARTURE LAST
                VALUE   (LST)  VALUE       VALUE  FROM      YEAR
                                                  NORMAL
..................................................................
TEMPERATURE (F)
 YESTERDAY
  MAXIMUM         79    359 PM  96    2012  75      4       78
  MINIMUM         54    420 AM  37    2008  52      2       61
                                      1971
                                      1889
  AVERAGE         67                        64      3       70

PRECIPITATION (IN)
  YESTERDAY        0.00                      0.12  -0.12     0.20
  MONTH TO DATE    1.72                      3.21  -1.49     1.97
  SINCE MAR 1      5.75                      8.88  -3.13     6.67
  SINCE JAN 1      9.37                     13.00  -3.63    13.85

SNOWFALL (IN)
  YESTERDAY        0.0                       0.0    0.0      0.0
  MONTH TO DATE    0.0                       0.1   -0.1      0.0
  SINCE MAR 1      5.4                       7.1   -1.7     12.8
  SINCE JUL 1     45.7                      37.6    8.1     86.3
  SNOW DEPTH       0

DEGREE DAYS
 HEATING
  YESTERDAY        0                         4     -4        0
  MONTH TO DATE  119                       197    -78      190
  SINCE MAR 1   1592                      1523     69     1789
  SINCE JUL 1   6848                      6099    749     7115

 COOLING
  YESTERDAY        2                         3     -1        5
  MONTH TO DATE   81                        36     45       57
  SINCE MAR 1     81                        44     37       59
  SINCE JAN 1     81                        44     37       59
..................................................................


WIND (MPH)
  HIGHEST WIND SPEED    13   HIGHEST WIND DIRECTION    NE (60)
  HIGHEST GUST SPEED    20   HIGHEST GUST DIRECTION     E (110)
  AVERAGE WIND SPEED     5.7


SKY COVER
  POSSIBLE SUNSHINE  MM
  AVERAGE SKY COVER 0.0


WEATHER CONDITIONS
 THE FOLLOWING WEATHER WAS RECORDED YESTERDAY.
  NO SIGNIFICANT WEATHER WAS OBSERVED.


RELATIVE HUMIDITY (PERCENT)
 HIGHEST   100           400 AM
 LOWEST     39           300 PM
 AVERAGE    70

..........................................................


THE TOLEDO OH CLIMATE NORMALS FOR TODAY
                         NORMAL    RECORD    YEAR
 MAXIMUM TEMPERATURE (F)   75        93      2006
                                             1962
 MINIMUM TEMPERATURE (F)   53        33      1966


SUNRISE AND SUNSET
MAY 29 2015...........SUNRISE   605 AM EDT   SUNSET   900 PM EDT
MAY 30 2015...........SUNRISE   605 AM EDT   SUNSET   901 PM EDT


-  INDICATES NEGATIVE NUMBERS.
R  INDICATES RECORD WAS SET OR TIED.
MM INDICATES DATA IS MISSING.
T  INDICATES TRACE AMOUNT.




$$
