000
CDUS41 KCLE 310526
CLITOL


CLIMATE REPORT
NATIONAL WEATHER SERVICE CLEVELAND OH
125 AM EDT MON AUG 31 2015


...................................

...THE TOLEDO OH CLIMATE SUMMARY FOR AUGUST 30 2015...

CLIMATE NORMAL PERIOD 1981 TO 2010
CLIMATE RECORD PERIOD 1873 TO 2015


WEATHER ITEM   OBSERVED TIME   RECORD YEAR NORMAL DEPARTURE LAST
                VALUE   (LST)  VALUE       VALUE  FROM      YEAR
                                                  NORMAL
..................................................................
TEMPERATURE (F)
 YESTERDAY
  MAXIMUM         85    308 PM  98    1953  81      4       86
  MINIMUM         67   1159 PM  41    1986  59      8       69
                                      1976
                                      1946
  AVERAGE         76                        70      6       78

PRECIPITATION (IN)
  YESTERDAY        0.19                      0.09   0.10      T
  MONTH TO DATE    3.05                      3.05   0.00     2.53
  SINCE JUN 1     16.43                      9.85   6.58     7.34
  SINCE JAN 1     28.33                     23.22   5.11    21.19

SNOWFALL (IN)
  YESTERDAY        0.0                       0.0    0.0      0.0
  MONTH TO DATE    0.0                       0.0    0.0      0.0
  SINCE JUN 1      0.0                       0.0    0.0      0.0
  SINCE JUL 1      0.0                       0.0    0.0      0.0
  SNOW DEPTH       0

DEGREE DAYS
 HEATING
  YESTERDAY        0                         1     -1        0
  MONTH TO DATE   10                         6      4        5
  SINCE JUN 1     47                        44      3       30
  SINCE JUL 1     12                         9      3       14

 COOLING
  YESTERDAY       11                         6      5       13
  MONTH TO DATE  160                       211    -51      195
  SINCE JUN 1    478                       646   -168      523
  SINCE JAN 1    571                       699   -128      585
..................................................................


WIND (MPH)
  HIGHEST WIND SPEED    13   HIGHEST WIND DIRECTION    SW (240)
  HIGHEST GUST SPEED    17   HIGHEST GUST DIRECTION    SW (210)
  AVERAGE WIND SPEED     4.3


SKY COVER
  POSSIBLE SUNSHINE  MM
  AVERAGE SKY COVER 0.6


WEATHER CONDITIONS
 THE FOLLOWING WEATHER WAS RECORDED YESTERDAY.
  RAIN
  LIGHT RAIN
  FOG


RELATIVE HUMIDITY (PERCENT)
 HIGHEST   100           100 AM
 LOWEST     55           400 PM
 AVERAGE    78

..........................................................


THE TOLEDO OH CLIMATE NORMALS FOR TODAY
                         NORMAL    RECORD    YEAR
 MAXIMUM TEMPERATURE (F)   81       101      1951
 MINIMUM TEMPERATURE (F)   59        44      1967


SUNRISE AND SUNSET
AUGUST 31 2015........SUNRISE   700 AM EDT   SUNSET   810 PM EDT
SEPTEMBER  1 2015.....SUNRISE   701 AM EDT   SUNSET   809 PM EDT


-  INDICATES NEGATIVE NUMBERS.
R  INDICATES RECORD WAS SET OR TIED.
MM INDICATES DATA IS MISSING.
T  INDICATES TRACE AMOUNT.




$$
