000
CDUS41 KCLE 152112
CLITOL


CLIMATE REPORT
NATIONAL WEATHER SERVICE CLEVELAND OH
512 PM EDT MON SEP 15 2014


...................................

...THE TOLEDO OH CLIMATE SUMMARY FOR SEPTEMBER 15 2014...
VALID TODAY AS OF 0500 PM LOCAL TIME.

CLIMATE NORMAL PERIOD 1981 TO 2010
CLIMATE RECORD PERIOD 1873 TO 2014


WEATHER ITEM   OBSERVED TIME   RECORD YEAR NORMAL DEPARTURE LAST
                VALUE   (LST)  VALUE       VALUE  FROM      YEAR
                                                  NORMAL
..................................................................
TEMPERATURE (F)
 TODAY
  MAXIMUM         60    340 PM 100    1939  76    -16       70
  MINIMUM         43    543 AM  39    1985  53    -10       43
                                      1983
                                      1975
  AVERAGE         52                        65    -13       57

PRECIPITATION (IN)
  TODAY            0.02                      0.10  -0.08     0.11
  MONTH TO DATE    4.76                      1.42   3.34     1.24
  SINCE SEP 1      4.76                      1.42   3.34     1.24
  SINCE JAN 1     25.95                     24.74   1.21    28.03

SNOWFALL (IN)
  TODAY            0.0                       0.0    0.0      0.0
  MONTH TO DATE    0.0                       0.0    0.0      0.0
  SINCE SEP 1      0.0                       0.0    0.0      0.0
  SINCE JUL 1      0.0                       0.0    0.0      0.0
  SNOW DEPTH       0

DEGREE DAYS
 HEATING
  TODAY           13                         3     10        8
  MONTH TO DATE   47                        27     20       35
  SINCE SEP 1     47                        27     20       35
  SINCE JUL 1     61                        41     20       64

 COOLING
  TODAY            0                         3     -3        0
  MONTH TO DATE   55                        59     -4       73
  SINCE SEP 1     55                        59     -4       73
  SINCE JAN 1    653                       761   -108      755
..................................................................


WIND (MPH)
  HIGHEST WIND SPEED     9   HIGHEST WIND DIRECTION     W (280)
  HIGHEST GUST SPEED    14   HIGHEST GUST DIRECTION     W (280)


SKY COVER
  POSSIBLE SUNSHINE  MM
  AVERAGE SKY COVER 0.3


WEATHER CONDITIONS
 THE FOLLOWING WEATHER WAS RECORDED TODAY.
  LIGHT RAIN
  FOG


RELATIVE HUMIDITY (PERCENT)
 HIGHEST   100          1200 AM
 LOWEST     72           100 PM
 AVERAGE    86

..........................................................


THE TOLEDO OH CLIMATE NORMALS FOR TOMORROW
                         NORMAL    RECORD    YEAR
 MAXIMUM TEMPERATURE (F)   76        97      1939
 MINIMUM TEMPERATURE (F)   53        35      2007
                                             1966


SUNRISE AND SUNSET
SEPTEMBER 15 2014.....SUNRISE   715 AM EDT   SUNSET   745 PM EDT
SEPTEMBER 16 2014.....SUNRISE   716 AM EDT   SUNSET   743 PM EDT


-  INDICATES NEGATIVE NUMBERS.
R  INDICATES RECORD WAS SET OR TIED.
MM INDICATES DATA IS MISSING.
T  INDICATES TRACE AMOUNT.




$$
