314
CDUS41 KCLE 230526
CLITOL


CLIMATE REPORT
NATIONAL WEATHER SERVICE CLEVELAND OH
1226 AM EST MON JAN 23 2017


...................................

...THE TOLEDO OH CLIMATE SUMMARY FOR JANUARY 22 2017...

CLIMATE NORMAL PERIOD 1981 TO 2010
CLIMATE RECORD PERIOD 1873 TO 2017


WEATHER ITEM   OBSERVED TIME   RECORD YEAR NORMAL DEPARTURE LAST
                VALUE   (LST)  VALUE       VALUE  FROM      YEAR
                                                  NORMAL
..................................................................
TEMPERATURE (F)
 YESTERDAY
  MAXIMUM         62    252 PM  65    1933  33     29       29
  MINIMUM         37    309 AM -12    1936  18     19       17
  AVERAGE         50                        25     25       23

PRECIPITATION (IN)
  YESTERDAY        0.04                      0.06  -0.02     0.01
  MONTH TO DATE    3.73                      1.50   2.23     1.41
  SINCE DEC 1      6.21                      4.18   2.03     4.39
  SINCE JAN 1      3.73                      1.50   2.23     1.41

SNOWFALL (IN)
  YESTERDAY        0.0                       0.4   -0.4      0.2
  MONTH TO DATE    1.1                       8.1   -7.0      5.9
  SINCE DEC 1     14.3                      15.5   -1.2      5.9
  SINCE JUL 1     14.3                      17.6   -3.3      9.4
  SNOW DEPTH       0

DEGREE DAYS
 HEATING
  YESTERDAY       15                        40    -25       42
  MONTH TO DATE  745                       871   -126      893
  SINCE DEC 1   1903                      1963    -60     1633
  SINCE JUL 1   2827                      3196   -369     2643

 COOLING
  YESTERDAY        0                         0      0        0
  MONTH TO DATE    0                         0      0        0
  SINCE DEC 1      0                         0      0        0
  SINCE JAN 1      0                         0      0        0
..................................................................


WIND (MPH)
  HIGHEST WIND SPEED    17   HIGHEST WIND DIRECTION    NE (60)
  HIGHEST GUST SPEED    24   HIGHEST GUST DIRECTION     E (80)
  AVERAGE WIND SPEED     5.9


SKY COVER
  POSSIBLE SUNSHINE  MM
  AVERAGE SKY COVER 0.6


WEATHER CONDITIONS
 THE FOLLOWING WEATHER WAS RECORDED YESTERDAY.
  LIGHT RAIN
  FOG
  FOG W/VISIBILITY <= 1/4 MILE


RELATIVE HUMIDITY (PERCENT)
 HIGHEST   100          1200 AM
 LOWEST     60           300 PM
 AVERAGE    80

..........................................................


THE TOLEDO OH CLIMATE NORMALS FOR TODAY
                         NORMAL    RECORD    YEAR
 MAXIMUM TEMPERATURE (F)   33        66      1909
 MINIMUM TEMPERATURE (F)   18       -17      1963


SUNRISE AND SUNSET
JANUARY 23 2017.......SUNRISE   755 AM EST   SUNSET   540 PM EST
JANUARY 24 2017.......SUNRISE   754 AM EST   SUNSET   541 PM EST


-  INDICATES NEGATIVE NUMBERS.
R  INDICATES RECORD WAS SET OR TIED.
MM INDICATES DATA IS MISSING.
T  INDICATES TRACE AMOUNT.




$$
