000
CDUS41 KCLE 270545
CLITOL


CLIMATE REPORT
NATIONAL WEATHER SERVICE CLEVELAND OH
145 AM EDT MON MAR 27 2017


...................................

...THE TOLEDO OH CLIMATE SUMMARY FOR MARCH 26 2017...

CLIMATE NORMAL PERIOD 1981 TO 2010
CLIMATE RECORD PERIOD 1873 TO 2017


WEATHER ITEM   OBSERVED TIME   RECORD YEAR NORMAL DEPARTURE LAST
                VALUE   (LST)  VALUE       VALUE  FROM      YEAR
                                                  NORMAL
..................................................................
TEMPERATURE (F)
 YESTERDAY
  MAXIMUM         59    431 PM  79    2007  51      8       49
  MINIMUM         37    601 AM   9    2014  32      5       25
  AVERAGE         48                        41      7       37

PRECIPITATION (IN)
  YESTERDAY        0.40                      0.08   0.32     0.00
  MONTH TO DATE    1.83                      2.02  -0.19     2.95
  SINCE MAR 1      1.83                      2.02  -0.19     2.95
  SINCE JAN 1      7.60                      6.14   1.46     6.17

SNOWFALL (IN)
  YESTERDAY       MM                         0.1   MM        0.0
  MONTH TO DATE    4.7                       5.1   -0.4      2.7
  SINCE MAR 1      4.7                       5.1   -0.4      2.7
  SINCE JUL 1     21.7                      35.6  -13.9     17.7
  SNOW DEPTH       0

DEGREE DAYS
 HEATING
  YESTERDAY       17                        24     -7       28
  MONTH TO DATE  771                       738     33      595
  SINCE MAR 1    771                       738     33      595
  SINCE JUL 1   4616                      5314   -698     4493

 COOLING
  YESTERDAY        0                         0      0        0
  MONTH TO DATE    0                         0      0        0
  SINCE MAR 1      0                         0      0        0
  SINCE JAN 1      0                         0      0        0
..................................................................


WIND (MPH)
  HIGHEST WIND SPEED    18   HIGHEST WIND DIRECTION     E (70)
  HIGHEST GUST SPEED    24   HIGHEST GUST DIRECTION    NE (60)
  AVERAGE WIND SPEED     7.0


SKY COVER
  POSSIBLE SUNSHINE  MM
  AVERAGE SKY COVER 1.0


WEATHER CONDITIONS
 THE FOLLOWING WEATHER WAS RECORDED YESTERDAY.
  THUNDERSTORM
  HEAVY RAIN
  RAIN
  LIGHT RAIN
  FOG


RELATIVE HUMIDITY (PERCENT)
 HIGHEST   100          1100 AM
 LOWEST     86           400 PM
 AVERAGE    93

..........................................................


THE TOLEDO OH CLIMATE NORMALS FOR TODAY
                         NORMAL    RECORD    YEAR
 MAXIMUM TEMPERATURE (F)   52        80      1945
                                             1910
 MINIMUM TEMPERATURE (F)   32         6      1965


SUNRISE AND SUNSET
MARCH 27 2017.........SUNRISE   726 AM EDT   SUNSET   755 PM EDT
MARCH 28 2017.........SUNRISE   725 AM EDT   SUNSET   756 PM EDT


-  INDICATES NEGATIVE NUMBERS.
R  INDICATES RECORD WAS SET OR TIED.
MM INDICATES DATA IS MISSING.
T  INDICATES TRACE AMOUNT.




$$
