148
CDUS41 KCLE 160528
CLITOL


CLIMATE REPORT
NATIONAL WEATHER SERVICE CLEVELAND OH
1228 AM EST MON JAN 16 2017


...................................

...THE TOLEDO OH CLIMATE SUMMARY FOR JANUARY 15 2017...

CLIMATE NORMAL PERIOD 1981 TO 2010
CLIMATE RECORD PERIOD 1873 TO 2017


WEATHER ITEM   OBSERVED TIME   RECORD YEAR NORMAL DEPARTURE LAST
                VALUE   (LST)  VALUE       VALUE  FROM      YEAR
                                                  NORMAL
..................................................................
TEMPERATURE (F)
 YESTERDAY
  MAXIMUM         32    348 PM  63    1932  32      0       44
  MINIMUM         16    830 AM -12    1972  18     -2       35
  AVERAGE         24                        25     -1       40

PRECIPITATION (IN)
  YESTERDAY        0.00                      0.06  -0.06     0.37
  MONTH TO DATE    2.50                      1.07   1.43     1.38
  SINCE DEC 1      4.98                      3.75   1.23     4.36
  SINCE JAN 1      2.50                      1.07   1.43     1.38

SNOWFALL (IN)
  YESTERDAY        0.0                       0.4   -0.4      0.0
  MONTH TO DATE    1.1                       5.3   -4.2      5.3
  SINCE DEC 1     14.3                      12.7    1.6      5.3
  SINCE JUL 1     14.3                      14.8   -0.5      8.8
  SNOW DEPTH       0

DEGREE DAYS
 HEATING
  YESTERDAY       41                        40      1       25
  MONTH TO DATE  577                       591    -14      562
  SINCE DEC 1   1735                      1683     52     1302
  SINCE JUL 1   2659                      2916   -257     2312

 COOLING
  YESTERDAY        0                         0      0        0
  MONTH TO DATE    0                         0      0        0
  SINCE DEC 1      0                         0      0        0
  SINCE JAN 1      0                         0      0        0
..................................................................


WIND (MPH)
  HIGHEST WIND SPEED     7   HIGHEST WIND DIRECTION     S (180)
  HIGHEST GUST SPEED     8   HIGHEST GUST DIRECTION     S (190)
  AVERAGE WIND SPEED     0.8


SKY COVER
  POSSIBLE SUNSHINE  MM
  AVERAGE SKY COVER 0.0


WEATHER CONDITIONS
 THE FOLLOWING WEATHER WAS RECORDED YESTERDAY.
  FOG


RELATIVE HUMIDITY (PERCENT)
 HIGHEST   100          1200 AM
 LOWEST     63           200 PM
 AVERAGE    82

..........................................................


THE TOLEDO OH CLIMATE NORMALS FOR TODAY
                         NORMAL    RECORD    YEAR
 MAXIMUM TEMPERATURE (F)   32        58      1889
 MINIMUM TEMPERATURE (F)   18       -17      1972


SUNRISE AND SUNSET
JANUARY 16 2017.......SUNRISE   759 AM EST   SUNSET   532 PM EST
JANUARY 17 2017.......SUNRISE   758 AM EST   SUNSET   533 PM EST


-  INDICATES NEGATIVE NUMBERS.
R  INDICATES RECORD WAS SET OR TIED.
MM INDICATES DATA IS MISSING.
T  INDICATES TRACE AMOUNT.




$$
