000
CDUS41 KCLE 282214
CLITOL


CLIMATE REPORT
NATIONAL WEATHER SERVICE CLEVELAND OH
511 PM EST SAT FEB 28 2015


...................................

...THE TOLEDO OH CLIMATE SUMMARY FOR FEBRUARY 28 2015...
VALID TODAY AS OF 0500 PM LOCAL TIME.

CLIMATE NORMAL PERIOD 1981 TO 2010
CLIMATE RECORD PERIOD 1873 TO 2015


WEATHER ITEM   OBSERVED TIME   RECORD YEAR NORMAL DEPARTURE LAST
                VALUE   (LST)  VALUE       VALUE  FROM      YEAR
                                                  NORMAL
..................................................................
TEMPERATURE (F)
 TODAY
  MAXIMUM         19    411 PM  64    1880  40    -21       22
  MINIMUM         -9R   744 AM  -7    2014  24    -33       -7
  AVERAGE          5                        32    -27        8

PRECIPITATION (IN)
  TODAY            0.00                      0.08  -0.08     0.00
  MONTH TO DATE    1.55                      2.07  -0.52     3.89
  SINCE DEC 1      4.69                      6.80  -2.11    10.25
  SINCE JAN 1      3.60                      4.12  -0.52     7.18

SNOWFALL (IN)
  TODAY            0.0                       0.3   -0.3      0.0
  MONTH TO DATE   25.0                       9.4   15.6     21.6
  SINCE DEC 1     37.2                      28.4    8.8     73.0
  SINCE JUL 1     40.0                      30.5    9.5     73.5
  SNOW DEPTH       9

DEGREE DAYS
 HEATING
  TODAY           60                        33     27       57
  MONTH TO DATE 1463                      1028    435     1317
  SINCE DEC 1   3818                      3343    475     3978
  SINCE JUL 1   5256                      4576    680     5326

 COOLING
  TODAY            0                         0      0        0
  MONTH TO DATE    0                         0      0        0
  SINCE DEC 1      0                         0      0        0
  SINCE JAN 1      0                         0      0        0
..................................................................


WIND (MPH)
  HIGHEST WIND SPEED    10   HIGHEST WIND DIRECTION     S (170)
  HIGHEST GUST SPEED    15   HIGHEST GUST DIRECTION     S (180)


SKY COVER
  POSSIBLE SUNSHINE  MM
  AVERAGE SKY COVER 0.0


WEATHER CONDITIONS
 THE FOLLOWING WEATHER WAS RECORDED TODAY.
  FOG


RELATIVE HUMIDITY (PERCENT)
 HIGHEST    90           800 AM
 LOWEST     43           400 PM
 AVERAGE    67

..........................................................


THE TOLEDO OH CLIMATE NORMALS FOR TOMORROW
                         NORMAL    RECORD    YEAR
 MAXIMUM TEMPERATURE (F)   41        65      1997
 MINIMUM TEMPERATURE (F)   24         2      1978
                                             1967
                                             1960


SUNRISE AND SUNSET
FEBRUARY 28 2015......SUNRISE   712 AM EST   SUNSET   624 PM EST
MARCH  1 2015.........SUNRISE   710 AM EST   SUNSET   625 PM EST


-  INDICATES NEGATIVE NUMBERS.
R  INDICATES RECORD WAS SET OR TIED.
MM INDICATES DATA IS MISSING.
T  INDICATES TRACE AMOUNT.




$$
