000
CDUS41 KCLE 262115
CLITOL


CLIMATE REPORT
NATIONAL WEATHER SERVICE CLEVELAND OH
511 PM EDT WED APR 26 2017


...................................

...THE TOLEDO OH CLIMATE SUMMARY FOR APRIL 26 2017...
VALID TODAY AS OF 0500 PM LOCAL TIME.

CLIMATE NORMAL PERIOD 1981 TO 2010
CLIMATE RECORD PERIOD 1873 TO 2017


WEATHER ITEM   OBSERVED TIME   RECORD YEAR NORMAL DEPARTURE LAST
                VALUE   (LST)  VALUE       VALUE  FROM      YEAR
                                                  NORMAL
..................................................................
TEMPERATURE (F)
 TODAY
  MAXIMUM         85    359 PM  89    1915  64     21       69
  MINIMUM         55    129 AM  25    1972  42     13       44
  AVERAGE         70                        53     17       57

PRECIPITATION (IN)
  TODAY            0.00                      0.10  -0.10     0.72
  MONTH TO DATE    2.29                      2.77  -0.48     3.13
  SINCE MAR 1      5.93                      5.25   0.68     8.23
  SINCE JAN 1     11.70                      9.37   2.33    11.45

SNOWFALL (IN)
  TODAY            0.0                       0.1   -0.1      0.0
  MONTH TO DATE    0.7                       1.3   -0.6      8.7
  SINCE MAR 1      5.4                       7.0   -1.6     11.4
  SINCE JUL 1     22.4                      37.5  -15.1     26.4
  SNOW DEPTH       0

DEGREE DAYS
 HEATING
  TODAY            0                        12    -12        8
  MONTH TO DATE  290                       431   -141      480
  SINCE MAR 1   1162                      1281   -119     1154
  SINCE JUL 1   5007                      5857   -850     5052

 COOLING
  TODAY            5                         0      5        0
  MONTH TO DATE    8                         0      8        0
  SINCE MAR 1      8                         0      8        0
  SINCE JAN 1      8                         0      8        0
..................................................................


WIND (MPH)
  HIGHEST WIND SPEED    23   HIGHEST WIND DIRECTION     S (190)
  HIGHEST GUST SPEED    31   HIGHEST GUST DIRECTION     S (190)


SKY COVER
  POSSIBLE SUNSHINE  MM
  AVERAGE SKY COVER 0.0


WEATHER CONDITIONS
 THE FOLLOWING WEATHER WAS RECORDED TODAY.
  NO SIGNIFICANT WEATHER WAS OBSERVED.


RELATIVE HUMIDITY (PERCENT)
 HIGHEST    93           100 AM
 LOWEST     31           300 PM
 AVERAGE    62

..........................................................


THE TOLEDO OH CLIMATE NORMALS FOR TOMORROW
                         NORMAL    RECORD    YEAR
 MAXIMUM TEMPERATURE (F)   65        88      1990
 MINIMUM TEMPERATURE (F)   43        27      1971


SUNRISE AND SUNSET
APRIL 26 2017.........SUNRISE   638 AM EDT   SUNSET   828 PM EDT
APRIL 27 2017.........SUNRISE   637 AM EDT   SUNSET   829 PM EDT


-  INDICATES NEGATIVE NUMBERS.
R  INDICATES RECORD WAS SET OR TIED.
MM INDICATES DATA IS MISSING.
T  INDICATES TRACE AMOUNT.




$$
