000
CDUS41 KCLE 300526
CLITOL


CLIMATE REPORT
NATIONAL WEATHER SERVICE CLEVELAND OH
125 AM EDT TUE JUN 30 2015


...................................

...THE TOLEDO OH CLIMATE SUMMARY FOR JUNE 29 2015...

CLIMATE NORMAL PERIOD 1981 TO 2010
CLIMATE RECORD PERIOD 1873 TO 2015


WEATHER ITEM   OBSERVED TIME   RECORD YEAR NORMAL DEPARTURE LAST
                VALUE   (LST)  VALUE       VALUE  FROM      YEAR
                                                  NORMAL
..................................................................
TEMPERATURE (F)
 YESTERDAY
  MAXIMUM         70   1259 PM 100    1952  84    -14       87
  MINIMUM         54    226 AM  47    1943  62     -8       70
  AVERAGE         62                        73    -11       79

PRECIPITATION (IN)
  YESTERDAY        0.00                      0.11  -0.11      T
  MONTH TO DATE    7.22                      3.46   3.76     3.98
  SINCE JUN 1      7.22                      3.46   3.76     3.98
  SINCE JAN 1     19.12                     16.83   2.29    17.83

SNOWFALL (IN)
  YESTERDAY        0.0                       0.0    0.0      0.0
  MONTH TO DATE    0.0                       0.0    0.0      0.0
  SINCE JUN 1      0.0                       0.0    0.0      0.0
  SINCE JUL 1     45.7                      37.6    8.1     86.3
  SNOW DEPTH       0

DEGREE DAYS
 HEATING
  YESTERDAY        3                         0      3        0
  MONTH TO DATE   35                        35      0       16
  SINCE JUN 1     35                        35      0       16
  SINCE JUL 1   6896                      6145    751     7132

 COOLING
  YESTERDAY        0                         8     -8       14
  MONTH TO DATE  130                       162    -32      177
  SINCE JUN 1    130                       162    -32      177
  SINCE JAN 1    223                       215      8      239
..................................................................


WIND (MPH)
  HIGHEST WIND SPEED    15   HIGHEST WIND DIRECTION     S (170)
  HIGHEST GUST SPEED    21   HIGHEST GUST DIRECTION    SE (130)
  AVERAGE WIND SPEED     4.6


SKY COVER
  POSSIBLE SUNSHINE  MM
  AVERAGE SKY COVER 0.7


WEATHER CONDITIONS
 THE FOLLOWING WEATHER WAS RECORDED YESTERDAY.
  FOG


RELATIVE HUMIDITY (PERCENT)
 HIGHEST   100           200 AM
 LOWEST     66          1200 PM
 AVERAGE    83

..........................................................


THE TOLEDO OH CLIMATE NORMALS FOR TODAY
                         NORMAL    RECORD    YEAR
 MAXIMUM TEMPERATURE (F)   84        97      1953
                                             1913
 MINIMUM TEMPERATURE (F)   62        42      1943


SUNRISE AND SUNSET
JUNE 30 2015..........SUNRISE   604 AM EDT   SUNSET   913 PM EDT
JULY  1 2015..........SUNRISE   605 AM EDT   SUNSET   913 PM EDT


-  INDICATES NEGATIVE NUMBERS.
R  INDICATES RECORD WAS SET OR TIED.
MM INDICATES DATA IS MISSING.
T  INDICATES TRACE AMOUNT.




$$
