438
CDUS41 KCLE 210536
CLITOL


CLIMATE REPORT
NATIONAL WEATHER SERVICE CLEVELAND OH
126 AM EDT WED JUN 21 2017


...................................

...THE TOLEDO OH CLIMATE SUMMARY FOR JUNE 20 2017...

CLIMATE NORMAL PERIOD 1981 TO 2010
CLIMATE RECORD PERIOD 1873 TO 2017


WEATHER ITEM   OBSERVED TIME   RECORD YEAR NORMAL DEPARTURE LAST
                VALUE   (LST)  VALUE       VALUE  FROM      YEAR
                                                  NORMAL
..................................................................
TEMPERATURE (F)
 YESTERDAY
  MAXIMUM         80    405 PM  98    1953  82     -2       92
  MINIMUM         56   1152 PM  39    1970  60     -4       71
  AVERAGE         68                        71     -3       82

PRECIPITATION (IN)
  YESTERDAY        0.01                      0.12  -0.11     0.00
  MONTH TO DATE    0.70                      2.46  -1.76     0.69
  SINCE JUN 1      0.70                      2.46  -1.76     0.69
  SINCE JAN 1     18.56                     15.83   2.73    14.45

SNOWFALL (IN)
  YESTERDAY        0.0                       0.0    0.0      0.0
  MONTH TO DATE    0.0                       0.0    0.0      0.0
  SINCE JUN 1      0.0                       0.0    0.0      0.0
  SINCE JUL 1     22.4                      37.6  -15.2     26.4
  SNOW DEPTH       0

DEGREE DAYS
 HEATING
  YESTERDAY        0                         1     -1        0
  MONTH TO DATE   12                        33    -21       13
  SINCE JUN 1     12                        33    -21       13
  SINCE JUL 1   5306                      6143   -837     5357

 COOLING
  YESTERDAY        3                         7     -4       17
  MONTH TO DATE  138                        94     44      132
  SINCE JUN 1    138                        94     44      132
  SINCE JAN 1    183                       147     36      201
..................................................................


WIND (MPH)
  HIGHEST WIND SPEED    21   HIGHEST WIND DIRECTION    NW (330)
  HIGHEST GUST SPEED    30   HIGHEST GUST DIRECTION    NW (300)
  AVERAGE WIND SPEED    10.1


SKY COVER
  POSSIBLE SUNSHINE  MM
  AVERAGE SKY COVER 0.4


WEATHER CONDITIONS
 THE FOLLOWING WEATHER WAS RECORDED YESTERDAY.
  LIGHT RAIN


RELATIVE HUMIDITY (PERCENT)
 HIGHEST   100           300 AM
 LOWEST     37           300 PM
 AVERAGE    69

..........................................................


THE TOLEDO OH CLIMATE NORMALS FOR TODAY
                         NORMAL    RECORD    YEAR
 MAXIMUM TEMPERATURE (F)   83       100      1988
 MINIMUM TEMPERATURE (F)   60        38      1963


SUNRISE AND SUNSET
JUNE 21 2017..........SUNRISE   601 AM EDT   SUNSET   913 PM EDT
JUNE 22 2017..........SUNRISE   601 AM EDT   SUNSET   913 PM EDT


-  INDICATES NEGATIVE NUMBERS.
R  INDICATES RECORD WAS SET OR TIED.
MM INDICATES DATA IS MISSING.
T  INDICATES TRACE AMOUNT.




$$
