000
CDUS41 KCLE 130545
CLITOL


CLIMATE REPORT
NATIONAL WEATHER SERVICE CLEVELAND OH
145 AM EDT FRI OCT 13 2017


...................................

...THE TOLEDO OH CLIMATE SUMMARY FOR OCTOBER 12 2017...

CLIMATE NORMAL PERIOD 1981 TO 2010
CLIMATE RECORD PERIOD 1873 TO 2017


WEATHER ITEM   OBSERVED TIME   RECORD YEAR NORMAL DEPARTURE LAST
                VALUE   (LST)  VALUE       VALUE  FROM      YEAR
                                                  NORMAL
..................................................................
TEMPERATURE (F)
 YESTERDAY
  MAXIMUM         59   1200 PM  85    2008  64     -5       79
  MINIMUM         52    801 AM  25    1964  43      9       46
  AVERAGE         56                        54      2       63

PRECIPITATION (IN)
  YESTERDAY        0.00                      0.08  -0.08     0.13
  MONTH TO DATE    2.17                      1.04   1.13     0.36
  SINCE SEP 1      4.81                      3.82   0.99     4.33
  SINCE JAN 1     31.61                     27.14   4.47    27.64

SNOWFALL (IN)
  YESTERDAY        0.0                       0.0    0.0      0.0
  MONTH TO DATE    0.0                       0.0    0.0      0.0
  SINCE SEP 1      0.0                       0.0    0.0      0.0
  SINCE JUL 1      0.0                       0.0    0.0      0.0
  SNOW DEPTH       0

DEGREE DAYS
 HEATING
  YESTERDAY        9                        12     -3        2
  MONTH TO DATE   31                       122    -91       70
  SINCE SEP 1    110                       232   -122      108
  SINCE JUL 1    124                       246   -122      109

 COOLING
  YESTERDAY        0                         0      0        0
  MONTH TO DATE   27                         8     19       14
  SINCE SEP 1    149                        90     59      133
  SINCE JAN 1    742                       792    -50     1022
..................................................................


WIND (MPH)
  HIGHEST WIND SPEED    13   HIGHEST WIND DIRECTION    NE (40)
  HIGHEST GUST SPEED    17   HIGHEST GUST DIRECTION    NE (40)
  AVERAGE WIND SPEED     4.8


SKY COVER
  POSSIBLE SUNSHINE  MM
  AVERAGE SKY COVER 1.0


WEATHER CONDITIONS
 THE FOLLOWING WEATHER WAS RECORDED YESTERDAY.
  FOG


RELATIVE HUMIDITY (PERCENT)
 HIGHEST   100           400 AM
 LOWEST     89          1200 AM
 AVERAGE    95

..........................................................


THE TOLEDO OH CLIMATE NORMALS FOR TODAY
                         NORMAL    RECORD    YEAR
 MAXIMUM TEMPERATURE (F)   64        83      1975
                                             1935
 MINIMUM TEMPERATURE (F)   42        23      1988


SUNRISE AND SUNSET
OCTOBER 13 2017.......SUNRISE   745 AM EDT   SUNSET   657 PM EDT
OCTOBER 14 2017.......SUNRISE   746 AM EDT   SUNSET   655 PM EDT


-  INDICATES NEGATIVE NUMBERS.
R  INDICATES RECORD WAS SET OR TIED.
MM INDICATES DATA IS MISSING.
T  INDICATES TRACE AMOUNT.




$$
