000
CDUS41 KCLE 160535
CLITOL


CLIMATE REPORT
NATIONAL WEATHER SERVICE CLEVELAND OH
1233 AM EST SAT DEC 16 2017


...................................

...THE TOLEDO OH CLIMATE SUMMARY FOR DECEMBER 15 2017...

CLIMATE NORMAL PERIOD 1981 TO 2010
CLIMATE RECORD PERIOD 1873 TO 2017


WEATHER ITEM   OBSERVED TIME   RECORD YEAR NORMAL DEPARTURE LAST
                VALUE   (LST)  VALUE       VALUE  FROM      YEAR
                                                  NORMAL
..................................................................
TEMPERATURE (F)
 YESTERDAY
  MAXIMUM         30   1159 PM  65    1933  36     -6       11
  MINIMUM         14   1223 AM  -5    1914  23     -9        3
  AVERAGE         22                        30     -8        7

PRECIPITATION (IN)
  YESTERDAY        T                         0.09  -0.09     0.01
  MONTH TO DATE    0.48                      1.33  -0.85     1.42
  SINCE DEC 1      0.48                      1.33  -0.85     1.42
  SINCE JAN 1     38.38                     32.89   5.49    33.27

SNOWFALL (IN)
  YESTERDAY        0.1                       0.2   -0.1      0.3
  MONTH TO DATE    6.1                       3.0    3.1     11.5
  SINCE DEC 1      6.1                       3.0    3.1     11.5
  SINCE JUL 1      6.1                       5.1    1.0     11.5
  SNOW DEPTH       3

DEGREE DAYS
 HEATING
  YESTERDAY       43                        35      8       58
  MONTH TO DATE  517                       494     23      569
  SINCE DEC 1    517                       494     23      569
  SINCE JUL 1   1565                      1727   -162     1493

 COOLING
  YESTERDAY        0                         0      0        0
  MONTH TO DATE    0                         0      0        0
  SINCE DEC 1      0                         0      0        0
  SINCE JAN 1    744                       793    -49     1037
..................................................................


WIND (MPH)
  HIGHEST WIND SPEED    23   HIGHEST WIND DIRECTION     W (250)
  HIGHEST GUST SPEED    29   HIGHEST GUST DIRECTION    SW (240)
  AVERAGE WIND SPEED    12.3


SKY COVER
  POSSIBLE SUNSHINE  MM
  AVERAGE SKY COVER 1.0


WEATHER CONDITIONS
 THE FOLLOWING WEATHER WAS RECORDED YESTERDAY.
  LIGHT SNOW
  FOG
  HAZE


RELATIVE HUMIDITY (PERCENT)
 HIGHEST    81           900 PM
 LOWEST     61           100 AM
 AVERAGE    71

..........................................................


THE TOLEDO OH CLIMATE NORMALS FOR TODAY
                         NORMAL    RECORD    YEAR
 MAXIMUM TEMPERATURE (F)   36        62      1984
 MINIMUM TEMPERATURE (F)   23       -10      1951


SUNRISE AND SUNSET
DECEMBER 16 2017......SUNRISE   756 AM EST   SUNSET   506 PM EST
DECEMBER 17 2017......SUNRISE   756 AM EST   SUNSET   507 PM EST


-  INDICATES NEGATIVE NUMBERS.
R  INDICATES RECORD WAS SET OR TIED.
MM INDICATES DATA IS MISSING.
T  INDICATES TRACE AMOUNT.




$$
