000
CDUS41 KCLE 262113
CLITOL


CLIMATE REPORT
NATIONAL WEATHER SERVICE CLEVELAND OH
512 PM EDT TUE SEP 26 2017


...................................

...THE TOLEDO OH CLIMATE SUMMARY FOR SEPTEMBER 26 2017...
VALID TODAY AS OF 0500 PM LOCAL TIME.

CLIMATE NORMAL PERIOD 1981 TO 2010
CLIMATE RECORD PERIOD 1873 TO 2017


WEATHER ITEM   OBSERVED TIME   RECORD YEAR NORMAL DEPARTURE LAST
                VALUE   (LST)  VALUE       VALUE  FROM      YEAR
                                                  NORMAL
..................................................................
TEMPERATURE (F)
 TODAY
  MAXIMUM         92R   334 PM  92    1998  71     21       69
  MINIMUM         63    653 AM  32    1940  48     15       46
  AVERAGE         78                        60     18       58

PRECIPITATION (IN)
  TODAY            0.00                      0.09  -0.09     0.39
  MONTH TO DATE    2.64                      2.43   0.21     2.58
  SINCE SEP 1      2.64                      2.43   0.21     2.58
  SINCE JAN 1     29.44                     25.75   3.69    25.89

SNOWFALL (IN)
  TODAY            0.0                       0.0    0.0      0.0
  MONTH TO DATE    0.0                       0.0    0.0      0.0
  SINCE SEP 1      0.0                       0.0    0.0      0.0
  SINCE JUL 1      0.0                       0.0    0.0      0.0
  SNOW DEPTH       0

DEGREE DAYS
 HEATING
  TODAY            0                         6     -6        7
  MONTH TO DATE   61                        80    -19       14
  SINCE SEP 1     61                        80    -19       14
  SINCE JUL 1     75                        94    -19       15

 COOLING
  TODAY           13                         1     12        0
  MONTH TO DATE  116                        77     39      119
  SINCE SEP 1    116                        77     39      119
  SINCE JAN 1    709                       779    -70     1008
..................................................................


WIND (MPH)
  HIGHEST WIND SPEED    14   HIGHEST WIND DIRECTION     W (250)
  HIGHEST GUST SPEED    18   HIGHEST GUST DIRECTION    SW (230)


SKY COVER
  POSSIBLE SUNSHINE  MM
  AVERAGE SKY COVER 0.0


WEATHER CONDITIONS
 THE FOLLOWING WEATHER WAS RECORDED TODAY.
  NO SIGNIFICANT WEATHER WAS OBSERVED.


RELATIVE HUMIDITY (PERCENT)
 HIGHEST   100           500 AM
 LOWEST     38           400 PM
 AVERAGE    69

..........................................................


THE TOLEDO OH CLIMATE NORMALS FOR TOMORROW
                         NORMAL    RECORD    YEAR
 MAXIMUM TEMPERATURE (F)   71        90      1891
 MINIMUM TEMPERATURE (F)   48        33      1980


SUNRISE AND SUNSET
SEPTEMBER 26 2017.....SUNRISE   727 AM EDT   SUNSET   725 PM EDT
SEPTEMBER 27 2017.....SUNRISE   728 AM EDT   SUNSET   723 PM EDT


-  INDICATES NEGATIVE NUMBERS.
R  INDICATES RECORD WAS SET OR TIED.
MM INDICATES DATA IS MISSING.
T  INDICATES TRACE AMOUNT.




$$
