000
CDUS41 KCLE 280529
CLITOL


CLIMATE REPORT
NATIONAL WEATHER SERVICE CLEVELAND OH
1228 AM EST WED JAN 28 2015


...................................

...THE TOLEDO OH CLIMATE SUMMARY FOR JANUARY 27 2015...

CLIMATE NORMAL PERIOD 1981 TO 2010
CLIMATE RECORD PERIOD 1873 TO 2015


WEATHER ITEM   OBSERVED TIME   RECORD YEAR NORMAL DEPARTURE LAST
                VALUE   (LST)  VALUE       VALUE  FROM      YEAR
                                                  NORMAL
..................................................................
TEMPERATURE (F)
 YESTERDAY
  MAXIMUM         26    457 PM  66    1916  33     -7       29
  MINIMUM          7   1220 AM  -7    1936  18    -11       -6
  AVERAGE         17                        25     -8       12

PRECIPITATION (IN)
  YESTERDAY        0.00                      0.06  -0.06     0.06
  MONTH TO DATE    1.90                      1.80   0.10     3.22
  SINCE DEC 1      2.99                      4.48  -1.49     6.29
  SINCE JAN 1      1.90                      1.80   0.10     3.22

SNOWFALL (IN)
  YESTERDAY        0.0                       0.4   -0.4      1.1
  MONTH TO DATE   12.2                      10.0    2.2     39.5
  SINCE DEC 1     12.2                      17.4   -5.2     50.7
  SINCE JUL 1     15.0                      19.5   -4.5     51.2
  SNOW DEPTH       1

DEGREE DAYS
 HEATING
  YESTERDAY       48                        40      8       53
  MONTH TO DATE 1196                      1071    125     1302
  SINCE DEC 1   2184                      2163     21     2453
  SINCE JUL 1   3622                      3396    226     3801

 COOLING
  YESTERDAY        0                         0      0        0
  MONTH TO DATE    0                         0      0        0
  SINCE DEC 1      0                         0      0        0
  SINCE JAN 1      0                         0      0        0
..................................................................


WIND (MPH)
  HIGHEST WIND SPEED    14   HIGHEST WIND DIRECTION    NW (320)
  HIGHEST GUST SPEED    17   HIGHEST GUST DIRECTION    NW (310)
  AVERAGE WIND SPEED     5.1


SKY COVER
  POSSIBLE SUNSHINE  MM
  AVERAGE SKY COVER 0.2


WEATHER CONDITIONS
 THE FOLLOWING WEATHER WAS RECORDED YESTERDAY.
  FOG


RELATIVE HUMIDITY (PERCENT)
 HIGHEST    92           600 AM
 LOWEST     50           500 PM
 AVERAGE    71

..........................................................


THE TOLEDO OH CLIMATE NORMALS FOR TODAY
                         NORMAL    RECORD    YEAR
 MAXIMUM TEMPERATURE (F)   33        61      2002
 MINIMUM TEMPERATURE (F)   18       -10      2014
                                             1977


SUNRISE AND SUNSET
JANUARY 28 2015.......SUNRISE   751 AM EST   SUNSET   546 PM EST
JANUARY 29 2015.......SUNRISE   750 AM EST   SUNSET   547 PM EST


-  INDICATES NEGATIVE NUMBERS.
R  INDICATES RECORD WAS SET OR TIED.
MM INDICATES DATA IS MISSING.
T  INDICATES TRACE AMOUNT.




$$
