000
CDUS41 KCLE 172112
CLITOL


CLIMATE REPORT
NATIONAL WEATHER SERVICE CLEVELAND OH
511 PM EDT TUE OCT 17 2017


...................................

...THE TOLEDO OH CLIMATE SUMMARY FOR OCTOBER 17 2017...
VALID TODAY AS OF 0500 PM LOCAL TIME.

CLIMATE NORMAL PERIOD 1981 TO 2010
CLIMATE RECORD PERIOD 1873 TO 2017


WEATHER ITEM   OBSERVED TIME   RECORD YEAR NORMAL DEPARTURE LAST
                VALUE   (LST)  VALUE       VALUE  FROM      YEAR
                                                  NORMAL
..................................................................
TEMPERATURE (F)
 TODAY
  MAXIMUM         69    359 PM  83    1968  62      7       81
                                      1950
                                      1938
  MINIMUM         42    611 AM  21    1977  41      1       62
  AVERAGE         56                        52      4       72

PRECIPITATION (IN)
  TODAY            0.00                      0.08  -0.08     0.00
  MONTH TO DATE    2.20                      1.46   0.74     0.54
  SINCE SEP 1      4.84                      4.24   0.60     4.51
  SINCE JAN 1     31.64                     27.56   4.08    27.82

SNOWFALL (IN)
  TODAY            0.0                       0.1   -0.1      0.0
  MONTH TO DATE    0.0                       0.1   -0.1      0.0
  SINCE SEP 1      0.0                       0.1   -0.1      0.0
  SINCE JUL 1      0.0                       0.1   -0.1      0.0
  SNOW DEPTH       0

DEGREE DAYS
 HEATING
  TODAY            9                        13     -4        0
  MONTH TO DATE   60                       185   -125      111
  SINCE SEP 1    139                       295   -156      149
  SINCE JUL 1    153                       309   -156      150

 COOLING
  TODAY            0                         0      0        7
  MONTH TO DATE   29                         8     21       22
  SINCE SEP 1    151                        90     61      141
  SINCE JAN 1    744                       792    -48     1030
..................................................................


WIND (MPH)
  HIGHEST WIND SPEED    24   HIGHEST WIND DIRECTION    SW (240)
  HIGHEST GUST SPEED    32   HIGHEST GUST DIRECTION    SW (240)


SKY COVER
  POSSIBLE SUNSHINE  MM
  AVERAGE SKY COVER 0.0


WEATHER CONDITIONS
 THE FOLLOWING WEATHER WAS RECORDED TODAY.
  NO SIGNIFICANT WEATHER WAS OBSERVED.


RELATIVE HUMIDITY (PERCENT)
 HIGHEST    96           100 AM
 LOWEST     37           200 PM
 AVERAGE    67

..........................................................


THE TOLEDO OH CLIMATE NORMALS FOR TOMORROW
                         NORMAL    RECORD    YEAR
 MAXIMUM TEMPERATURE (F)   62        83      1950
                                             1910
 MINIMUM TEMPERATURE (F)   41        17      1976


SUNRISE AND SUNSET
OCTOBER 17 2017.......SUNRISE   750 AM EDT   SUNSET   651 PM EDT
OCTOBER 18 2017.......SUNRISE   751 AM EDT   SUNSET   649 PM EDT


-  INDICATES NEGATIVE NUMBERS.
R  INDICATES RECORD WAS SET OR TIED.
MM INDICATES DATA IS MISSING.
T  INDICATES TRACE AMOUNT.




$$
