000
CDUS41 KCLE 092213
CLITOL


CLIMATE REPORT
NATIONAL WEATHER SERVICE CLEVELAND OH
513 PM EST FRI DEC 9 2016


...................................

...THE TOLEDO OH CLIMATE SUMMARY FOR DECEMBER 9 2016...
VALID TODAY AS OF 0500 PM LOCAL TIME.

CLIMATE NORMAL PERIOD 1981 TO 2010
CLIMATE RECORD PERIOD 1873 TO 2016


WEATHER ITEM   OBSERVED TIME   RECORD YEAR NORMAL DEPARTURE LAST
                VALUE   (LST)  VALUE       VALUE  FROM      YEAR
                                                  NORMAL
..................................................................
TEMPERATURE (F)
 TODAY
  MAXIMUM         30    410 PM  60    1952  38     -8       51
  MINIMUM         21    205 AM  -5    1917  25     -4       39
  AVERAGE         26                        32     -6       45

PRECIPITATION (IN)
  TODAY            0.01                      0.09  -0.08     0.00
  MONTH TO DATE    0.49                      0.82  -0.33     0.05
  SINCE DEC 1      0.49                      0.82  -0.33     0.05
  SINCE JAN 1     32.34                     32.38  -0.04    33.58

SNOWFALL (IN)
  TODAY            0.2                       0.2    0.0      0.0
  MONTH TO DATE    0.8                       1.6   -0.8       T
  SINCE DEC 1      0.8                       1.6   -0.8       T
  SINCE JUL 1      0.8                       3.7   -2.9      3.5
  SNOW DEPTH       0

DEGREE DAYS
 HEATING
  TODAY           39                        33      6       20
  MONTH TO DATE  293                       287      6      248
  SINCE DEC 1    293                       287      6      248
  SINCE JUL 1   1217                      1520   -303     1258

 COOLING
  TODAY            0                         0      0        0
  MONTH TO DATE    0                         0      0        0
  SINCE DEC 1      0                         0      0        0
  SINCE JAN 1   1037                       793    244      719
..................................................................


WIND (MPH)
  HIGHEST WIND SPEED    22   HIGHEST WIND DIRECTION     W (250)
  HIGHEST GUST SPEED    28   HIGHEST GUST DIRECTION     W (250)


SKY COVER
  POSSIBLE SUNSHINE  MM
  AVERAGE SKY COVER 1.0


WEATHER CONDITIONS
 THE FOLLOWING WEATHER WAS RECORDED TODAY.
  LIGHT SNOW
  FOG


RELATIVE HUMIDITY (PERCENT)
 HIGHEST    96           900 AM
 LOWEST     63           400 PM
 AVERAGE    80

..........................................................


THE TOLEDO OH CLIMATE NORMALS FOR TOMORROW
                         NORMAL    RECORD    YEAR
 MAXIMUM TEMPERATURE (F)   38        67      1971
 MINIMUM TEMPERATURE (F)   25        -6      1958


SUNRISE AND SUNSET
DECEMBER  9 2016......SUNRISE   751 AM EST   SUNSET   505 PM EST
DECEMBER 10 2016......SUNRISE   751 AM EST   SUNSET   505 PM EST


-  INDICATES NEGATIVE NUMBERS.
R  INDICATES RECORD WAS SET OR TIED.
MM INDICATES DATA IS MISSING.
T  INDICATES TRACE AMOUNT.




$$
