000
CDUS41 KCLE 270530
CLITOL


CLIMATE REPORT
NATIONAL WEATHER SERVICE CLEVELAND OH
1230 AM EST FRI FEB 27 2015


...................................

...THE TOLEDO OH CLIMATE SUMMARY FOR FEBRUARY 26 2015...

CLIMATE NORMAL PERIOD 1981 TO 2010
CLIMATE RECORD PERIOD 1873 TO 2015


WEATHER ITEM   OBSERVED TIME   RECORD YEAR NORMAL DEPARTURE LAST
                VALUE   (LST)  VALUE       VALUE  FROM      YEAR
                                                  NORMAL
..................................................................
TEMPERATURE (F)
 YESTERDAY
  MAXIMUM         15    458 PM  71    2000  39    -24       16
                                      1944
  MINIMUM          2   1145 PM  -8    1963  23    -21        8
  AVERAGE          9                        31    -22       12

PRECIPITATION (IN)
  YESTERDAY        0.03                      0.08  -0.05      T
  MONTH TO DATE    1.55                      1.91  -0.36     3.89
  SINCE DEC 1      4.69                      6.64  -1.95    10.25
  SINCE JAN 1      3.60                      3.96  -0.36     7.18

SNOWFALL (IN)
  YESTERDAY        0.5                       0.3    0.2       T
  MONTH TO DATE   25.0                       8.9   16.1     21.6
  SINCE DEC 1     37.2                      27.9    9.3     73.0
  SINCE JUL 1     40.0                      30.0   10.0     73.5
  SNOW DEPTH       9

DEGREE DAYS
 HEATING
  YESTERDAY       56                        34     22       53
  MONTH TO DATE 1342                       961    381     1203
  SINCE DEC 1   3697                      3277    420     3864
  SINCE JUL 1   5135                      4510    625     5212

 COOLING
  YESTERDAY        0                         0      0        0
  MONTH TO DATE    0                         0      0        0
  SINCE DEC 1      0                         0      0        0
  SINCE JAN 1      0                         0      0        0
..................................................................


WIND (MPH)
  HIGHEST WIND SPEED    18   HIGHEST WIND DIRECTION     E (70)
  HIGHEST GUST SPEED    23   HIGHEST GUST DIRECTION    NE (50)
  AVERAGE WIND SPEED     9.1


SKY COVER
  POSSIBLE SUNSHINE  MM
  AVERAGE SKY COVER 0.9


WEATHER CONDITIONS
 THE FOLLOWING WEATHER WAS RECORDED YESTERDAY.
  LIGHT SNOW
  HAZE


RELATIVE HUMIDITY (PERCENT)
 HIGHEST    80           700 AM
 LOWEST     59           500 PM
 AVERAGE    70

..........................................................


THE TOLEDO OH CLIMATE NORMALS FOR TODAY
                         NORMAL    RECORD    YEAR
 MAXIMUM TEMPERATURE (F)   40        66      1996
 MINIMUM TEMPERATURE (F)   23       -10      1963


SUNRISE AND SUNSET
FEBRUARY 27 2015......SUNRISE   713 AM EST   SUNSET   623 PM EST
FEBRUARY 28 2015......SUNRISE   712 AM EST   SUNSET   624 PM EST


-  INDICATES NEGATIVE NUMBERS.
R  INDICATES RECORD WAS SET OR TIED.
MM INDICATES DATA IS MISSING.
T  INDICATES TRACE AMOUNT.




$$
