000
CDUS41 KCLE 260537
CLITOL


CLIMATE REPORT
NATIONAL WEATHER SERVICE CLEVELAND OH
135 AM EDT THU MAR 26 2015


...................................

...THE TOLEDO OH CLIMATE SUMMARY FOR MARCH 25 2015...

CLIMATE NORMAL PERIOD 1981 TO 2010
CLIMATE RECORD PERIOD 1873 TO 2015


WEATHER ITEM   OBSERVED TIME   RECORD YEAR NORMAL DEPARTURE LAST
                VALUE   (LST)  VALUE       VALUE  FROM      YEAR
                                                  NORMAL
..................................................................
TEMPERATURE (F)
 YESTERDAY
  MAXIMUM         50    444 PM  82    1945  51     -1       33
  MINIMUM         28   1238 AM  -4    1974  31     -3       16
  AVERAGE         39                        41     -2       25

PRECIPITATION (IN)
  YESTERDAY        0.26                      0.09   0.17     0.03
  MONTH TO DATE    0.67                      1.94  -1.27     1.26
  SINCE MAR 1      0.67                      1.94  -1.27     1.26
  SINCE JAN 1      4.29                      6.06  -1.77     8.44

SNOWFALL (IN)
  YESTERDAY        0.0                       0.1   -0.1      0.3
  MONTH TO DATE    4.3                       5.0   -0.7     11.6
  SINCE MAR 1      4.3                       5.0   -0.7     11.6
  SINCE JUL 1     44.6                      35.5    9.1     85.1
  SNOW DEPTH       0

DEGREE DAYS
 HEATING
  YESTERDAY       26                        24      2       40
  MONTH TO DATE  808                       714     94      950
  SINCE MAR 1    808                       714     94      950
  SINCE JUL 1   6064                      5290    774     6276

 COOLING
  YESTERDAY        0                         0      0        0
  MONTH TO DATE    0                         0      0        0
  SINCE MAR 1      0                         0      0        0
  SINCE JAN 1      0                         0      0        0
..................................................................


WIND (MPH)
  HIGHEST WIND SPEED    31   HIGHEST WIND DIRECTION     W (250)
  HIGHEST GUST SPEED    39   HIGHEST GUST DIRECTION     W (250)
  AVERAGE WIND SPEED    12.9


SKY COVER
  POSSIBLE SUNSHINE  MM
  AVERAGE SKY COVER 0.7


WEATHER CONDITIONS
 THE FOLLOWING WEATHER WAS RECORDED YESTERDAY.
  RAIN
  LIGHT RAIN
  FOG
  HAZE


RELATIVE HUMIDITY (PERCENT)
 HIGHEST   100           600 AM
 LOWEST     69          1200 AM
 AVERAGE    85

..........................................................


THE TOLEDO OH CLIMATE NORMALS FOR TODAY
                         NORMAL    RECORD    YEAR
 MAXIMUM TEMPERATURE (F)   51        79      2007
 MINIMUM TEMPERATURE (F)   32         9      2014


SUNRISE AND SUNSET
MARCH 26 2015.........SUNRISE   729 AM EDT   SUNSET   754 PM EDT
MARCH 27 2015.........SUNRISE   727 AM EDT   SUNSET   755 PM EDT


-  INDICATES NEGATIVE NUMBERS.
R  INDICATES RECORD WAS SET OR TIED.
MM INDICATES DATA IS MISSING.
T  INDICATES TRACE AMOUNT.




$$
