000
CDUS41 KCLE 230529
CLITOL


CLIMATE REPORT
NATIONAL WEATHER SERVICE CLEVELAND OH
128 AM EDT MON MAY 23 2016


...................................

...THE TOLEDO OH CLIMATE SUMMARY FOR MAY 22 2016...

CLIMATE NORMAL PERIOD 1981 TO 2010
CLIMATE RECORD PERIOD 1873 TO 2016


WEATHER ITEM   OBSERVED TIME   RECORD YEAR NORMAL DEPARTURE LAST
                VALUE   (LST)  VALUE       VALUE  FROM      YEAR
                                                  NORMAL
..................................................................
TEMPERATURE (F)
 YESTERDAY
  MAXIMUM         75    338 PM  91    1964  73      2       70
  MINIMUM         47   1159 PM  33    2002  50     -3       46
                                      1883
  AVERAGE         61                        62     -1       58

PRECIPITATION (IN)
  YESTERDAY        0.00                      0.12  -0.12      T
  MONTH TO DATE    1.43                      2.48  -1.05     1.54
  SINCE MAR 1     10.53                      8.15   2.38     5.57
  SINCE JAN 1     13.75                     12.27   1.48     9.19

SNOWFALL (IN)
  YESTERDAY        0.0                       0.0    0.0      0.0
  MONTH TO DATE    0.0                       0.1   -0.1      0.0
  SINCE MAR 1     11.4                       7.1    4.3      5.4
  SINCE JUL 1     26.4                      37.6  -11.2     45.7
  SNOW DEPTH       0

DEGREE DAYS
 HEATING
  YESTERDAY        4                         5     -1        7
  MONTH TO DATE  218                       170     48      114
  SINCE MAR 1   1440                      1496    -56     1587
  SINCE JUL 1   5338                      6072   -734     6843

 COOLING
  YESTERDAY        0                         2     -2        0
  MONTH TO DATE    2                        23    -21       54
  SINCE MAR 1      2                        31    -29       54
  SINCE JAN 1      2                        31    -29       54
..................................................................


WIND (MPH)
  HIGHEST WIND SPEED    17   HIGHEST WIND DIRECTION     N (20)
  HIGHEST GUST SPEED    25   HIGHEST GUST DIRECTION     N (10)
  AVERAGE WIND SPEED     6.4


SKY COVER
  POSSIBLE SUNSHINE  MM
  AVERAGE SKY COVER 0.2


WEATHER CONDITIONS
 THE FOLLOWING WEATHER WAS RECORDED YESTERDAY.
  NO SIGNIFICANT WEATHER WAS OBSERVED.


RELATIVE HUMIDITY (PERCENT)
 HIGHEST    80          1200 AM
 LOWEST     29           400 PM
 AVERAGE    55

..........................................................


THE TOLEDO OH CLIMATE NORMALS FOR TODAY
                         NORMAL    RECORD    YEAR
 MAXIMUM TEMPERATURE (F)   73        91      2007
                                             1964
 MINIMUM TEMPERATURE (F)   51        27      1963


SUNRISE AND SUNSET
MAY 23 2016...........SUNRISE   609 AM EDT   SUNSET   856 PM EDT
MAY 24 2016...........SUNRISE   608 AM EDT   SUNSET   857 PM EDT


-  INDICATES NEGATIVE NUMBERS.
R  INDICATES RECORD WAS SET OR TIED.
MM INDICATES DATA IS MISSING.
T  INDICATES TRACE AMOUNT.




$$
