000
CDUS41 KCLE 282222
CLITOL


CLIMATE REPORT
NATIONAL WEATHER SERVICE CLEVELAND OH
521 PM EST SUN DEC 28 2014


...................................

...THE TOLEDO OH CLIMATE SUMMARY FOR DECEMBER 28 2014...
VALID TODAY AS OF 0500 PM LOCAL TIME.

CLIMATE NORMAL PERIOD 1981 TO 2010
CLIMATE RECORD PERIOD 1873 TO 2014


WEATHER ITEM   OBSERVED TIME   RECORD YEAR NORMAL DEPARTURE LAST
                VALUE   (LST)  VALUE       VALUE  FROM      YEAR
                                                  NORMAL
..................................................................
TEMPERATURE (F)
 TODAY
  MAXIMUM         37    158 PM  64    1984  33      4       49
  MINIMUM         33    441 AM  -8    1950  20     13       36
  AVERAGE         35                        27      8       43

PRECIPITATION (IN)
  TODAY            T                         0.08  -0.08     0.00
  MONTH TO DATE    1.09                      2.44  -1.35     3.02
  SINCE DEC 1      1.09                      2.44  -1.35     3.02
  SINCE JAN 1     31.70                     34.00  -2.30    36.78

SNOWFALL (IN)
  TODAY            0.0                       0.3   -0.3      0.0
  MONTH TO DATE    T                         6.4   -6.4     10.4
  SINCE DEC 1      T                         6.4   -6.4     10.4
  SINCE JUL 1      2.8                       8.5   -5.7     10.9
  SNOW DEPTH       0

DEGREE DAYS
 HEATING
  TODAY           30                        38     -8       22
  MONTH TO DATE  852                       976   -124     1029
  SINCE DEC 1    852                       976   -124     1029
  SINCE JUL 1   2290                      2209     81     2377

 COOLING
  TODAY            0                         0      0        0
  MONTH TO DATE    0                         0      0        0
  SINCE DEC 1      0                         0      0        0
  SINCE JAN 1    654                       793   -139      793
..................................................................


WIND (MPH)
  HIGHEST WIND SPEED    14   HIGHEST WIND DIRECTION     W (270)
  HIGHEST GUST SPEED    18   HIGHEST GUST DIRECTION    NW (300)


SKY COVER
  POSSIBLE SUNSHINE  MM
  AVERAGE SKY COVER 0.8


WEATHER CONDITIONS
 THE FOLLOWING WEATHER WAS RECORDED TODAY.
  LIGHT RAIN


RELATIVE HUMIDITY (PERCENT)
 HIGHEST    92           100 AM
 LOWEST     64           300 PM
 AVERAGE    78

..........................................................


THE TOLEDO OH CLIMATE NORMALS FOR TOMORROW
                         NORMAL    RECORD    YEAR
 MAXIMUM TEMPERATURE (F)   33        70      1889
 MINIMUM TEMPERATURE (F)   20       -10      1880


SUNRISE AND SUNSET
DECEMBER 28 2014......SUNRISE   801 AM EST   SUNSET   512 PM EST
DECEMBER 29 2014......SUNRISE   801 AM EST   SUNSET   513 PM EST


-  INDICATES NEGATIVE NUMBERS.
R  INDICATES RECORD WAS SET OR TIED.
MM INDICATES DATA IS MISSING.
T  INDICATES TRACE AMOUNT.




$$
