000
CDUS41 KCLE 280545
CLITOL


CLIMATE REPORT
NATIONAL WEATHER SERVICE CLEVELAND OH
145 AM EDT TUE MAR 28 2017


...................................

...THE TOLEDO OH CLIMATE SUMMARY FOR MARCH 27 2017...

CLIMATE NORMAL PERIOD 1981 TO 2010
CLIMATE RECORD PERIOD 1873 TO 2017


WEATHER ITEM   OBSERVED TIME   RECORD YEAR NORMAL DEPARTURE LAST
                VALUE   (LST)  VALUE       VALUE  FROM      YEAR
                                                  NORMAL
..................................................................
TEMPERATURE (F)
 YESTERDAY
  MAXIMUM         60    118 PM  80    1945  52      8       75
                                      1910
  MINIMUM         50    734 AM   6    1965  32     18       29
  AVERAGE         55                        42     13       52

PRECIPITATION (IN)
  YESTERDAY        T                         0.09  -0.09     1.11
  MONTH TO DATE    1.83                      2.11  -0.28     4.06
  SINCE MAR 1      1.83                      2.11  -0.28     4.06
  SINCE JAN 1      7.60                      6.23   1.37     7.28

SNOWFALL (IN)
  YESTERDAY        0.0                       0.2   -0.2      0.0
  MONTH TO DATE    4.7                       5.3   -0.6      2.7
  SINCE MAR 1      4.7                       5.3   -0.6      2.7
  SINCE JUL 1     21.7                      35.8  -14.1     17.7
  SNOW DEPTH       0

DEGREE DAYS
 HEATING
  YESTERDAY       10                        23    -13       13
  MONTH TO DATE  781                       761     20      608
  SINCE MAR 1    781                       761     20      608
  SINCE JUL 1   4626                      5337   -711     4506

 COOLING
  YESTERDAY        0                         0      0        0
  MONTH TO DATE    0                         0      0        0
  SINCE MAR 1      0                         0      0        0
  SINCE JAN 1      0                         0      0        0
..................................................................


WIND (MPH)
  HIGHEST WIND SPEED    16   HIGHEST WIND DIRECTION     W (260)
  HIGHEST GUST SPEED    19   HIGHEST GUST DIRECTION     W (250)
  AVERAGE WIND SPEED     7.2


SKY COVER
  POSSIBLE SUNSHINE  MM
  AVERAGE SKY COVER 0.9


WEATHER CONDITIONS
 THE FOLLOWING WEATHER WAS RECORDED YESTERDAY.
  LIGHT RAIN


RELATIVE HUMIDITY (PERCENT)
 HIGHEST   100           300 AM
 LOWEST     67           300 PM
 AVERAGE    84

..........................................................


THE TOLEDO OH CLIMATE NORMALS FOR TODAY
                         NORMAL    RECORD    YEAR
 MAXIMUM TEMPERATURE (F)   52        81      1910
 MINIMUM TEMPERATURE (F)   32        11      1934


SUNRISE AND SUNSET
MARCH 28 2017.........SUNRISE   725 AM EDT   SUNSET   756 PM EDT
MARCH 29 2017.........SUNRISE   723 AM EDT   SUNSET   758 PM EDT


-  INDICATES NEGATIVE NUMBERS.
R  INDICATES RECORD WAS SET OR TIED.
MM INDICATES DATA IS MISSING.
T  INDICATES TRACE AMOUNT.




$$
