000
CDUS41 KCLE 020531
CLITOL


CLIMATE REPORT
NATIONAL WEATHER SERVICE CLEVELAND OH
1229 AM EST MON MAR 2 2015


...................................

...THE TOLEDO OH CLIMATE SUMMARY FOR MARCH 1 2015...

CLIMATE NORMAL PERIOD 1981 TO 2010
CLIMATE RECORD PERIOD 1873 TO 2015


WEATHER ITEM   OBSERVED TIME   RECORD YEAR NORMAL DEPARTURE LAST
                VALUE   (LST)  VALUE       VALUE  FROM      YEAR
                                                  NORMAL
..................................................................
TEMPERATURE (F)
 YESTERDAY
  MAXIMUM         23    533 PM  65    1997  41    -18       34
  MINIMUM         10    934 PM   2    1978  24    -14       16
                                      1967
                                      1960
  AVERAGE         17                        32    -15       25

PRECIPITATION (IN)
  YESTERDAY        0.32                      0.08   0.24     0.12
  MONTH TO DATE    0.32                      0.08   0.24     0.12
  SINCE MAR 1      0.32                      0.08   0.24     0.12
  SINCE JAN 1      3.94                      4.20  -0.26     7.30

SNOWFALL (IN)
  YESTERDAY        4.1                       0.3    3.8      1.1
  MONTH TO DATE    4.1                       0.3    3.8      1.1
  SINCE MAR 1      4.1                       0.3    3.8      1.1
  SINCE JUL 1     44.4                      30.8   13.6     74.6
  SNOW DEPTH       7

DEGREE DAYS
 HEATING
  YESTERDAY       48                        33     15       40
  MONTH TO DATE   48                        33     15       40
  SINCE MAR 1     48                        33     15       40
  SINCE JUL 1   5304                      4609    695     5366

 COOLING
  YESTERDAY        0                         0      0        0
  MONTH TO DATE    0                         0      0        0
  SINCE MAR 1      0                         0      0        0
  SINCE JAN 1      0                         0      0        0
..................................................................


WIND (MPH)
  HIGHEST WIND SPEED    13   HIGHEST WIND DIRECTION     W (260)
  HIGHEST GUST SPEED    15   HIGHEST GUST DIRECTION     W (260)
  AVERAGE WIND SPEED     3.5


SKY COVER
  POSSIBLE SUNSHINE  MM
  AVERAGE SKY COVER 0.8


WEATHER CONDITIONS
 THE FOLLOWING WEATHER WAS RECORDED YESTERDAY.
  SNOW
  LIGHT SNOW
  FOG
  FOG W/VISIBILITY <= 1/4 MILE
  HAZE


RELATIVE HUMIDITY (PERCENT)
 HIGHEST    96           100 AM
 LOWEST     77           600 PM
 AVERAGE    87

..........................................................


THE TOLEDO OH CLIMATE NORMALS FOR TODAY
                         NORMAL    RECORD    YEAR
 MAXIMUM TEMPERATURE (F)   41        64      1882
 MINIMUM TEMPERATURE (F)   24        -5      1978


SUNRISE AND SUNSET
MARCH  2 2015.........SUNRISE   709 AM EST   SUNSET   627 PM EST
MARCH  3 2015.........SUNRISE   707 AM EST   SUNSET   628 PM EST


-  INDICATES NEGATIVE NUMBERS.
R  INDICATES RECORD WAS SET OR TIED.
MM INDICATES DATA IS MISSING.
T  INDICATES TRACE AMOUNT.




$$
