000
CDUS41 KCLE 202112
CLITOL


CLIMATE REPORT
NATIONAL WEATHER SERVICE CLEVELAND OH
511 PM EDT WED SEP 20 2017


...................................

...THE TOLEDO OH CLIMATE SUMMARY FOR SEPTEMBER 20 2017...
VALID TODAY AS OF 0500 PM LOCAL TIME.

CLIMATE NORMAL PERIOD 1981 TO 2010
CLIMATE RECORD PERIOD 1873 TO 2017


WEATHER ITEM   OBSERVED TIME   RECORD YEAR NORMAL DEPARTURE LAST
                VALUE   (LST)  VALUE       VALUE  FROM      YEAR
                                                  NORMAL
..................................................................
TEMPERATURE (F)
 TODAY
  MAXIMUM         84    356 PM  93    1895  74     10       85
  MINIMUM         62    326 AM  33    1962  51     11       56
                                      1956
  AVERAGE         73                        62     11       71

PRECIPITATION (IN)
  TODAY            0.00                      0.10  -0.10     0.00
  MONTH TO DATE    2.64                      1.88   0.76     2.19
  SINCE SEP 1      2.64                      1.88   0.76     2.19
  SINCE JAN 1     29.44                     25.20   4.24    25.50

SNOWFALL (IN)
  TODAY            0.0                       0.0    0.0      0.0
  MONTH TO DATE    0.0                       0.0    0.0      0.0
  SINCE SEP 1      0.0                       0.0    0.0      0.0
  SINCE JUL 1      0.0                       0.0    0.0      0.0
  SNOW DEPTH       0

DEGREE DAYS
 HEATING
  TODAY            0                         5     -5        0
  MONTH TO DATE   61                        47     14        3
  SINCE SEP 1     61                        47     14        3
  SINCE JUL 1     75                        61     14        4

 COOLING
  TODAY            8                         2      6        6
  MONTH TO DATE   37                        69    -32       96
  SINCE SEP 1     37                        69    -32       96
  SINCE JAN 1    630                       771   -141      985
..................................................................


WIND (MPH)
  HIGHEST WIND SPEED    10   HIGHEST WIND DIRECTION     W (270)
  HIGHEST GUST SPEED    12   HIGHEST GUST DIRECTION     W (250)


SKY COVER
  POSSIBLE SUNSHINE  MM
  AVERAGE SKY COVER 0.7


WEATHER CONDITIONS
 THE FOLLOWING WEATHER WAS RECORDED TODAY.
  FOG
  FOG W/VISIBILITY <= 1/4 MILE
  HAZE


RELATIVE HUMIDITY (PERCENT)
 HIGHEST    93          1100 AM
 LOWEST     55           400 PM
 AVERAGE    74

..........................................................


THE TOLEDO OH CLIMATE NORMALS FOR TOMORROW
                         NORMAL    RECORD    YEAR
 MAXIMUM TEMPERATURE (F)   73        93      1970
                                             1895
 MINIMUM TEMPERATURE (F)   51        30      1962


SUNRISE AND SUNSET
SEPTEMBER 20 2017.....SUNRISE   721 AM EDT   SUNSET   735 PM EDT
SEPTEMBER 21 2017.....SUNRISE   722 AM EDT   SUNSET   734 PM EDT


-  INDICATES NEGATIVE NUMBERS.
R  INDICATES RECORD WAS SET OR TIED.
MM INDICATES DATA IS MISSING.
T  INDICATES TRACE AMOUNT.




$$
