000
CDUS41 KCLE 260526
CLITOL


CLIMATE REPORT
NATIONAL WEATHER SERVICE CLEVELAND OH
126 AM EDT FRI MAY 26 2017


...................................

...THE TOLEDO OH CLIMATE SUMMARY FOR MAY 25 2017...

CLIMATE NORMAL PERIOD 1981 TO 2010
CLIMATE RECORD PERIOD 1873 TO 2017


WEATHER ITEM   OBSERVED TIME   RECORD YEAR NORMAL DEPARTURE LAST
                VALUE   (LST)  VALUE       VALUE  FROM      YEAR
                                                  NORMAL
..................................................................
TEMPERATURE (F)
 YESTERDAY
  MAXIMUM         63   1110 AM  92    2012  74    -11       84
  MINIMUM         58    642 AM  33    1963  51      7       56
  AVERAGE         61                        63     -2       70

PRECIPITATION (IN)
  YESTERDAY        0.01                      0.12  -0.11     0.00
  MONTH TO DATE    4.35                      2.85   1.50     1.43
  SINCE MAR 1     11.46                      8.52   2.94    10.53
  SINCE JAN 1     17.23                     12.64   4.59    13.75

SNOWFALL (IN)
  YESTERDAY        0.0                       0.0    0.0      0.0
  MONTH TO DATE    0.0                       0.1   -0.1      0.0
  SINCE MAR 1      5.4                       7.1   -1.7     11.4
  SINCE JUL 1     22.4                      37.6  -15.2     26.4
  SNOW DEPTH       0

DEGREE DAYS
 HEATING
  YESTERDAY        4                         5     -1        0
  MONTH TO DATE  232                       185     47      224
  SINCE MAR 1   1442                      1511    -69     1446
  SINCE JUL 1   5287                      6087   -800     5344

 COOLING
  YESTERDAY        0                         2     -2        5
  MONTH TO DATE   31                        29      2        8
  SINCE MAR 1     39                        37      2        8
  SINCE JAN 1     39                        37      2        8
..................................................................


WIND (MPH)
  HIGHEST WIND SPEED    16   HIGHEST WIND DIRECTION    NE (60)
  HIGHEST GUST SPEED    21   HIGHEST GUST DIRECTION    NE (60)
  AVERAGE WIND SPEED     9.7


SKY COVER
  POSSIBLE SUNSHINE  MM
  AVERAGE SKY COVER 1.0


WEATHER CONDITIONS
 THE FOLLOWING WEATHER WAS RECORDED YESTERDAY.
  LIGHT RAIN
  FOG


RELATIVE HUMIDITY (PERCENT)
 HIGHEST   100          1200 AM
 LOWEST     84           600 PM
 AVERAGE    92

..........................................................


THE TOLEDO OH CLIMATE NORMALS FOR TODAY
                         NORMAL    RECORD    YEAR
 MAXIMUM TEMPERATURE (F)   74        93      1911
 MINIMUM TEMPERATURE (F)   52        36      1983
                                             1969


SUNRISE AND SUNSET
MAY 26 2017...........SUNRISE   607 AM EDT   SUNSET   858 PM EDT
MAY 27 2017...........SUNRISE   606 AM EDT   SUNSET   859 PM EDT


-  INDICATES NEGATIVE NUMBERS.
R  INDICATES RECORD WAS SET OR TIED.
MM INDICATES DATA IS MISSING.
T  INDICATES TRACE AMOUNT.




$$
