000
CDUS41 KCLE 180528
CLITOL


CLIMATE REPORT
NATIONAL WEATHER SERVICE CLEVELAND OH
1228 AM EST THU JAN 18 2018


...................................

...THE TOLEDO OH CLIMATE SUMMARY FOR JANUARY 17 2018...

CLIMATE NORMAL PERIOD 1981 TO 2010
CLIMATE RECORD PERIOD 1873 TO 2018


WEATHER ITEM   OBSERVED TIME   RECORD YEAR NORMAL DEPARTURE LAST
                VALUE   (LST)  VALUE       VALUE  FROM      YEAR
                                                  NORMAL
..................................................................
TEMPERATURE (F)
 YESTERDAY
  MAXIMUM         20    417 PM  64    1952  32    -12       53
  MINIMUM          1    236 AM -17    1982  18    -17       34
  AVERAGE         11                        25    -14       44

PRECIPITATION (IN)
  YESTERDAY        T                         0.06  -0.06     0.79
  MONTH TO DATE    0.85                      1.20  -0.35     3.36
  SINCE DEC 1      1.97                      3.88  -1.91     5.84
  SINCE JAN 1      0.85                      1.20  -0.35     3.36

SNOWFALL (IN)
  YESTERDAY        T                         0.4   -0.4      0.0
  MONTH TO DATE    5.3                       6.1   -0.8      1.1
  SINCE DEC 1     19.2                      13.5    5.7     14.3
  SINCE JUL 1     19.2                      15.6    3.6     14.3
  SNOW DEPTH       3

DEGREE DAYS
 HEATING
  YESTERDAY       54                        40     14       21
  MONTH TO DATE  802                       671    131      635
  SINCE DEC 1   1989                      1763    226     1793
  SINCE JUL 1   3037                      2996     41     2717

 COOLING
  YESTERDAY        0                         0      0        0
  MONTH TO DATE    0                         0      0        0
  SINCE DEC 1      0                         0      0        0
  SINCE JAN 1      0                         0      0        0
..................................................................


WIND (MPH)
  HIGHEST WIND SPEED    22   HIGHEST WIND DIRECTION    SW (230)
  HIGHEST GUST SPEED    31   HIGHEST GUST DIRECTION    SW (230)
  AVERAGE WIND SPEED     9.7


SKY COVER
  POSSIBLE SUNSHINE  MM
  AVERAGE SKY COVER 0.5


WEATHER CONDITIONS
 THE FOLLOWING WEATHER WAS RECORDED YESTERDAY.
  LIGHT SNOW
  FOG


RELATIVE HUMIDITY (PERCENT)
 HIGHEST   100           400 AM
 LOWEST     73           200 PM
 AVERAGE    87

..........................................................


THE TOLEDO OH CLIMATE NORMALS FOR TODAY
                         NORMAL    RECORD    YEAR
 MAXIMUM TEMPERATURE (F)   32        62      1996
 MINIMUM TEMPERATURE (F)   18       -16      1994


SUNRISE AND SUNSET
JANUARY 18 2018.......SUNRISE   758 AM EST   SUNSET   534 PM EST
JANUARY 19 2018.......SUNRISE   757 AM EST   SUNSET   535 PM EST


-  INDICATES NEGATIVE NUMBERS.
R  INDICATES RECORD WAS SET OR TIED.
MM INDICATES DATA IS MISSING.
T  INDICATES TRACE AMOUNT.




$$
