000
CDUS41 KCLE 250536
CLITOL


CLIMATE REPORT
NATIONAL WEATHER SERVICE CLEVELAND OH
134 AM EDT WED MAR 25 2015


...................................

...THE TOLEDO OH CLIMATE SUMMARY FOR MARCH 24 2015...

CLIMATE NORMAL PERIOD 1981 TO 2010
CLIMATE RECORD PERIOD 1873 TO 2015


WEATHER ITEM   OBSERVED TIME   RECORD YEAR NORMAL DEPARTURE LAST
                VALUE   (LST)  VALUE       VALUE  FROM      YEAR
                                                  NORMAL
..................................................................
TEMPERATURE (F)
 YESTERDAY
  MAXIMUM         39    427 PM  83    1910  50    -11       33
  MINIMUM         17    645 AM   1    1974  31    -14       16
  AVERAGE         28                        41    -13       25

PRECIPITATION (IN)
  YESTERDAY        0.00                      0.08  -0.08     0.00
  MONTH TO DATE    0.41                      1.85  -1.44     1.23
  SINCE MAR 1      0.41                      1.85  -1.44     1.23
  SINCE JAN 1      4.03                      5.97  -1.94     8.41

SNOWFALL (IN)
  YESTERDAY        0.0                       0.2   -0.2      0.0
  MONTH TO DATE    4.3                       4.9   -0.6     11.3
  SINCE MAR 1      4.3                       4.9   -0.6     11.3
  SINCE JUL 1     44.6                      35.4    9.2     84.8
  SNOW DEPTH       0

DEGREE DAYS
 HEATING
  YESTERDAY       37                        24     13       40
  MONTH TO DATE  782                       690     92      910
  SINCE MAR 1    782                       690     92      910
  SINCE JUL 1   6038                      5266    772     6236

 COOLING
  YESTERDAY        0                         0      0        0
  MONTH TO DATE    0                         0      0        0
  SINCE MAR 1      0                         0      0        0
  SINCE JAN 1      0                         0      0        0
..................................................................


WIND (MPH)
  HIGHEST WIND SPEED    15   HIGHEST WIND DIRECTION    NE (60)
  HIGHEST GUST SPEED    20   HIGHEST GUST DIRECTION     E (70)
  AVERAGE WIND SPEED     8.6


SKY COVER
  POSSIBLE SUNSHINE  MM
  AVERAGE SKY COVER 0.0


WEATHER CONDITIONS
 THE FOLLOWING WEATHER WAS RECORDED YESTERDAY.
  NO SIGNIFICANT WEATHER WAS OBSERVED.


RELATIVE HUMIDITY (PERCENT)
 HIGHEST    84          1200 AM
 LOWEST     29           500 PM
 AVERAGE    57

..........................................................


THE TOLEDO OH CLIMATE NORMALS FOR TODAY
                         NORMAL    RECORD    YEAR
 MAXIMUM TEMPERATURE (F)   51        82      1945
 MINIMUM TEMPERATURE (F)   31        -4      1974


SUNRISE AND SUNSET
MARCH 25 2015.........SUNRISE   730 AM EDT   SUNSET   753 PM EDT
MARCH 26 2015.........SUNRISE   729 AM EDT   SUNSET   754 PM EDT


-  INDICATES NEGATIVE NUMBERS.
R  INDICATES RECORD WAS SET OR TIED.
MM INDICATES DATA IS MISSING.
T  INDICATES TRACE AMOUNT.




$$
