000
CDUS41 KCLE 190525
CLITOL


CLIMATE REPORT
NATIONAL WEATHER SERVICE CLEVELAND OH
1225 AM EST SUN FEB 19 2017


...................................

...THE TOLEDO OH CLIMATE SUMMARY FOR FEBRUARY 18 2017...

CLIMATE NORMAL PERIOD 1981 TO 2010
CLIMATE RECORD PERIOD 1873 TO 2017


WEATHER ITEM   OBSERVED TIME   RECORD YEAR NORMAL DEPARTURE LAST
                VALUE   (LST)  VALUE       VALUE  FROM      YEAR
                                                  NORMAL
..................................................................
TEMPERATURE (F)
 YESTERDAY
  MAXIMUM         67R   331 PM  59    1961  37     30       38
  MINIMUM         45   1159 PM  -9    1936  21     24       14
  AVERAGE         56                        29     27       26

PRECIPITATION (IN)
  YESTERDAY        0.00                      0.07  -0.07     0.00
  MONTH TO DATE    1.18                      1.28  -0.10     0.51
  SINCE DEC 1      7.81                      6.01   1.80     4.96
  SINCE JAN 1      5.33                      3.33   2.00     1.98

SNOWFALL (IN)
  YESTERDAY        0.0                       0.4   -0.4      0.0
  MONTH TO DATE    1.0                       6.4   -5.4      2.4
  SINCE DEC 1     17.0                      25.4   -8.4      8.3
  SINCE JUL 1     17.0                      27.5  -10.5     11.8
  SNOW DEPTH       0

DEGREE DAYS
 HEATING
  YESTERDAY        9                        36    -27       39
  MONTH TO DATE  545                       682   -137      682
  SINCE DEC 1   2735                      2998   -263     2604
  SINCE JUL 1   3659                      4231   -572     3614

 COOLING
  YESTERDAY        0                         0      0        0
  MONTH TO DATE    0                         0      0        0
  SINCE DEC 1      0                         0      0        0
  SINCE JAN 1      0                         0      0        0
..................................................................


WIND (MPH)
  HIGHEST WIND SPEED    23   HIGHEST WIND DIRECTION     W (250)
  HIGHEST GUST SPEED    29   HIGHEST GUST DIRECTION    SW (240)
  AVERAGE WIND SPEED    12.9


SKY COVER
  POSSIBLE SUNSHINE  MM
  AVERAGE SKY COVER 0.0


WEATHER CONDITIONS
 THE FOLLOWING WEATHER WAS RECORDED YESTERDAY.
  NO SIGNIFICANT WEATHER WAS OBSERVED.


RELATIVE HUMIDITY (PERCENT)
 HIGHEST    82          1000 PM
 LOWEST     37           300 PM
 AVERAGE    60

..........................................................


THE TOLEDO OH CLIMATE NORMALS FOR TODAY
                         NORMAL    RECORD    YEAR
 MAXIMUM TEMPERATURE (F)   37        65      1930
 MINIMUM TEMPERATURE (F)   21        -6      1936


SUNRISE AND SUNSET
FEBRUARY 19 2017......SUNRISE   725 AM EST   SUNSET   614 PM EST
FEBRUARY 20 2017......SUNRISE   723 AM EST   SUNSET   615 PM EST


-  INDICATES NEGATIVE NUMBERS.
R  INDICATES RECORD WAS SET OR TIED.
MM INDICATES DATA IS MISSING.
T  INDICATES TRACE AMOUNT.




$$
