000
CDUS41 KCLE 200545
CLITOL


CLIMATE REPORT
NATIONAL WEATHER SERVICE CLEVELAND OH
145 AM EDT SUN APR 20 2014


...................................

...THE TOLEDO OH CLIMATE SUMMARY FOR APRIL 19 2014...

CLIMATE NORMAL PERIOD 1981 TO 2010
CLIMATE RECORD PERIOD 1873 TO 2014


WEATHER ITEM   OBSERVED TIME   RECORD YEAR NORMAL DEPARTURE LAST
                VALUE   (LST)  VALUE       VALUE  FROM      YEAR
                                                  NORMAL
..................................................................
TEMPERATURE (F)
 YESTERDAY
  MAXIMUM         54    448 PM  85    2002  62     -8       61
                                      1985
  MINIMUM         35    632 AM  22    1983  40     -5       37
  AVERAGE         45                        51     -6       49

PRECIPITATION (IN)
  YESTERDAY        0.00                      0.11  -0.11     0.14
  MONTH TO DATE    2.20                      2.03   0.17     3.41
  SINCE MAR 1      3.59                      4.51  -0.92     4.14
  SINCE JAN 1     10.77                      8.63   2.14    10.58

SNOWFALL (IN)
  YESTERDAY        0.0                       0.0    0.0      0.0
  MONTH TO DATE    1.0                       1.1   -0.1       T
  SINCE MAR 1     12.8                       6.8    6.0      1.4
  SINCE JUL 1     86.3                      37.3   49.0     22.1
  SNOW DEPTH       0

DEGREE DAYS
 HEATING
  YESTERDAY       20                        15      5       16
  MONTH TO DATE  343                       339      4      373
  SINCE MAR 1   1461                      1189    272     1344
  SINCE JUL 1   6787                      5765   1022     5800

 COOLING
  YESTERDAY        0                         0      0        0
  MONTH TO DATE    2                         0      2        0
  SINCE MAR 1      2                         0      2        0
  SINCE JAN 1      2                         0      2        0
..................................................................


WIND (MPH)
  HIGHEST WIND SPEED    20   HIGHEST WIND DIRECTION     E (90)
  HIGHEST GUST SPEED    26   HIGHEST GUST DIRECTION     E (90)
  AVERAGE WIND SPEED    10.4


SKY COVER
  POSSIBLE SUNSHINE  MM
  AVERAGE SKY COVER 0.0


WEATHER CONDITIONS
 THE FOLLOWING WEATHER WAS RECORDED YESTERDAY.
  NO SIGNIFICANT WEATHER WAS OBSERVED.


RELATIVE HUMIDITY (PERCENT)
 HIGHEST    83          1200 AM
 LOWEST     35           100 PM
 AVERAGE    59

..........................................................


THE TOLEDO OH CLIMATE NORMALS FOR TODAY
                         NORMAL    RECORD    YEAR
 MAXIMUM TEMPERATURE (F)   62        84      1985
 MINIMUM TEMPERATURE (F)   40        21      1897


SUNRISE AND SUNSET
APRIL 20 2014.........SUNRISE   648 AM EDT   SUNSET   821 PM EDT
APRIL 21 2014.........SUNRISE   646 AM EDT   SUNSET   822 PM EDT


-  INDICATES NEGATIVE NUMBERS.
R  INDICATES RECORD WAS SET OR TIED.
MM INDICATES DATA IS MISSING.
T  INDICATES TRACE AMOUNT.




$$
