000
CDUS41 KCLE 220527
CLITOL


CLIMATE REPORT
NATIONAL WEATHER SERVICE CLEVELAND OH
1227 AM EST WED FEB 22 2017


...................................

...THE TOLEDO OH CLIMATE SUMMARY FOR FEBRUARY 21 2017...

CLIMATE NORMAL PERIOD 1981 TO 2010
CLIMATE RECORD PERIOD 1873 TO 2017


WEATHER ITEM   OBSERVED TIME   RECORD YEAR NORMAL DEPARTURE LAST
                VALUE   (LST)  VALUE       VALUE  FROM      YEAR
                                                  NORMAL
..................................................................
TEMPERATURE (F)
 YESTERDAY
  MAXIMUM         57    526 PM  68    1930  38     19       46
  MINIMUM         35    348 AM  -9    1978  22     13       31
  AVERAGE         46                        30     16       39

PRECIPITATION (IN)
  YESTERDAY        T                         0.08  -0.08     0.00
  MONTH TO DATE    1.18                      1.51  -0.33     0.51
  SINCE DEC 1      7.81                      6.24   1.57     4.96
  SINCE JAN 1      5.33                      3.56   1.77     1.98

SNOWFALL (IN)
  YESTERDAY        0.0                       0.3   -0.3      0.0
  MONTH TO DATE    1.0                       7.3   -6.3      2.4
  SINCE DEC 1     17.0                      26.3   -9.3      8.3
  SINCE JUL 1     17.0                      28.4  -11.4     11.8
  SNOW DEPTH       0

DEGREE DAYS
 HEATING
  YESTERDAY       19                        35    -16       26
  MONTH TO DATE  598                       789   -191      738
  SINCE DEC 1   2788                      3105   -317     2660
  SINCE JUL 1   3712                      4338   -626     3670

 COOLING
  YESTERDAY        0                         0      0        0
  MONTH TO DATE    0                         0      0        0
  SINCE DEC 1      0                         0      0        0
  SINCE JAN 1      0                         0      0        0
..................................................................


WIND (MPH)
  HIGHEST WIND SPEED    14   HIGHEST WIND DIRECTION     W (250)
  HIGHEST GUST SPEED    17   HIGHEST GUST DIRECTION     W (250)
  AVERAGE WIND SPEED     3.1


SKY COVER
  POSSIBLE SUNSHINE  MM
  AVERAGE SKY COVER 0.4


WEATHER CONDITIONS
 THE FOLLOWING WEATHER WAS RECORDED YESTERDAY.
  LIGHT RAIN
  FOG
  HAZE


RELATIVE HUMIDITY (PERCENT)
 HIGHEST   100           900 PM
 LOWEST     71          1100 AM
 AVERAGE    86

..........................................................


THE TOLEDO OH CLIMATE NORMALS FOR TODAY
                         NORMAL    RECORD    YEAR
 MAXIMUM TEMPERATURE (F)   38        66      1930
 MINIMUM TEMPERATURE (F)   22        -9      1963


SUNRISE AND SUNSET
FEBRUARY 22 2017......SUNRISE   720 AM EST   SUNSET   618 PM EST
FEBRUARY 23 2017......SUNRISE   719 AM EST   SUNSET   619 PM EST


-  INDICATES NEGATIVE NUMBERS.
R  INDICATES RECORD WAS SET OR TIED.
MM INDICATES DATA IS MISSING.
T  INDICATES TRACE AMOUNT.




$$
