000
CDUS41 KCLE 130529
CLITOL


CLIMATE REPORT
NATIONAL WEATHER SERVICE CLEVELAND OH
128 AM EDT SAT SEP 13 2014


...................................

...THE TOLEDO OH CLIMATE SUMMARY FOR SEPTEMBER 12 2014...

CLIMATE NORMAL PERIOD 1981 TO 2010
CLIMATE RECORD PERIOD 1873 TO 2014


WEATHER ITEM   OBSERVED TIME   RECORD YEAR NORMAL DEPARTURE LAST
                VALUE   (LST)  VALUE       VALUE  FROM      YEAR
                                                  NORMAL
..................................................................
TEMPERATURE (F)
 YESTERDAY
  MAXIMUM         60    417 PM  97    1952  77    -17       81
  MINIMUM         53    749 AM  37    1967  54     -1       56
  AVERAGE         57                        66     -9       69

PRECIPITATION (IN)
  YESTERDAY        T                         0.09  -0.09     0.46
  MONTH TO DATE    4.67                      1.13   3.54     1.13
  SINCE SEP 1      4.67                      1.13   3.54     1.13
  SINCE JAN 1     25.86                     24.45   1.41    27.92

SNOWFALL (IN)
  YESTERDAY        0.0                       0.0    0.0      0.0
  MONTH TO DATE    0.0                       0.0    0.0      0.0
  SINCE SEP 1      0.0                       0.0    0.0      0.0
  SINCE JUL 1      0.0                       0.0    0.0      0.0
  SNOW DEPTH       0

DEGREE DAYS
 HEATING
  YESTERDAY        8                         2      6        0
  MONTH TO DATE   11                        18     -7        5
  SINCE SEP 1     11                        18     -7        5
  SINCE JUL 1     25                        32     -7       34

 COOLING
  YESTERDAY        0                         3     -3        4
  MONTH TO DATE   55                        50      5       73
  SINCE SEP 1     55                        50      5       73
  SINCE JAN 1    653                       752    -99      755
..................................................................


WIND (MPH)
  HIGHEST WIND SPEED    12   HIGHEST WIND DIRECTION    NE (30)
  HIGHEST GUST SPEED    14   HIGHEST GUST DIRECTION    NE (30)
  AVERAGE WIND SPEED     5.2


SKY COVER
  POSSIBLE SUNSHINE  MM
  AVERAGE SKY COVER 1.0


WEATHER CONDITIONS
 THE FOLLOWING WEATHER WAS RECORDED YESTERDAY.
  LIGHT RAIN
  FOG


RELATIVE HUMIDITY (PERCENT)
 HIGHEST    89           100 AM
 LOWEST     60           200 PM
 AVERAGE    75

..........................................................


THE TOLEDO OH CLIMATE NORMALS FOR TODAY
                         NORMAL    RECORD    YEAR
 MAXIMUM TEMPERATURE (F)   77        96      1952
 MINIMUM TEMPERATURE (F)   54        35      1975


SUNRISE AND SUNSET
SEPTEMBER 13 2014.....SUNRISE   713 AM EDT   SUNSET   748 PM EDT
SEPTEMBER 14 2014.....SUNRISE   714 AM EDT   SUNSET   746 PM EDT


-  INDICATES NEGATIVE NUMBERS.
R  INDICATES RECORD WAS SET OR TIED.
MM INDICATES DATA IS MISSING.
T  INDICATES TRACE AMOUNT.




$$
