000
CDUS41 KCLE 210532
CLITOL


CLIMATE REPORT
NATIONAL WEATHER SERVICE CLEVELAND OH
125 AM EDT WED SEP 21 2016


...................................

...THE TOLEDO OH CLIMATE SUMMARY FOR SEPTEMBER 20 2016...

CLIMATE NORMAL PERIOD 1981 TO 2010
CLIMATE RECORD PERIOD 1873 TO 2016


WEATHER ITEM   OBSERVED TIME   RECORD YEAR NORMAL DEPARTURE LAST
                VALUE   (LST)  VALUE       VALUE  FROM      YEAR
                                                  NORMAL
..................................................................
TEMPERATURE (F)
 YESTERDAY
  MAXIMUM         85    310 PM  93    1895  74     11       70
  MINIMUM         56    156 AM  33    1962  51      5       47
                                      1956
  AVERAGE         71                        62      9       59

PRECIPITATION (IN)
  YESTERDAY        0.00                      0.10  -0.10     0.00
  MONTH TO DATE    2.19                      1.88   0.31     1.18
  SINCE SEP 1      2.19                      1.88   0.31     1.18
  SINCE JAN 1     25.50                     25.20   0.30    29.51

SNOWFALL (IN)
  YESTERDAY        0.0                       0.0    0.0      0.0
  MONTH TO DATE    0.0                       0.0    0.0      0.0
  SINCE SEP 1      0.0                       0.0    0.0      0.0
  SINCE JUL 1      0.0                       0.0    0.0      0.0
  SNOW DEPTH       0

DEGREE DAYS
 HEATING
  YESTERDAY        0                         5     -5        6
  MONTH TO DATE    3                        47    -44       32
  SINCE SEP 1      3                        47    -44       32
  SINCE JUL 1      4                        61    -57       44

 COOLING
  YESTERDAY        6                         2      4        0
  MONTH TO DATE   96                        69     27      123
  SINCE SEP 1     96                        69     27      123
  SINCE JAN 1    985                       771    214      704
..................................................................


WIND (MPH)
  HIGHEST WIND SPEED    12   HIGHEST WIND DIRECTION     N (10)
  HIGHEST GUST SPEED    14   HIGHEST GUST DIRECTION     N (20)
  AVERAGE WIND SPEED     2.6


SKY COVER
  POSSIBLE SUNSHINE  MM
  AVERAGE SKY COVER 0.2


WEATHER CONDITIONS
 THE FOLLOWING WEATHER WAS RECORDED YESTERDAY.
  NO SIGNIFICANT WEATHER WAS OBSERVED.


RELATIVE HUMIDITY (PERCENT)
 HIGHEST   100           700 AM
 LOWEST     48           300 PM
 AVERAGE    74

..........................................................


THE TOLEDO OH CLIMATE NORMALS FOR TODAY
                         NORMAL    RECORD    YEAR
 MAXIMUM TEMPERATURE (F)   73        93      1970
                                             1895
 MINIMUM TEMPERATURE (F)   51        30      1962


SUNRISE AND SUNSET
SEPTEMBER 21 2016.....SUNRISE   722 AM EDT   SUNSET   733 PM EDT
SEPTEMBER 22 2016.....SUNRISE   723 AM EDT   SUNSET   732 PM EDT


-  INDICATES NEGATIVE NUMBERS.
R  INDICATES RECORD WAS SET OR TIED.
MM INDICATES DATA IS MISSING.
T  INDICATES TRACE AMOUNT.




$$
