000
CDUS41 KCLE 270536
CLITOL


CLIMATE REPORT
NATIONAL WEATHER SERVICE CLEVELAND OH
134 AM EDT WED APR 27 2016


...................................

...THE TOLEDO OH CLIMATE SUMMARY FOR APRIL 26 2016...

CLIMATE NORMAL PERIOD 1981 TO 2010
CLIMATE RECORD PERIOD 1873 TO 2016


WEATHER ITEM   OBSERVED TIME   RECORD YEAR NORMAL DEPARTURE LAST
                VALUE   (LST)  VALUE       VALUE  FROM      YEAR
                                                  NORMAL
..................................................................
TEMPERATURE (F)
 YESTERDAY
  MAXIMUM         69   1240 AM  89    1915  64      5       60
  MINIMUM         44   1159 PM  25    1972  42      2       33
  AVERAGE         57                        53      4       47

PRECIPITATION (IN)
  YESTERDAY        0.72                      0.10   0.62     0.00
  MONTH TO DATE    3.13                      2.77   0.36     2.52
  SINCE MAR 1      8.23                      5.25   2.98     3.86
  SINCE JAN 1     11.45                      9.37   2.08     7.48

SNOWFALL (IN)
  YESTERDAY        0.0                       0.1   -0.1      0.0
  MONTH TO DATE    8.7                       1.3    7.4      0.0
  SINCE MAR 1     11.4                       7.0    4.4      5.4
  SINCE JUL 1     26.4                      37.5  -11.1     45.7
  SNOW DEPTH       0

DEGREE DAYS
 HEATING
  YESTERDAY        8                        12     -4       18
  MONTH TO DATE  480                       431     49      416
  SINCE MAR 1   1154                      1281   -127     1406
  SINCE JUL 1   5052                      5857   -805     6662

 COOLING
  YESTERDAY        0                         0      0        0
  MONTH TO DATE    0                         0      0        0
  SINCE MAR 1      0                         0      0        0
  SINCE JAN 1      0                         0      0        0
..................................................................


WIND (MPH)
  HIGHEST WIND SPEED    31   HIGHEST WIND DIRECTION    NW (300)
  HIGHEST GUST SPEED    41   HIGHEST GUST DIRECTION    NW (300)
  AVERAGE WIND SPEED    13.5


SKY COVER
  POSSIBLE SUNSHINE  MM
  AVERAGE SKY COVER 0.8


WEATHER CONDITIONS
 THE FOLLOWING WEATHER WAS RECORDED YESTERDAY.
  HEAVY RAIN
  RAIN
  FOG


RELATIVE HUMIDITY (PERCENT)
 HIGHEST    97           600 AM
 LOWEST     51          1200 AM
 AVERAGE    74

..........................................................


THE TOLEDO OH CLIMATE NORMALS FOR TODAY
                         NORMAL    RECORD    YEAR
 MAXIMUM TEMPERATURE (F)   65        88      1990
 MINIMUM TEMPERATURE (F)   43        27      1971


SUNRISE AND SUNSET
APRIL 27 2016.........SUNRISE   637 AM EDT   SUNSET   829 PM EDT
APRIL 28 2016.........SUNRISE   635 AM EDT   SUNSET   830 PM EDT


-  INDICATES NEGATIVE NUMBERS.
R  INDICATES RECORD WAS SET OR TIED.
MM INDICATES DATA IS MISSING.
T  INDICATES TRACE AMOUNT.




$$
