000
CDUS41 KCLE 030529
CLITOL


CLIMATE REPORT
NATIONAL WEATHER SERVICE CLEVELAND OH
1228 AM EST TUE MAR 3 2015


...................................

...THE TOLEDO OH CLIMATE SUMMARY FOR MARCH 2 2015...

CLIMATE NORMAL PERIOD 1981 TO 2010
CLIMATE RECORD PERIOD 1873 TO 2015


WEATHER ITEM   OBSERVED TIME   RECORD YEAR NORMAL DEPARTURE LAST
                VALUE   (LST)  VALUE       VALUE  FROM      YEAR
                                                  NORMAL
..................................................................
TEMPERATURE (F)
 YESTERDAY
  MAXIMUM         28    432 PM  64    1882  41    -13       20
  MINIMUM          7    722 AM  -5    1978  24    -17        9
  AVERAGE         18                        32    -14       15

PRECIPITATION (IN)
  YESTERDAY        0.00                      0.07  -0.07     0.14
  MONTH TO DATE    0.32                      0.15   0.17     0.26
  SINCE MAR 1      0.32                      0.15   0.17     0.26
  SINCE JAN 1      3.94                      4.27  -0.33     7.44

SNOWFALL (IN)
  YESTERDAY        0.0                       0.2   -0.2      1.9
  MONTH TO DATE    4.1                       0.5    3.6      3.0
  SINCE MAR 1      4.1                       0.5    3.6      3.0
  SINCE JUL 1     44.4                      31.0   13.4     76.5
  SNOW DEPTH       9

DEGREE DAYS
 HEATING
  YESTERDAY       47                        33     14       50
  MONTH TO DATE   95                        66     29       90
  SINCE MAR 1     95                        66     29       90
  SINCE JUL 1   5351                      4642    709     5416

 COOLING
  YESTERDAY        0                         0      0        0
  MONTH TO DATE    0                         0      0        0
  SINCE MAR 1      0                         0      0        0
  SINCE JAN 1      0                         0      0        0
..................................................................


WIND (MPH)
  HIGHEST WIND SPEED    16   HIGHEST WIND DIRECTION     W (270)
  HIGHEST GUST SPEED    20   HIGHEST GUST DIRECTION     W (260)
  AVERAGE WIND SPEED     9.5


SKY COVER
  POSSIBLE SUNSHINE  MM
  AVERAGE SKY COVER 0.2


WEATHER CONDITIONS
 THE FOLLOWING WEATHER WAS RECORDED YESTERDAY.
  FOG
  HAZE


RELATIVE HUMIDITY (PERCENT)
 HIGHEST    88           600 AM
 LOWEST     57           500 PM
 AVERAGE    73

..........................................................


THE TOLEDO OH CLIMATE NORMALS FOR TODAY
                         NORMAL    RECORD    YEAR
 MAXIMUM TEMPERATURE (F)   41        71      1976
 MINIMUM TEMPERATURE (F)   24        -5      1943


SUNRISE AND SUNSET
MARCH  3 2015.........SUNRISE   707 AM EST   SUNSET   628 PM EST
MARCH  4 2015.........SUNRISE   706 AM EST   SUNSET   629 PM EST


-  INDICATES NEGATIVE NUMBERS.
R  INDICATES RECORD WAS SET OR TIED.
MM INDICATES DATA IS MISSING.
T  INDICATES TRACE AMOUNT.




$$
