000
CDUS41 KCLE 280527
CLITOL


CLIMATE REPORT
NATIONAL WEATHER SERVICE CLEVELAND OH
126 AM EDT SAT MAY 28 2016


...................................

...THE TOLEDO OH CLIMATE SUMMARY FOR MAY 27 2016...

CLIMATE NORMAL PERIOD 1981 TO 2010
CLIMATE RECORD PERIOD 1873 TO 2016


WEATHER ITEM   OBSERVED TIME   RECORD YEAR NORMAL DEPARTURE LAST
                VALUE   (LST)  VALUE       VALUE  FROM      YEAR
                                                  NORMAL
..................................................................
TEMPERATURE (F)
 YESTERDAY
  MAXIMUM         89    446 PM  92    1911  75     14       82
  MINIMUM         63    551 AM  33    1961  52     11       62
  AVERAGE         76                        63     13       72

PRECIPITATION (IN)
  YESTERDAY        0.00                      0.12  -0.12     0.05
  MONTH TO DATE    1.43                      3.09  -1.66     1.72
  SINCE MAR 1     10.53                      8.76   1.77     5.75
  SINCE JAN 1     13.75                     12.88   0.87     9.37

SNOWFALL (IN)
  YESTERDAY        0.0                       0.0    0.0      0.0
  MONTH TO DATE    0.0                       0.1   -0.1      0.0
  SINCE MAR 1     11.4                       7.1    4.3      5.4
  SINCE JUL 1     26.4                      37.6  -11.2     45.7
  SNOW DEPTH       0

DEGREE DAYS
 HEATING
  YESTERDAY        0                         4     -4        0
  MONTH TO DATE  224                       193     31      119
  SINCE MAR 1   1446                      1519    -73     1592
  SINCE JUL 1   5344                      6095   -751     6848

 COOLING
  YESTERDAY       11                         2      9        7
  MONTH TO DATE   31                        33     -2       79
  SINCE MAR 1     31                        41    -10       79
  SINCE JAN 1     31                        41    -10       79
..................................................................


WIND (MPH)
  HIGHEST WIND SPEED    15   HIGHEST WIND DIRECTION    SW (240)
  HIGHEST GUST SPEED    18   HIGHEST GUST DIRECTION     W (250)
  AVERAGE WIND SPEED     5.8


SKY COVER
  POSSIBLE SUNSHINE  MM
  AVERAGE SKY COVER 0.1


WEATHER CONDITIONS
 THE FOLLOWING WEATHER WAS RECORDED YESTERDAY.
  NO SIGNIFICANT WEATHER WAS OBSERVED.


RELATIVE HUMIDITY (PERCENT)
 HIGHEST    93           300 AM
 LOWEST     36           500 PM
 AVERAGE    65

..........................................................


THE TOLEDO OH CLIMATE NORMALS FOR TODAY
                         NORMAL    RECORD    YEAR
 MAXIMUM TEMPERATURE (F)   75        96      2012
 MINIMUM TEMPERATURE (F)   52        37      2008
                                             1971
                                             1889


SUNRISE AND SUNSET
MAY 28 2016...........SUNRISE   605 AM EDT   SUNSET   900 PM EDT
MAY 29 2016...........SUNRISE   605 AM EDT   SUNSET   901 PM EDT


-  INDICATES NEGATIVE NUMBERS.
R  INDICATES RECORD WAS SET OR TIED.
MM INDICATES DATA IS MISSING.
T  INDICATES TRACE AMOUNT.




$$
