000
CDUS41 KCLE 280530
CLITOL


CLIMATE REPORT
NATIONAL WEATHER SERVICE CLEVELAND OH
129 AM EDT SAT MAR 28 2015


...................................

...THE TOLEDO OH CLIMATE SUMMARY FOR MARCH 27 2015...

CLIMATE NORMAL PERIOD 1981 TO 2010
CLIMATE RECORD PERIOD 1873 TO 2015


WEATHER ITEM   OBSERVED TIME   RECORD YEAR NORMAL DEPARTURE LAST
                VALUE   (LST)  VALUE       VALUE  FROM      YEAR
                                                  NORMAL
..................................................................
TEMPERATURE (F)
 YESTERDAY
  MAXIMUM         34   1237 AM  80    1945  52    -18       46
                                      1910
  MINIMUM         18   1052 PM   6    1965  32    -14       27
  AVERAGE         26                        42    -16       37

PRECIPITATION (IN)
  YESTERDAY        T                         0.09  -0.09     0.09
  MONTH TO DATE    1.27                      2.11  -0.84     1.35
  SINCE MAR 1      1.27                      2.11  -0.84     1.35
  SINCE JAN 1      4.89                      6.23  -1.34     8.53

SNOWFALL (IN)
  YESTERDAY        T                         0.2   -0.2      0.0
  MONTH TO DATE    5.4                       5.3    0.1     11.6
  SINCE MAR 1      5.4                       5.3    0.1     11.6
  SINCE JUL 1     45.7                      35.8    9.9     85.1
  SNOW DEPTH       0

DEGREE DAYS
 HEATING
  YESTERDAY       39                        23     16       28
  MONTH TO DATE  874                       761    113     1022
  SINCE MAR 1    874                       761    113     1022
  SINCE JUL 1   6130                      5337    793     6348

 COOLING
  YESTERDAY        0                         0      0        0
  MONTH TO DATE    0                         0      0        0
  SINCE MAR 1      0                         0      0        0
  SINCE JAN 1      0                         0      0        0
..................................................................


WIND (MPH)
  HIGHEST WIND SPEED    17   HIGHEST WIND DIRECTION     N (350)
  HIGHEST GUST SPEED    24   HIGHEST GUST DIRECTION     N (340)
  AVERAGE WIND SPEED     9.8


SKY COVER
  POSSIBLE SUNSHINE  MM
  AVERAGE SKY COVER 0.8


WEATHER CONDITIONS
 THE FOLLOWING WEATHER WAS RECORDED YESTERDAY.
  LIGHT SNOW


RELATIVE HUMIDITY (PERCENT)
 HIGHEST    74           600 AM
 LOWEST     42           400 PM
 AVERAGE    58

..........................................................


THE TOLEDO OH CLIMATE NORMALS FOR TODAY
                         NORMAL    RECORD    YEAR
 MAXIMUM TEMPERATURE (F)   52        81      1910
 MINIMUM TEMPERATURE (F)   32        11      1934


SUNRISE AND SUNSET
MARCH 28 2015.........SUNRISE   725 AM EDT   SUNSET   756 PM EDT
MARCH 29 2015.........SUNRISE   724 AM EDT   SUNSET   757 PM EDT


-  INDICATES NEGATIVE NUMBERS.
R  INDICATES RECORD WAS SET OR TIED.
MM INDICATES DATA IS MISSING.
T  INDICATES TRACE AMOUNT.




$$
