000
CDUS41 KCLE 262114
CLITOL


CLIMATE REPORT
NATIONAL WEATHER SERVICE CLEVELAND OH
513 PM EDT SUN OCT 26 2014


...................................

...THE TOLEDO OH CLIMATE SUMMARY FOR OCTOBER 26 2014...
VALID TODAY AS OF 0500 PM LOCAL TIME.

CLIMATE NORMAL PERIOD 1981 TO 2010
CLIMATE RECORD PERIOD 1873 TO 2014


WEATHER ITEM   OBSERVED TIME   RECORD YEAR NORMAL DEPARTURE LAST
                VALUE   (LST)  VALUE       VALUE  FROM      YEAR
                                                  NORMAL
..................................................................
TEMPERATURE (F)
 TODAY
  MAXIMUM         63    332 PM  81    1963  59      4       50
  MINIMUM         39    714 AM  21    1887  39      0       34
  AVERAGE         51                        49      2       42

PRECIPITATION (IN)
  TODAY            0.00                      0.08  -0.08     0.01
  MONTH TO DATE    1.72                      2.19  -0.47     2.34
  SINCE SEP 1      7.09                      4.97   2.12     4.31
  SINCE JAN 1     28.28                     28.29  -0.01    31.10

SNOWFALL (IN)
  TODAY            0.0                       0.0    0.0      0.0
  MONTH TO DATE    0.0                       0.1   -0.1      0.0
  SINCE SEP 1      0.0                       0.1   -0.1      0.0
  SINCE JUL 1      0.0                       0.1   -0.1      0.0
  SNOW DEPTH       0

DEGREE DAYS
 HEATING
  TODAY           14                        16     -2       23
  MONTH TO DATE  327                       318      9      303
  SINCE SEP 1    452                       428     24      421
  SINCE JUL 1    466                       442     24      450

 COOLING
  TODAY            0                         0      0        0
  MONTH TO DATE    0                         8     -8       21
  SINCE SEP 1     56                        90    -34      111
  SINCE JAN 1    654                       792   -138      793
..................................................................


WIND (MPH)
  HIGHEST WIND SPEED    17   HIGHEST WIND DIRECTION     W (280)
  HIGHEST GUST SPEED    22   HIGHEST GUST DIRECTION     W (280)


SKY COVER
  POSSIBLE SUNSHINE  MM
  AVERAGE SKY COVER 0.0


WEATHER CONDITIONS
 THE FOLLOWING WEATHER WAS RECORDED TODAY.
  NO SIGNIFICANT WEATHER WAS OBSERVED.


RELATIVE HUMIDITY (PERCENT)
 HIGHEST    76           400 AM
 LOWEST     27           300 PM
 AVERAGE    52

..........................................................


THE TOLEDO OH CLIMATE NORMALS FOR TOMORROW
                         NORMAL    RECORD    YEAR
 MAXIMUM TEMPERATURE (F)   59        78      1984
                                             1927
 MINIMUM TEMPERATURE (F)   39        18      1976


SUNRISE AND SUNSET
OCTOBER 26 2014.......SUNRISE   800 AM EDT   SUNSET   638 PM EDT
OCTOBER 27 2014.......SUNRISE   801 AM EDT   SUNSET   636 PM EDT


-  INDICATES NEGATIVE NUMBERS.
R  INDICATES RECORD WAS SET OR TIED.
MM INDICATES DATA IS MISSING.
T  INDICATES TRACE AMOUNT.




$$
