768
CDUS41 KCLE 220528
CLITOL


CLIMATE REPORT
NATIONAL WEATHER SERVICE CLEVELAND OH
1228 AM EST THU FEB 22 2018


...................................

...THE TOLEDO OH CLIMATE SUMMARY FOR FEBRUARY 21 2018...

CLIMATE NORMAL PERIOD 1981 TO 2010
CLIMATE RECORD PERIOD 1873 TO 2018


WEATHER ITEM   OBSERVED TIME   RECORD YEAR NORMAL DEPARTURE LAST
                VALUE   (LST)  VALUE       VALUE  FROM      YEAR
                                                  NORMAL
..................................................................
TEMPERATURE (F)
 YESTERDAY
  MAXIMUM         57    151 AM  68    1930  38     19       57
  MINIMUM         34   1159 PM  -9    1978  22     12       35
  AVERAGE         46                        30     16       46

PRECIPITATION (IN)
  YESTERDAY        0.55                      0.08   0.47      T
  MONTH TO DATE    3.27                      1.51   1.76     1.18
  SINCE DEC 1      5.52                      6.24  -0.72     7.81
  SINCE JAN 1      4.40                      3.56   0.84     5.33

SNOWFALL (IN)
  YESTERDAY        0.0                       0.3   -0.3      0.0
  MONTH TO DATE   10.3                       7.3    3.0      1.0
  SINCE DEC 1     30.8                      26.3    4.5     17.0
  SINCE JUL 1     30.8                      28.4    2.4     17.0
  SNOW DEPTH       0

DEGREE DAYS
 HEATING
  YESTERDAY       19                        35    -16       19
  MONTH TO DATE  777                       789    -12      598
  SINCE DEC 1   3200                      3105     95     2788
  SINCE JUL 1   4248                      4338    -90     3712

 COOLING
  YESTERDAY        0                         0      0        0
  MONTH TO DATE    0                         0      0        0
  SINCE DEC 1      0                         0      0        0
  SINCE JAN 1      0                         0      0        0
..................................................................


WIND (MPH)
  HIGHEST WIND SPEED    21   HIGHEST WIND DIRECTION    NW (320)
  HIGHEST GUST SPEED    25   HIGHEST GUST DIRECTION    NW (320)
  AVERAGE WIND SPEED     8.9


SKY COVER
  POSSIBLE SUNSHINE  MM
  AVERAGE SKY COVER 1.0


WEATHER CONDITIONS
 THE FOLLOWING WEATHER WAS RECORDED YESTERDAY.
  HEAVY RAIN
  RAIN
  LIGHT RAIN
  FOG


RELATIVE HUMIDITY (PERCENT)
 HIGHEST   100          1200 AM
 LOWEST     85           200 PM
 AVERAGE    93

..........................................................


THE TOLEDO OH CLIMATE NORMALS FOR TODAY
                         NORMAL    RECORD    YEAR
 MAXIMUM TEMPERATURE (F)   38        66      1930
 MINIMUM TEMPERATURE (F)   22        -9      1963


SUNRISE AND SUNSET
FEBRUARY 22 2018......SUNRISE   721 AM EST   SUNSET   617 PM EST
FEBRUARY 23 2018......SUNRISE   719 AM EST   SUNSET   619 PM EST


-  INDICATES NEGATIVE NUMBERS.
R  INDICATES RECORD WAS SET OR TIED.
MM INDICATES DATA IS MISSING.
T  INDICATES TRACE AMOUNT.




$$
