000
CDUS41 KCLE 162122
CLITOL


CLIMATE REPORT
NATIONAL WEATHER SERVICE CLEVELAND OH
521 PM EDT WED AUG 16 2017


...................................

...THE TOLEDO OH CLIMATE SUMMARY FOR AUGUST 16 2017...
VALID TODAY AS OF 0500 PM LOCAL TIME.

CLIMATE NORMAL PERIOD 1981 TO 2010
CLIMATE RECORD PERIOD 1873 TO 2017


WEATHER ITEM   OBSERVED TIME   RECORD YEAR NORMAL DEPARTURE LAST
                VALUE   (LST)  VALUE       VALUE  FROM      YEAR
                                                  NORMAL
..................................................................
TEMPERATURE (F)
 TODAY
  MAXIMUM         87    359 PM  94    2009  82      5       80
                                      1987
                                      1922
  MINIMUM         63    617 AM  44    1979  61      2       69
  AVERAGE         75                        72      3       75

PRECIPITATION (IN)
  TODAY            0.00                      0.11  -0.11     0.68
  MONTH TO DATE    0.65                      1.68  -1.03     2.08
  SINCE JUN 1      7.64                      8.48  -0.84     6.74
  SINCE JAN 1     25.50                     21.85   3.65    20.50

SNOWFALL (IN)
  TODAY            0.0                       0.0    0.0      0.0
  MONTH TO DATE    0.0                       0.0    0.0      0.0
  SINCE JUN 1      0.0                       0.0    0.0      0.0
  SINCE JUL 1      0.0                       0.0    0.0      0.0
  SNOW DEPTH       0

DEGREE DAYS
 HEATING
  TODAY            0                         0      0        0
  MONTH TO DATE    0                         0      0        0
  SINCE JUN 1     21                        38    -17       14
  SINCE JUL 1      0                         3     -3        1

 COOLING
  TODAY           10                         7      3       10
  MONTH TO DATE   82                       121    -39      194
  SINCE JUN 1    495                       556    -61      693
  SINCE JAN 1    540                       609    -69      762
..................................................................


WIND (MPH)
  HIGHEST WIND SPEED    13   HIGHEST WIND DIRECTION     E (90)
  HIGHEST GUST SPEED    18   HIGHEST GUST DIRECTION    SE (130)


SKY COVER
  POSSIBLE SUNSHINE  MM
  AVERAGE SKY COVER 0.2


WEATHER CONDITIONS
 THE FOLLOWING WEATHER WAS RECORDED TODAY.
  FOG


RELATIVE HUMIDITY (PERCENT)
 HIGHEST   100           100 AM
 LOWEST     43           300 PM
 AVERAGE    72

..........................................................


THE TOLEDO OH CLIMATE NORMALS FOR TOMORROW
                         NORMAL    RECORD    YEAR
 MAXIMUM TEMPERATURE (F)   82        96      1988
 MINIMUM TEMPERATURE (F)   61        44      1976


SUNRISE AND SUNSET
AUGUST 16 2017........SUNRISE   645 AM EDT   SUNSET   833 PM EDT
AUGUST 17 2017........SUNRISE   646 AM EDT   SUNSET   831 PM EDT


-  INDICATES NEGATIVE NUMBERS.
R  INDICATES RECORD WAS SET OR TIED.
MM INDICATES DATA IS MISSING.
T  INDICATES TRACE AMOUNT.




$$
