000
CDUS41 KCLE 170532
CLITOL


CLIMATE REPORT
NATIONAL WEATHER SERVICE CLEVELAND OH
130 AM EDT TUE OCT 17 2017


...................................

...THE TOLEDO OH CLIMATE SUMMARY FOR OCTOBER 16 2017...

CLIMATE NORMAL PERIOD 1981 TO 2010
CLIMATE RECORD PERIOD 1873 TO 2017


WEATHER ITEM   OBSERVED TIME   RECORD YEAR NORMAL DEPARTURE LAST
                VALUE   (LST)  VALUE       VALUE  FROM      YEAR
                                                  NORMAL
..................................................................
TEMPERATURE (F)
 YESTERDAY
  MAXIMUM         59    418 PM  85    1947  63     -4       70
  MINIMUM         41   1117 PM  25    1991  42     -1       62
  AVERAGE         50                        52     -2       66

PRECIPITATION (IN)
  YESTERDAY        0.01                      0.09  -0.08     0.18
  MONTH TO DATE    2.20                      1.38   0.82     0.54
  SINCE SEP 1      4.84                      4.16   0.68     4.51
  SINCE JAN 1     31.64                     27.48   4.16    27.82

SNOWFALL (IN)
  YESTERDAY        0.0                       0.0    0.0      0.0
  MONTH TO DATE    0.0                       0.0    0.0      0.0
  SINCE SEP 1      0.0                       0.0    0.0      0.0
  SINCE JUL 1      0.0                       0.0    0.0      0.0
  SNOW DEPTH       0

DEGREE DAYS
 HEATING
  YESTERDAY       15                        13      2        0
  MONTH TO DATE   51                       172   -121      111
  SINCE SEP 1    130                       282   -152      149
  SINCE JUL 1    144                       296   -152      150

 COOLING
  YESTERDAY        0                         0      0        1
  MONTH TO DATE   29                         8     21       15
  SINCE SEP 1    151                        90     61      134
  SINCE JAN 1    744                       792    -48     1023
..................................................................


WIND (MPH)
  HIGHEST WIND SPEED    13   HIGHEST WIND DIRECTION     W (280)
  HIGHEST GUST SPEED    16   HIGHEST GUST DIRECTION     W (250)
  AVERAGE WIND SPEED     3.5


SKY COVER
  POSSIBLE SUNSHINE  MM
  AVERAGE SKY COVER 0.4


WEATHER CONDITIONS
 THE FOLLOWING WEATHER WAS RECORDED YESTERDAY.
  LIGHT RAIN


RELATIVE HUMIDITY (PERCENT)
 HIGHEST   100           800 PM
 LOWEST     51           200 PM
 AVERAGE    76

..........................................................


THE TOLEDO OH CLIMATE NORMALS FOR TODAY
                         NORMAL    RECORD    YEAR
 MAXIMUM TEMPERATURE (F)   62        83      1968
                                             1950
                                             1938
 MINIMUM TEMPERATURE (F)   41        21      1977


SUNRISE AND SUNSET
OCTOBER 17 2017.......SUNRISE   750 AM EDT   SUNSET   651 PM EDT
OCTOBER 18 2017.......SUNRISE   751 AM EDT   SUNSET   649 PM EDT


-  INDICATES NEGATIVE NUMBERS.
R  INDICATES RECORD WAS SET OR TIED.
MM INDICATES DATA IS MISSING.
T  INDICATES TRACE AMOUNT.




$$
