000
CDUS41 KCLE 172212
CLITOL


CLIMATE REPORT
NATIONAL WEATHER SERVICE CLEVELAND OH
511 PM EST TUE JAN 17 2017


...................................

...THE TOLEDO OH CLIMATE SUMMARY FOR JANUARY 17 2017...
VALID TODAY AS OF 0500 PM LOCAL TIME.

CLIMATE NORMAL PERIOD 1981 TO 2010
CLIMATE RECORD PERIOD 1873 TO 2017


WEATHER ITEM   OBSERVED TIME   RECORD YEAR NORMAL DEPARTURE LAST
                VALUE   (LST)  VALUE       VALUE  FROM      YEAR
                                                  NORMAL
..................................................................
TEMPERATURE (F)
 TODAY
  MAXIMUM         53   1053 AM  64    1952  32     21       27
  MINIMUM         34    224 AM -17    1982  18     16        7
  AVERAGE         44                        25     19       17

PRECIPITATION (IN)
  TODAY            0.79                      0.06   0.73      T
  MONTH TO DATE    3.36                      1.20   2.16     1.38
  SINCE DEC 1      5.84                      3.88   1.96     4.36
  SINCE JAN 1      3.36                      1.20   2.16     1.38

SNOWFALL (IN)
  TODAY            0.0                       0.4   -0.4       T
  MONTH TO DATE    1.1                       6.1   -5.0      5.3
  SINCE DEC 1     14.3                      13.5    0.8      5.3
  SINCE JUL 1     14.3                      15.6   -1.3      8.8
  SNOW DEPTH       0

DEGREE DAYS
 HEATING
  TODAY           21                        40    -19       48
  MONTH TO DATE  635                       671    -36      644
  SINCE DEC 1   1793                      1763     30     1384
  SINCE JUL 1   2717                      2996   -279     2394

 COOLING
  TODAY            0                         0      0        0
  MONTH TO DATE    0                         0      0        0
  SINCE DEC 1      0                         0      0        0
  SINCE JAN 1      0                         0      0        0
..................................................................


WIND (MPH)
  HIGHEST WIND SPEED    26   HIGHEST WIND DIRECTION    SW (240)
  HIGHEST GUST SPEED    33   HIGHEST GUST DIRECTION    SW (240)


SKY COVER
  POSSIBLE SUNSHINE  MM
  AVERAGE SKY COVER 1.0


WEATHER CONDITIONS
 THE FOLLOWING WEATHER WAS RECORDED TODAY.
  HEAVY RAIN
  RAIN
  LIGHT RAIN
  FOG
  FOG W/VISIBILITY <= 1/4 MILE


RELATIVE HUMIDITY (PERCENT)
 HIGHEST   100          1200 AM
 LOWEST     93          1100 AM
 AVERAGE    97

..........................................................


THE TOLEDO OH CLIMATE NORMALS FOR TOMORROW
                         NORMAL    RECORD    YEAR
 MAXIMUM TEMPERATURE (F)   32        62      1996
 MINIMUM TEMPERATURE (F)   18       -16      1994


SUNRISE AND SUNSET
JANUARY 17 2017.......SUNRISE   758 AM EST   SUNSET   533 PM EST
JANUARY 18 2017.......SUNRISE   758 AM EST   SUNSET   534 PM EST


-  INDICATES NEGATIVE NUMBERS.
R  INDICATES RECORD WAS SET OR TIED.
MM INDICATES DATA IS MISSING.
T  INDICATES TRACE AMOUNT.




$$
