000
CDUS41 KCLE 110534
CLITOL


CLIMATE REPORT
NATIONAL WEATHER SERVICE CLEVELAND OH
1234 AM EST WED JAN 11 2017


...................................

...THE TOLEDO OH CLIMATE SUMMARY FOR JANUARY 10 2017...

CLIMATE NORMAL PERIOD 1981 TO 2010
CLIMATE RECORD PERIOD 1873 TO 2017


WEATHER ITEM   OBSERVED TIME   RECORD YEAR NORMAL DEPARTURE LAST
                VALUE   (LST)  VALUE       VALUE  FROM      YEAR
                                                  NORMAL
..................................................................
TEMPERATURE (F)
 YESTERDAY
  MAXIMUM         48    914 PM  59    1950  33     15       43
  MINIMUM         27   1227 AM -12    1875  18      9       15
  AVERAGE         38                        26     12       29

PRECIPITATION (IN)
  YESTERDAY        0.52                      0.07   0.45     0.56
  MONTH TO DATE    1.49                      0.74   0.75     0.85
  SINCE DEC 1      3.97                      3.42   0.55     3.83
  SINCE JAN 1      1.49                      0.74   0.75     0.85

SNOWFALL (IN)
  YESTERDAY        0.1                       0.4   -0.3      1.5
  MONTH TO DATE    1.1                       3.5   -2.4      1.5
  SINCE DEC 1     14.3                      10.9    3.4      1.5
  SINCE JUL 1     14.3                      13.0    1.3      5.0
  SNOW DEPTH       1

DEGREE DAYS
 HEATING
  YESTERDAY       27                        40    -13       36
  MONTH TO DATE  416                       391     25      354
  SINCE DEC 1   1574                      1483     91     1094
  SINCE JUL 1   2498                      2716   -218     2104

 COOLING
  YESTERDAY        0                         0      0        0
  MONTH TO DATE    0                         0      0        0
  SINCE DEC 1      0                         0      0        0
  SINCE JAN 1      0                         0      0        0
..................................................................


WIND (MPH)
  HIGHEST WIND SPEED    43   HIGHEST WIND DIRECTION     W (250)
  HIGHEST GUST SPEED    55   HIGHEST GUST DIRECTION    SW (240)
  AVERAGE WIND SPEED    16.5


SKY COVER
  POSSIBLE SUNSHINE  MM
  AVERAGE SKY COVER 1.0


WEATHER CONDITIONS
 THE FOLLOWING WEATHER WAS RECORDED YESTERDAY.
  RAIN
  LIGHT RAIN
  FREEZING RAIN
  LT FREEZING RAIN
  LIGHT SNOW
  FOG


RELATIVE HUMIDITY (PERCENT)
 HIGHEST   100          1200 AM
 LOWEST     78           300 AM
 AVERAGE    89

..........................................................


THE TOLEDO OH CLIMATE NORMALS FOR TODAY
                         NORMAL    RECORD    YEAR
 MAXIMUM TEMPERATURE (F)   33        68      1890
 MINIMUM TEMPERATURE (F)   18       -14      1979


SUNRISE AND SUNSET
JANUARY 11 2017.......SUNRISE   801 AM EST   SUNSET   526 PM EST
JANUARY 12 2017.......SUNRISE   801 AM EST   SUNSET   527 PM EST


-  INDICATES NEGATIVE NUMBERS.
R  INDICATES RECORD WAS SET OR TIED.
MM INDICATES DATA IS MISSING.
T  INDICATES TRACE AMOUNT.




$$
