000
CDUS41 KCLE 211941
CLITOL


CLIMATE REPORT
NATIONAL WEATHER SERVICE CLEVELAND OH
340 PM EDT SAT MAY 21 2016


...................................

...THE TOLEDO OH CLIMATE SUMMARY FOR MAY 20 2016...

CLIMATE NORMAL PERIOD 1981 TO 2010
CLIMATE RECORD PERIOD 1873 TO 2016


WEATHER ITEM   OBSERVED TIME   RECORD YEAR NORMAL DEPARTURE LAST
                VALUE   (LST)  VALUE       VALUE  FROM      YEAR
                                                  NORMAL
..................................................................
TEMPERATURE (F)
 YESTERDAY
  MAXIMUM         68    208 PM  92    1962  72     -4       55
  MINIMUM         41    528 AM  33    1981  50     -9       37
  AVERAGE         55                        61     -6       46

PRECIPITATION (IN)
  YESTERDAY        T                         0.12  -0.12     0.02
  MONTH TO DATE    1.41                      2.24  -0.83     1.54
  SINCE MAR 1     10.51                      7.91   2.60     5.57
  SINCE JAN 1     13.73                     12.03   1.70     9.19

SNOWFALL (IN)
  YESTERDAY        0.0                       0.0    0.0      0.0
  MONTH TO DATE    0.0                       0.1   -0.1      0.0
  SINCE MAR 1     11.4                       7.1    4.3      5.4
  SINCE JUL 1     26.4                      37.6  -11.2     45.7
  SNOW DEPTH       0

DEGREE DAYS
 HEATING
  YESTERDAY       10                         6      4       19
  MONTH TO DATE  210                       160     50       97
  SINCE MAR 1   1432                      1486    -54     1570
  SINCE JUL 1   5330                      6062   -732     6826

 COOLING
  YESTERDAY        0                         2     -2        0
  MONTH TO DATE    2                        19    -17       54
  SINCE MAR 1      2                        27    -25       54
  SINCE JAN 1      2                        27    -25       54
..................................................................


WIND (MPH)
  HIGHEST WIND SPEED    16   HIGHEST WIND DIRECTION     E (70)
  HIGHEST GUST SPEED    20   HIGHEST GUST DIRECTION    NE (60)
  AVERAGE WIND SPEED     8.1


SKY COVER
  POSSIBLE SUNSHINE  MM
  AVERAGE SKY COVER 0.2


WEATHER CONDITIONS
 THE FOLLOWING WEATHER WAS RECORDED YESTERDAY.
  LIGHT RAIN


RELATIVE HUMIDITY (PERCENT)
 HIGHEST    89           400 AM
 LOWEST     32           200 PM
 AVERAGE    61

..........................................................


THE TOLEDO OH CLIMATE NORMALS FOR TODAY
                         NORMAL    RECORD    YEAR
 MAXIMUM TEMPERATURE (F)   73        93      1941
 MINIMUM TEMPERATURE (F)   50        32      1967
                                             1964
                                             1883


SUNRISE AND SUNSET
MAY 21 2016...........SUNRISE   610 AM EDT   SUNSET   854 PM EDT
MAY 22 2016...........SUNRISE   609 AM EDT   SUNSET   855 PM EDT


-  INDICATES NEGATIVE NUMBERS.
R  INDICATES RECORD WAS SET OR TIED.
MM INDICATES DATA IS MISSING.
T  INDICATES TRACE AMOUNT.




$$
