000
CDUS41 KCLE 230531
CLITOL


CLIMATE REPORT
NATIONAL WEATHER SERVICE CLEVELAND OH
1229 AM EST TUE DEC 23 2014


...................................

...THE TOLEDO OH CLIMATE SUMMARY FOR DECEMBER 22 2014...

CLIMATE NORMAL PERIOD 1981 TO 2010
CLIMATE RECORD PERIOD 1873 TO 2014


WEATHER ITEM   OBSERVED TIME   RECORD YEAR NORMAL DEPARTURE LAST
                VALUE   (LST)  VALUE       VALUE  FROM      YEAR
                                                  NORMAL
..................................................................
TEMPERATURE (F)
 YESTERDAY
  MAXIMUM         39   1159 PM  61    1949  34      5       41
  MINIMUM         21    641 AM -19    1989  21      0       33
  AVERAGE         30                        28      2       37

PRECIPITATION (IN)
  YESTERDAY        T                         0.09  -0.09     0.31
  MONTH TO DATE    0.43                      1.93  -1.50     2.97
  SINCE DEC 1      0.43                      1.93  -1.50     2.97
  SINCE JAN 1     31.04                     33.49  -2.45    36.73

SNOWFALL (IN)
  YESTERDAY        0.0                       0.3   -0.3      0.0
  MONTH TO DATE    T                         4.8   -4.8      9.5
  SINCE DEC 1      T                         4.8   -4.8      9.5
  SINCE JUL 1      2.8                       6.9   -4.1     10.0
  SNOW DEPTH       0

DEGREE DAYS
 HEATING
  YESTERDAY       35                        37     -2       28
  MONTH TO DATE  706                       749    -43      803
  SINCE DEC 1    706                       749    -43      803
  SINCE JUL 1   2144                      1982    162     2151

 COOLING
  YESTERDAY        0                         0      0        0
  MONTH TO DATE    0                         0      0        0
  SINCE DEC 1      0                         0      0        0
  SINCE JAN 1    654                       793   -139      793
..................................................................


WIND (MPH)
  HIGHEST WIND SPEED    14   HIGHEST WIND DIRECTION     E (100)
  HIGHEST GUST SPEED    20   HIGHEST GUST DIRECTION     E (110)
  AVERAGE WIND SPEED     6.2


SKY COVER
  POSSIBLE SUNSHINE  MM
  AVERAGE SKY COVER 0.5


WEATHER CONDITIONS
 THE FOLLOWING WEATHER WAS RECORDED YESTERDAY.
  LIGHT RAIN
  FOG
  HAZE


RELATIVE HUMIDITY (PERCENT)
 HIGHEST    92           700 AM
 LOWEST     64           300 PM
 AVERAGE    78

..........................................................


THE TOLEDO OH CLIMATE NORMALS FOR TODAY
                         NORMAL    RECORD    YEAR
 MAXIMUM TEMPERATURE (F)   34        59      1941
 MINIMUM TEMPERATURE (F)   21       -14      1989


SUNRISE AND SUNSET
DECEMBER 23 2014......SUNRISE   759 AM EST   SUNSET   509 PM EST
DECEMBER 24 2014......SUNRISE   800 AM EST   SUNSET   510 PM EST


-  INDICATES NEGATIVE NUMBERS.
R  INDICATES RECORD WAS SET OR TIED.
MM INDICATES DATA IS MISSING.
T  INDICATES TRACE AMOUNT.




$$
