000
CDUS41 KCLE 232122
CLITOL


CLIMATE REPORT
NATIONAL WEATHER SERVICE CLEVELAND OH
521 PM EDT THU OCT 23 2014


...................................

...THE TOLEDO OH CLIMATE SUMMARY FOR OCTOBER 23 2014...
VALID TODAY AS OF 0500 PM LOCAL TIME.

CLIMATE NORMAL PERIOD 1981 TO 2010
CLIMATE RECORD PERIOD 1873 TO 2014


WEATHER ITEM   OBSERVED TIME   RECORD YEAR NORMAL DEPARTURE LAST
                VALUE   (LST)  VALUE       VALUE  FROM      YEAR
                                                  NORMAL
..................................................................
TEMPERATURE (F)
 TODAY
  MAXIMUM         58    354 PM  83    1963  60     -2       47
  MINIMUM         31    645 AM  21    1976  40     -9       31
                                      1969
  AVERAGE         45                        50     -5       39

PRECIPITATION (IN)
  TODAY            0.00                      0.08  -0.08     0.00
  MONTH TO DATE    1.72                      1.95  -0.23     2.33
  SINCE SEP 1      7.09                      4.73   2.36     4.30
  SINCE JAN 1     28.28                     28.05   0.23    31.09

SNOWFALL (IN)
  TODAY            0.0                       0.0    0.0      0.0
  MONTH TO DATE    0.0                       0.1   -0.1      0.0
  SINCE SEP 1      0.0                       0.1   -0.1      0.0
  SINCE JUL 1      0.0                       0.1   -0.1      0.0
  SNOW DEPTH       0

DEGREE DAYS
 HEATING
  TODAY           20                        15      5       26
  MONTH TO DATE  287                       271     16      228
  SINCE SEP 1    412                       381     31      346
  SINCE JUL 1    426                       395     31      375

 COOLING
  TODAY            0                         0      0        0
  MONTH TO DATE    0                         8     -8       21
  SINCE SEP 1     56                        90    -34      111
  SINCE JAN 1    654                       792   -138      793
..................................................................


WIND (MPH)
  HIGHEST WIND SPEED     8   HIGHEST WIND DIRECTION    SW (240)
  HIGHEST GUST SPEED    15   HIGHEST GUST DIRECTION     W (260)


SKY COVER
  POSSIBLE SUNSHINE  MM
  AVERAGE SKY COVER 0.2


WEATHER CONDITIONS
 THE FOLLOWING WEATHER WAS RECORDED TODAY.
  FOG
  FOG W/VISIBILITY <= 1/4 MILE


RELATIVE HUMIDITY (PERCENT)
 HIGHEST   100           600 AM
 LOWEST     47           400 PM
 AVERAGE    74

..........................................................


THE TOLEDO OH CLIMATE NORMALS FOR TOMORROW
                         NORMAL    RECORD    YEAR
 MAXIMUM TEMPERATURE (F)   60        82      1963
 MINIMUM TEMPERATURE (F)   40        18      1969


SUNRISE AND SUNSET
OCTOBER 23 2014.......SUNRISE   756 AM EDT   SUNSET   642 PM EDT
OCTOBER 24 2014.......SUNRISE   758 AM EDT   SUNSET   641 PM EDT


-  INDICATES NEGATIVE NUMBERS.
R  INDICATES RECORD WAS SET OR TIED.
MM INDICATES DATA IS MISSING.
T  INDICATES TRACE AMOUNT.




$$
