000
CDUS41 KCLE 150545
CLITOL


CLIMATE REPORT
NATIONAL WEATHER SERVICE CLEVELAND OH
145 AM EDT MON SEP 15 2014


...................................

...THE TOLEDO OH CLIMATE SUMMARY FOR SEPTEMBER 14 2014...

CLIMATE NORMAL PERIOD 1981 TO 2010
CLIMATE RECORD PERIOD 1873 TO 2014


WEATHER ITEM   OBSERVED TIME   RECORD YEAR NORMAL DEPARTURE LAST
                VALUE   (LST)  VALUE       VALUE  FROM      YEAR
                                                  NORMAL
..................................................................
TEMPERATURE (F)
 YESTERDAY
  MAXIMUM         65    422 PM  98    1939  76    -11       68
  MINIMUM         42    107 AM  31    1975  54    -12       39
  AVERAGE         54                        65    -11       54

PRECIPITATION (IN)
  YESTERDAY        0.00                      0.09  -0.09     0.00
  MONTH TO DATE    4.74                      1.32   3.42     1.13
  SINCE SEP 1      4.74                      1.32   3.42     1.13
  SINCE JAN 1     25.93                     24.64   1.29    27.92

SNOWFALL (IN)
  YESTERDAY        0.0                       0.0    0.0      0.0
  MONTH TO DATE    0.0                       0.0    0.0      0.0
  SINCE SEP 1      0.0                       0.0    0.0      0.0
  SINCE JUL 1      0.0                       0.0    0.0      0.0
  SNOW DEPTH       0

DEGREE DAYS
 HEATING
  YESTERDAY       11                         3      8       11
  MONTH TO DATE   34                        24     10       27
  SINCE SEP 1     34                        24     10       27
  SINCE JUL 1     48                        38     10       56

 COOLING
  YESTERDAY        0                         3     -3        0
  MONTH TO DATE   55                        56     -1       73
  SINCE SEP 1     55                        56     -1       73
  SINCE JAN 1    653                       758   -105      755
..................................................................


WIND (MPH)
  HIGHEST WIND SPEED    10   HIGHEST WIND DIRECTION     W (250)
  HIGHEST GUST SPEED    16   HIGHEST GUST DIRECTION    SW (230)
  AVERAGE WIND SPEED     1.4


SKY COVER
  POSSIBLE SUNSHINE  MM
  AVERAGE SKY COVER 0.5


WEATHER CONDITIONS
 THE FOLLOWING WEATHER WAS RECORDED YESTERDAY.
  NO SIGNIFICANT WEATHER WAS OBSERVED.


RELATIVE HUMIDITY (PERCENT)
 HIGHEST    96           100 AM
 LOWEST     43           100 PM
 AVERAGE    70

..........................................................


THE TOLEDO OH CLIMATE NORMALS FOR TODAY
                         NORMAL    RECORD    YEAR
 MAXIMUM TEMPERATURE (F)   76       100      1939
 MINIMUM TEMPERATURE (F)   53        39      1985
                                             1983
                                             1975


SUNRISE AND SUNSET
SEPTEMBER 15 2014.....SUNRISE   715 AM EDT   SUNSET   745 PM EDT
SEPTEMBER 16 2014.....SUNRISE   716 AM EDT   SUNSET   743 PM EDT


-  INDICATES NEGATIVE NUMBERS.
R  INDICATES RECORD WAS SET OR TIED.
MM INDICATES DATA IS MISSING.
T  INDICATES TRACE AMOUNT.




$$
