000
CDUS41 KCLE 232112
CLITOL


CLIMATE REPORT
NATIONAL WEATHER SERVICE CLEVELAND OH
510 PM EDT FRI SEP 23 2016


...................................

...THE TOLEDO OH CLIMATE SUMMARY FOR SEPTEMBER 23 2016...
VALID TODAY AS OF 0500 PM LOCAL TIME.

CLIMATE NORMAL PERIOD 1981 TO 2010
CLIMATE RECORD PERIOD 1873 TO 2016


WEATHER ITEM   OBSERVED TIME   RECORD YEAR NORMAL DEPARTURE LAST
                VALUE   (LST)  VALUE       VALUE  FROM      YEAR
                                                  NORMAL
..................................................................
TEMPERATURE (F)
 TODAY
  MAXIMUM         83    320 PM  92    2010  73     10       76
  MINIMUM         63    712 AM  26    1974  50     13       49
  AVERAGE         73                        61     12       63

PRECIPITATION (IN)
  TODAY            0.00                      0.09  -0.09     0.00
  MONTH TO DATE    2.19                      2.16   0.03     1.18
  SINCE SEP 1      2.19                      2.16   0.03     1.18
  SINCE JAN 1     25.50                     25.48   0.02    29.51

SNOWFALL (IN)
  TODAY            0.0                       0.0    0.0      0.0
  MONTH TO DATE    0.0                       0.0    0.0      0.0
  SINCE SEP 1      0.0                       0.0    0.0      0.0
  SINCE JUL 1      0.0                       0.0    0.0      0.0
  SNOW DEPTH       0

DEGREE DAYS
 HEATING
  TODAY            0                         5     -5        2
  MONTH TO DATE    3                        62    -59       40
  SINCE SEP 1      3                        62    -59       40
  SINCE JUL 1      4                        76    -72       52

 COOLING
  TODAY            8                         1      7        0
  MONTH TO DATE  119                        74     45      123
  SINCE SEP 1    119                        74     45      123
  SINCE JAN 1   1008                       776    232      704
..................................................................


WIND (MPH)
  HIGHEST WIND SPEED    12   HIGHEST WIND DIRECTION    NE (60)
  HIGHEST GUST SPEED    14   HIGHEST GUST DIRECTION    NE (60)


SKY COVER
  POSSIBLE SUNSHINE  MM
  AVERAGE SKY COVER 0.3


WEATHER CONDITIONS
 THE FOLLOWING WEATHER WAS RECORDED TODAY.
  NO SIGNIFICANT WEATHER WAS OBSERVED.


RELATIVE HUMIDITY (PERCENT)
 HIGHEST   100          1200 AM
 LOWEST     55           200 PM
 AVERAGE    78

..........................................................


THE TOLEDO OH CLIMATE NORMALS FOR TOMORROW
                         NORMAL    RECORD    YEAR
 MAXIMUM TEMPERATURE (F)   72        92      1891
 MINIMUM TEMPERATURE (F)   49        30      1976


SUNRISE AND SUNSET
SEPTEMBER 23 2016.....SUNRISE   724 AM EDT   SUNSET   730 PM EDT
SEPTEMBER 24 2016.....SUNRISE   725 AM EDT   SUNSET   728 PM EDT


-  INDICATES NEGATIVE NUMBERS.
R  INDICATES RECORD WAS SET OR TIED.
MM INDICATES DATA IS MISSING.
T  INDICATES TRACE AMOUNT.




$$
