000
CDUS41 KCLE 180545
CLITOL


CLIMATE REPORT
NATIONAL WEATHER SERVICE CLEVELAND OH
145 AM EDT SAT OCT 18 2014


...................................

...THE TOLEDO OH CLIMATE SUMMARY FOR OCTOBER 17 2014...

CLIMATE NORMAL PERIOD 1981 TO 2010
CLIMATE RECORD PERIOD 1873 TO 2014


WEATHER ITEM   OBSERVED TIME   RECORD YEAR NORMAL DEPARTURE LAST
                VALUE   (LST)  VALUE       VALUE  FROM      YEAR
                                                  NORMAL
..................................................................
TEMPERATURE (F)
 YESTERDAY
  MAXIMUM         68    156 PM  83    1968  62      6       51
                                      1950
                                      1938
  MINIMUM         52   1159 PM  21    1977  41     11       40
  AVERAGE         60                        52      8       46

PRECIPITATION (IN)
  YESTERDAY        T                         0.08  -0.08     0.08
  MONTH TO DATE    1.66                      1.46   0.20     2.01
  SINCE SEP 1      7.03                      4.24   2.79     3.98
  SINCE JAN 1     28.22                     27.56   0.66    30.77

SNOWFALL (IN)
  YESTERDAY        0.0                       0.1   -0.1      0.0
  MONTH TO DATE    0.0                       0.1   -0.1      0.0
  SINCE SEP 1      0.0                       0.1   -0.1      0.0
  SINCE JUL 1      0.0                       0.1   -0.1      0.0
  SNOW DEPTH       0

DEGREE DAYS
 HEATING
  YESTERDAY        5                        13     -8       19
  MONTH TO DATE  179                       185     -6      115
  SINCE SEP 1    304                       295      9      233
  SINCE JUL 1    318                       309      9      262

 COOLING
  YESTERDAY        0                         0      0        0
  MONTH TO DATE    0                         8     -8       21
  SINCE SEP 1     56                        90    -34      111
  SINCE JAN 1    654                       792   -138      793
..................................................................


WIND (MPH)
  HIGHEST WIND SPEED    24   HIGHEST WIND DIRECTION     W (250)
  HIGHEST GUST SPEED    30   HIGHEST GUST DIRECTION     W (270)
  AVERAGE WIND SPEED    13.6


SKY COVER
  POSSIBLE SUNSHINE  MM
  AVERAGE SKY COVER 0.9


WEATHER CONDITIONS
 THE FOLLOWING WEATHER WAS RECORDED YESTERDAY.
  LIGHT RAIN
  FOG


RELATIVE HUMIDITY (PERCENT)
 HIGHEST    89           500 AM
 LOWEST     49           200 PM
 AVERAGE    69

..........................................................


THE TOLEDO OH CLIMATE NORMALS FOR TODAY
                         NORMAL    RECORD    YEAR
 MAXIMUM TEMPERATURE (F)   62        83      1950
                                             1910
 MINIMUM TEMPERATURE (F)   41        17      1976


SUNRISE AND SUNSET
OCTOBER 18 2014.......SUNRISE   751 AM EDT   SUNSET   649 PM EDT
OCTOBER 19 2014.......SUNRISE   752 AM EDT   SUNSET   648 PM EDT


-  INDICATES NEGATIVE NUMBERS.
R  INDICATES RECORD WAS SET OR TIED.
MM INDICATES DATA IS MISSING.
T  INDICATES TRACE AMOUNT.




$$
