000
CDUS41 KCLE 242111
CLITOL


CLIMATE REPORT
NATIONAL WEATHER SERVICE CLEVELAND OH
510 PM EDT WED AUG 24 2016


...................................

...THE TOLEDO OH CLIMATE SUMMARY FOR AUGUST 24 2016...
VALID TODAY AS OF 0500 PM LOCAL TIME.

CLIMATE NORMAL PERIOD 1981 TO 2010
CLIMATE RECORD PERIOD 1873 TO 2016


WEATHER ITEM   OBSERVED TIME   RECORD YEAR NORMAL DEPARTURE LAST
                VALUE   (LST)  VALUE       VALUE  FROM      YEAR
                                                  NORMAL
..................................................................
TEMPERATURE (F)
 TODAY
  MAXIMUM         84    216 PM  96    1968  82      2       75
  MINIMUM         58    530 AM  42    1987  60     -2       56
  AVERAGE         71                        71      0       66

PRECIPITATION (IN)
  TODAY            T                         0.10  -0.10      T
  MONTH TO DATE    2.95                      2.46   0.49     2.82
  SINCE JUN 1      7.61                      9.26  -1.65    16.20
  SINCE JAN 1     21.37                     22.63  -1.26    28.10

SNOWFALL (IN)
  TODAY            0.0                       0.0    0.0      0.0
  MONTH TO DATE    0.0                       0.0    0.0      0.0
  SINCE JUN 1      0.0                       0.0    0.0      0.0
  SINCE JUL 1      0.0                       0.0    0.0      0.0
  SNOW DEPTH       0

DEGREE DAYS
 HEATING
  TODAY            0                         0      0        0
  MONTH TO DATE    0                         0      0        0
  SINCE JUN 1     14                        38    -24       37
  SINCE JUL 1      1                         3     -2        2

 COOLING
  TODAY            6                         6      0        1
  MONTH TO DATE  249                       175     74      145
  SINCE JUN 1    748                       610    138      463
  SINCE JAN 1    817                       663    154      556
..................................................................


WIND (MPH)
  HIGHEST WIND SPEED    18   HIGHEST WIND DIRECTION    SW (220)
  HIGHEST GUST SPEED    28   HIGHEST GUST DIRECTION    SW (210)


SKY COVER
  POSSIBLE SUNSHINE  MM
  AVERAGE SKY COVER 0.2


WEATHER CONDITIONS
 THE FOLLOWING WEATHER WAS RECORDED TODAY.
  LIGHT RAIN


RELATIVE HUMIDITY (PERCENT)
 HIGHEST   100           400 AM
 LOWEST     67          1100 AM
 AVERAGE    84

..........................................................


THE TOLEDO OH CLIMATE NORMALS FOR TOMORROW
                         NORMAL    RECORD    YEAR
 MAXIMUM TEMPERATURE (F)   82        95      1993
                                             1948
 MINIMUM TEMPERATURE (F)   60        45      1942


SUNRISE AND SUNSET
AUGUST 24 2016........SUNRISE   654 AM EDT   SUNSET   820 PM EDT
AUGUST 25 2016........SUNRISE   655 AM EDT   SUNSET   819 PM EDT


-  INDICATES NEGATIVE NUMBERS.
R  INDICATES RECORD WAS SET OR TIED.
MM INDICATES DATA IS MISSING.
T  INDICATES TRACE AMOUNT.




$$
