453
CDUS41 KCLE 230545
CLITOL


CLIMATE REPORT
NATIONAL WEATHER SERVICE CLEVELAND OH
145 AM EDT FRI JUN 23 2017


...................................

...THE TOLEDO OH CLIMATE SUMMARY FOR JUNE 22 2017...

CLIMATE NORMAL PERIOD 1981 TO 2010
CLIMATE RECORD PERIOD 1873 TO 2017


WEATHER ITEM   OBSERVED TIME   RECORD YEAR NORMAL DEPARTURE LAST
                VALUE   (LST)  VALUE       VALUE  FROM      YEAR
                                                  NORMAL
..................................................................
TEMPERATURE (F)
 YESTERDAY
  MAXIMUM         88    431 PM  99    1988  83      5       86
  MINIMUM         61    400 AM  39    1963  60      1       56
  AVERAGE         75                        72      3       71

PRECIPITATION (IN)
  YESTERDAY        0.15                      0.12   0.03     0.44
  MONTH TO DATE    0.85                      2.69  -1.84     1.13
  SINCE JUN 1      0.85                      2.69  -1.84     1.13
  SINCE JAN 1     18.71                     16.06   2.65    14.89

SNOWFALL (IN)
  YESTERDAY        0.0                       0.0    0.0      0.0
  MONTH TO DATE    0.0                       0.0    0.0      0.0
  SINCE JUN 1      0.0                       0.0    0.0      0.0
  SINCE JUL 1     22.4                      37.6  -15.2     26.4
  SNOW DEPTH       0

DEGREE DAYS
 HEATING
  YESTERDAY        0                         1     -1        0
  MONTH TO DATE   12                        35    -23       13
  SINCE JUN 1     12                        35    -23       13
  SINCE JUL 1   5306                      6145   -839     5357

 COOLING
  YESTERDAY       10                         7      3        6
  MONTH TO DATE  151                       108     43      145
  SINCE JUN 1    151                       108     43      145
  SINCE JAN 1    196                       161     35      214
..................................................................


WIND (MPH)
  HIGHEST WIND SPEED    22   HIGHEST WIND DIRECTION    SW (230)
  HIGHEST GUST SPEED    29   HIGHEST GUST DIRECTION    SW (230)
  AVERAGE WIND SPEED     8.1


SKY COVER
  POSSIBLE SUNSHINE  MM
  AVERAGE SKY COVER 0.3


WEATHER CONDITIONS
 THE FOLLOWING WEATHER WAS RECORDED YESTERDAY.
  THUNDERSTORM
  HEAVY RAIN
  LIGHT RAIN
  FOG


RELATIVE HUMIDITY (PERCENT)
 HIGHEST    90           800 AM
 LOWEST     55           200 PM
 AVERAGE    73

..........................................................


THE TOLEDO OH CLIMATE NORMALS FOR TODAY
                         NORMAL    RECORD    YEAR
 MAXIMUM TEMPERATURE (F)   83        96      1911
 MINIMUM TEMPERATURE (F)   61        41      1963


SUNRISE AND SUNSET
JUNE 23 2017..........SUNRISE   602 AM EDT   SUNSET   913 PM EDT
JUNE 24 2017..........SUNRISE   602 AM EDT   SUNSET   913 PM EDT


-  INDICATES NEGATIVE NUMBERS.
R  INDICATES RECORD WAS SET OR TIED.
MM INDICATES DATA IS MISSING.
T  INDICATES TRACE AMOUNT.




$$
