000
CDUS41 KCLE 100527
CLITOL


CLIMATE REPORT
NATIONAL WEATHER SERVICE CLEVELAND OH
1226 AM EST SUN DEC 10 2017


...................................

...THE TOLEDO OH CLIMATE SUMMARY FOR DECEMBER 9 2017...

CLIMATE NORMAL PERIOD 1981 TO 2010
CLIMATE RECORD PERIOD 1873 TO 2017


WEATHER ITEM   OBSERVED TIME   RECORD YEAR NORMAL DEPARTURE LAST
                VALUE   (LST)  VALUE       VALUE  FROM      YEAR
                                                  NORMAL
..................................................................
TEMPERATURE (F)
 YESTERDAY
  MAXIMUM         28   1159 PM  60    1952  38    -10       30
  MINIMUM         22    156 AM  -5    1917  25     -3       21
  AVERAGE         25                        32     -7       26

PRECIPITATION (IN)
  YESTERDAY        0.14                      0.09   0.05     0.01
  MONTH TO DATE    0.23                      0.82  -0.59     0.49
  SINCE DEC 1      0.23                      0.82  -0.59     0.49
  SINCE JAN 1     38.13                     32.38   5.75    32.34

SNOWFALL (IN)
  YESTERDAY        2.0                       0.2    1.8      0.2
  MONTH TO DATE    2.0                       1.6    0.4      0.8
  SINCE DEC 1      2.0                       1.6    0.4      0.8
  SINCE JUL 1      2.0                       3.7   -1.7      0.8
  SNOW DEPTH       T

DEGREE DAYS
 HEATING
  YESTERDAY       40                        33      7       39
  MONTH TO DATE  263                       287    -24      293
  SINCE DEC 1    263                       287    -24      293
  SINCE JUL 1   1311                      1520   -209     1217

 COOLING
  YESTERDAY        0                         0      0        0
  MONTH TO DATE    0                         0      0        0
  SINCE DEC 1      0                         0      0        0
  SINCE JAN 1    744                       793    -49     1037
..................................................................


WIND (MPH)
  HIGHEST WIND SPEED    14   HIGHEST WIND DIRECTION     W (290)
  HIGHEST GUST SPEED    20   HIGHEST GUST DIRECTION     S (200)
  AVERAGE WIND SPEED     6.7


SKY COVER
  POSSIBLE SUNSHINE  MM
  AVERAGE SKY COVER 1.0


WEATHER CONDITIONS
 THE FOLLOWING WEATHER WAS RECORDED YESTERDAY.
  SNOW
  LIGHT SNOW
  FOG


RELATIVE HUMIDITY (PERCENT)
 HIGHEST    96           800 AM
 LOWEST     60          1200 AM
 AVERAGE    78

..........................................................


THE TOLEDO OH CLIMATE NORMALS FOR TODAY
                         NORMAL    RECORD    YEAR
 MAXIMUM TEMPERATURE (F)   38        67      1971
 MINIMUM TEMPERATURE (F)   25        -6      1958


SUNRISE AND SUNSET
DECEMBER 10 2017......SUNRISE   751 AM EST   SUNSET   505 PM EST
DECEMBER 11 2017......SUNRISE   752 AM EST   SUNSET   505 PM EST


-  INDICATES NEGATIVE NUMBERS.
R  INDICATES RECORD WAS SET OR TIED.
MM INDICATES DATA IS MISSING.
T  INDICATES TRACE AMOUNT.




$$
