245
CDUS41 KCLE 150528
CLITOL


CLIMATE REPORT
NATIONAL WEATHER SERVICE CLEVELAND OH
1227 AM EST MON JAN 15 2018


...................................

...THE TOLEDO OH CLIMATE SUMMARY FOR JANUARY 14 2018...

CLIMATE NORMAL PERIOD 1981 TO 2010
CLIMATE RECORD PERIOD 1873 TO 2018


WEATHER ITEM   OBSERVED TIME   RECORD YEAR NORMAL DEPARTURE LAST
                VALUE   (LST)  VALUE       VALUE  FROM      YEAR
                                                  NORMAL
..................................................................
TEMPERATURE (F)
 YESTERDAY
  MAXIMUM         20    141 PM  64    1995  32    -12       31
  MINIMUM          6    805 AM  -8    1964  18    -12       20
  AVERAGE         13                        25    -12       26

PRECIPITATION (IN)
  YESTERDAY        0.00                      0.06  -0.06     0.00
  MONTH TO DATE    0.72                      1.01  -0.29     2.50
  SINCE DEC 1      1.84                      3.69  -1.85     4.98
  SINCE JAN 1      0.72                      1.01  -0.29     2.50

SNOWFALL (IN)
  YESTERDAY        0.0                       0.4   -0.4      0.0
  MONTH TO DATE    3.2                       4.9   -1.7      1.1
  SINCE DEC 1     17.1                      12.3    4.8     14.3
  SINCE JUL 1     17.1                      14.4    2.7     14.3
  SNOW DEPTH       1

DEGREE DAYS
 HEATING
  YESTERDAY       52                        40     12       39
  MONTH TO DATE  644                       551     93      536
  SINCE DEC 1   1831                      1643    188     1694
  SINCE JUL 1   2879                      2876      3     2618

 COOLING
  YESTERDAY        0                         0      0        0
  MONTH TO DATE    0                         0      0        0
  SINCE DEC 1      0                         0      0        0
  SINCE JAN 1      0                         0      0        0
..................................................................


WIND (MPH)
  HIGHEST WIND SPEED    13   HIGHEST WIND DIRECTION     S (200)
  HIGHEST GUST SPEED    17   HIGHEST GUST DIRECTION     S (190)
  AVERAGE WIND SPEED     4.2


SKY COVER
  POSSIBLE SUNSHINE  MM
  AVERAGE SKY COVER 0.5


WEATHER CONDITIONS
 THE FOLLOWING WEATHER WAS RECORDED YESTERDAY.
  NO SIGNIFICANT WEATHER WAS OBSERVED.


RELATIVE HUMIDITY (PERCENT)
 HIGHEST    91           800 AM
 LOWEST     56           400 PM
 AVERAGE    74

..........................................................


THE TOLEDO OH CLIMATE NORMALS FOR TODAY
                         NORMAL    RECORD    YEAR
 MAXIMUM TEMPERATURE (F)   32        63      1932
 MINIMUM TEMPERATURE (F)   18       -12      1972


SUNRISE AND SUNSET
JANUARY 15 2018.......SUNRISE   800 AM EST   SUNSET   530 PM EST
JANUARY 16 2018.......SUNRISE   759 AM EST   SUNSET   531 PM EST


-  INDICATES NEGATIVE NUMBERS.
R  INDICATES RECORD WAS SET OR TIED.
MM INDICATES DATA IS MISSING.
T  INDICATES TRACE AMOUNT.




$$
