443
CDUS41 KCLE 200536
CLITOL


CLIMATE REPORT
NATIONAL WEATHER SERVICE CLEVELAND OH
125 AM EDT THU APR 20 2017


...................................

...THE TOLEDO OH CLIMATE SUMMARY FOR APRIL 19 2017...

CLIMATE NORMAL PERIOD 1981 TO 2010
CLIMATE RECORD PERIOD 1873 TO 2017


WEATHER ITEM   OBSERVED TIME   RECORD YEAR NORMAL DEPARTURE LAST
                VALUE   (LST)  VALUE       VALUE  FROM      YEAR
                                                  NORMAL
..................................................................
TEMPERATURE (F)
 YESTERDAY
  MAXIMUM         79    307 PM  85    2002  62     17       61
                                      1985
  MINIMUM         50    127 AM  22    1983  40     10       50
  AVERAGE         65                        51     14       56

PRECIPITATION (IN)
  YESTERDAY        0.44                      0.11   0.33     0.00
  MONTH TO DATE    1.49                      2.03  -0.54     1.80
  SINCE MAR 1      5.13                      4.51   0.62     6.90
  SINCE JAN 1     10.90                      8.63   2.27    10.12

SNOWFALL (IN)
  YESTERDAY        0.0                       0.0    0.0      0.0
  MONTH TO DATE    0.7                       1.1   -0.4      8.7
  SINCE MAR 1      5.4                       6.8   -1.4     11.4
  SINCE JUL 1     22.4                      37.3  -14.9     26.4
  SNOW DEPTH       0

DEGREE DAYS
 HEATING
  YESTERDAY        0                        15    -15        9
  MONTH TO DATE  229                       339   -110      407
  SINCE MAR 1   1101                      1189    -88     1081
  SINCE JUL 1   4946                      5765   -819     4979

 COOLING
  YESTERDAY        0                         0      0        0
  MONTH TO DATE    3                         0      3        0
  SINCE MAR 1      3                         0      3        0
  SINCE JAN 1      3                         0      3        0
..................................................................


WIND (MPH)
  HIGHEST WIND SPEED    25   HIGHEST WIND DIRECTION    NW (330)
  HIGHEST GUST SPEED    30   HIGHEST GUST DIRECTION     N (340)
  AVERAGE WIND SPEED    10.7


SKY COVER
  POSSIBLE SUNSHINE  MM
  AVERAGE SKY COVER 0.7


WEATHER CONDITIONS
 THE FOLLOWING WEATHER WAS RECORDED YESTERDAY.
  THUNDERSTORM
  HEAVY RAIN
  RAIN
  LIGHT RAIN
  FOG


RELATIVE HUMIDITY (PERCENT)
 HIGHEST   100          1000 PM
 LOWEST     56           300 PM
 AVERAGE    78

..........................................................


THE TOLEDO OH CLIMATE NORMALS FOR TODAY
                         NORMAL    RECORD    YEAR
 MAXIMUM TEMPERATURE (F)   62        84      1985
 MINIMUM TEMPERATURE (F)   40        21      1897


SUNRISE AND SUNSET
APRIL 20 2017.........SUNRISE   647 AM EDT   SUNSET   822 PM EDT
APRIL 21 2017.........SUNRISE   646 AM EDT   SUNSET   823 PM EDT


-  INDICATES NEGATIVE NUMBERS.
R  INDICATES RECORD WAS SET OR TIED.
MM INDICATES DATA IS MISSING.
T  INDICATES TRACE AMOUNT.




$$
