469
CDUS41 KCLE 260527
CLITOL


CLIMATE REPORT
NATIONAL WEATHER SERVICE CLEVELAND OH
126 AM EDT TUE APR 26 2016


...................................

...THE TOLEDO OH CLIMATE SUMMARY FOR APRIL 25 2016...

CLIMATE NORMAL PERIOD 1981 TO 2010
CLIMATE RECORD PERIOD 1873 TO 2016


WEATHER ITEM   OBSERVED TIME   RECORD YEAR NORMAL DEPARTURE LAST
                VALUE   (LST)  VALUE       VALUE  FROM      YEAR
                                                  NORMAL
..................................................................
TEMPERATURE (F)
 YESTERDAY
  MAXIMUM         80    222 PM  88    1990  64     16       48
  MINIMUM         41    535 AM  21    1974  42     -1       40
  AVERAGE         61                        53      8       44

PRECIPITATION (IN)
  YESTERDAY        0.00                      0.11  -0.11     0.08
  MONTH TO DATE    2.41                      2.67  -0.26     2.52
  SINCE MAR 1      7.51                      5.15   2.36     3.86
  SINCE JAN 1     10.73                      9.27   1.46     7.48

SNOWFALL (IN)
  YESTERDAY        0.0                       0.0    0.0      0.0
  MONTH TO DATE    8.7                       1.2    7.5      0.0
  SINCE MAR 1     11.4                       6.9    4.5      5.4
  SINCE JUL 1     26.4                      37.4  -11.0     45.7
  SNOW DEPTH       0

DEGREE DAYS
 HEATING
  YESTERDAY        4                        12     -8       21
  MONTH TO DATE  472                       419     53      398
  SINCE MAR 1   1146                      1269   -123     1388
  SINCE JUL 1   5044                      5845   -801     6644

 COOLING
  YESTERDAY        0                         0      0        0
  MONTH TO DATE    0                         0      0        0
  SINCE MAR 1      0                         0      0        0
  SINCE JAN 1      0                         0      0        0
..................................................................


WIND (MPH)
  HIGHEST WIND SPEED    24   HIGHEST WIND DIRECTION     W (250)
  HIGHEST GUST SPEED    31   HIGHEST GUST DIRECTION     W (250)
  AVERAGE WIND SPEED     8.8


SKY COVER
  POSSIBLE SUNSHINE  MM
  AVERAGE SKY COVER 0.3


WEATHER CONDITIONS
 THE FOLLOWING WEATHER WAS RECORDED YESTERDAY.
  NO SIGNIFICANT WEATHER WAS OBSERVED.


RELATIVE HUMIDITY (PERCENT)
 HIGHEST    76           600 AM
 LOWEST     33           200 PM
 AVERAGE    55

..........................................................


THE TOLEDO OH CLIMATE NORMALS FOR TODAY
                         NORMAL    RECORD    YEAR
 MAXIMUM TEMPERATURE (F)   64        89      1915
 MINIMUM TEMPERATURE (F)   42        25      1972


SUNRISE AND SUNSET
APRIL 26 2016.........SUNRISE   638 AM EDT   SUNSET   828 PM EDT
APRIL 27 2016.........SUNRISE   637 AM EDT   SUNSET   829 PM EDT


-  INDICATES NEGATIVE NUMBERS.
R  INDICATES RECORD WAS SET OR TIED.
MM INDICATES DATA IS MISSING.
T  INDICATES TRACE AMOUNT.




$$
