000
CDUS41 KCLE 130533
CLITOL


CLIMATE REPORT
NATIONAL WEATHER SERVICE CLEVELAND OH
1233 AM EST TUE FEB 13 2018


...................................

...THE TOLEDO OH CLIMATE SUMMARY FOR FEBRUARY 12 2018...

CLIMATE NORMAL PERIOD 1981 TO 2010
CLIMATE RECORD PERIOD 1873 TO 2018


WEATHER ITEM   OBSERVED TIME   RECORD YEAR NORMAL DEPARTURE LAST
                VALUE   (LST)  VALUE       VALUE  FROM      YEAR
                                                  NORMAL
..................................................................
TEMPERATURE (F)
 YESTERDAY
  MAXIMUM         28    453 PM  61    1984  35     -7       46
  MINIMUM          8   1159 PM -14    2014  20    -12       33
  AVERAGE         18                        28    -10       40

PRECIPITATION (IN)
  YESTERDAY        0.00                      0.08  -0.08     0.21
  MONTH TO DATE    0.86                      0.84   0.02     1.18
  SINCE DEC 1      3.11                      5.57  -2.46     7.81
  SINCE JAN 1      1.99                      2.89  -0.90     5.33

SNOWFALL (IN)
  YESTERDAY        0.0                       0.4   -0.4      0.0
  MONTH TO DATE    9.2                       4.4    4.8      1.0
  SINCE DEC 1     29.7                      23.4    6.3     17.0
  SINCE JUL 1     29.7                      25.5    4.2     17.0
  SNOW DEPTH       6

DEGREE DAYS
 HEATING
  YESTERDAY       47                        38      9       25
  MONTH TO DATE  544                       462     82      391
  SINCE DEC 1   2967                      2778    189     2581
  SINCE JUL 1   4015                      4011      4     3505

 COOLING
  YESTERDAY        0                         0      0        0
  MONTH TO DATE    0                         0      0        0
  SINCE DEC 1      0                         0      0        0
  SINCE JAN 1      0                         0      0        0
..................................................................


WIND (MPH)
  HIGHEST WIND SPEED    13   HIGHEST WIND DIRECTION     W (280)
  HIGHEST GUST SPEED    17   HIGHEST GUST DIRECTION     W (270)
  AVERAGE WIND SPEED     4.7


SKY COVER
  POSSIBLE SUNSHINE  MM
  AVERAGE SKY COVER 0.0


WEATHER CONDITIONS
 THE FOLLOWING WEATHER WAS RECORDED YESTERDAY.
  FOG


RELATIVE HUMIDITY (PERCENT)
 HIGHEST   100           400 AM
 LOWEST     53           400 PM
 AVERAGE    77

..........................................................


THE TOLEDO OH CLIMATE NORMALS FOR TODAY
                         NORMAL    RECORD    YEAR
 MAXIMUM TEMPERATURE (F)   35        66      1938
 MINIMUM TEMPERATURE (F)   20       -12      1905


SUNRISE AND SUNSET
FEBRUARY 13 2018......SUNRISE   733 AM EST   SUNSET   606 PM EST
FEBRUARY 14 2018......SUNRISE   732 AM EST   SUNSET   607 PM EST


-  INDICATES NEGATIVE NUMBERS.
R  INDICATES RECORD WAS SET OR TIED.
MM INDICATES DATA IS MISSING.
T  INDICATES TRACE AMOUNT.




$$
