000
CDUS41 KCLE 162119
CLITOL


CLIMATE REPORT
NATIONAL WEATHER SERVICE CLEVELAND OH
518 PM EDT THU MAR 16 2017


...................................

...THE TOLEDO OH CLIMATE SUMMARY FOR MARCH 16 2017...
VALID TODAY AS OF 0500 PM LOCAL TIME.

CLIMATE NORMAL PERIOD 1981 TO 2010
CLIMATE RECORD PERIOD 1873 TO 2017


WEATHER ITEM   OBSERVED TIME   RECORD YEAR NORMAL DEPARTURE LAST
                VALUE   (LST)  VALUE       VALUE  FROM      YEAR
                                                  NORMAL
..................................................................
TEMPERATURE (F)
 TODAY
  MAXIMUM         42    349 PM  78    1945  47     -5       61
  MINIMUM         19    724 AM   2    1900  28     -9       44
  AVERAGE         31                        38     -7       53

PRECIPITATION (IN)
  TODAY            0.00                      0.08  -0.08      T
  MONTH TO DATE    0.80                      1.20  -0.40     1.64
  SINCE MAR 1      0.80                      1.20  -0.40     1.64
  SINCE JAN 1      6.57                      5.32   1.25     4.86

SNOWFALL (IN)
  TODAY            0.0                       0.2   -0.2      0.0
  MONTH TO DATE    2.6                       3.6   -1.0      2.7
  SINCE MAR 1      2.6                       3.6   -1.0      2.7
  SINCE JUL 1     19.6                      34.1  -14.5     17.7
  SNOW DEPTH       0

DEGREE DAYS
 HEATING
  TODAY           34                        27      7       12
  MONTH TO DATE  522                       484     38      355
  SINCE MAR 1    522                       484     38      355
  SINCE JUL 1   4367                      5060   -693     4253

 COOLING
  TODAY            0                         0      0        0
  MONTH TO DATE    0                         0      0        0
  SINCE MAR 1      0                         0      0        0
  SINCE JAN 1      0                         0      0        0
..................................................................


WIND (MPH)
  HIGHEST WIND SPEED    18   HIGHEST WIND DIRECTION    NW (300)
  HIGHEST GUST SPEED    27   HIGHEST GUST DIRECTION     W (280)


SKY COVER
  POSSIBLE SUNSHINE  MM
  AVERAGE SKY COVER 0.1


WEATHER CONDITIONS
 THE FOLLOWING WEATHER WAS RECORDED TODAY.
  NO SIGNIFICANT WEATHER WAS OBSERVED.


RELATIVE HUMIDITY (PERCENT)
 HIGHEST    84           300 AM
 LOWEST     34           400 PM
 AVERAGE    59

..........................................................


THE TOLEDO OH CLIMATE NORMALS FOR TOMORROW
                         NORMAL    RECORD    YEAR
 MAXIMUM TEMPERATURE (F)   47        77      2012
 MINIMUM TEMPERATURE (F)   29        -2      1900


SUNRISE AND SUNSET
MARCH 16 2017.........SUNRISE   745 AM EDT   SUNSET   743 PM EDT
MARCH 17 2017.........SUNRISE   743 AM EDT   SUNSET   744 PM EDT


-  INDICATES NEGATIVE NUMBERS.
R  INDICATES RECORD WAS SET OR TIED.
MM INDICATES DATA IS MISSING.
T  INDICATES TRACE AMOUNT.




$$
