000
CDUS41 KCLE 082220
CLITOL


CLIMATE REPORT
NATIONAL WEATHER SERVICE CLEVELAND OH
514 PM EST FRI DEC 8 2017


...................................

...THE TOLEDO OH CLIMATE SUMMARY FOR DECEMBER 8 2017...
VALID TODAY AS OF 0500 PM LOCAL TIME.

CLIMATE NORMAL PERIOD 1981 TO 2010
CLIMATE RECORD PERIOD 1873 TO 2017


WEATHER ITEM   OBSERVED TIME   RECORD YEAR NORMAL DEPARTURE LAST
                VALUE   (LST)  VALUE       VALUE  FROM      YEAR
                                                  NORMAL
..................................................................
TEMPERATURE (F)
 TODAY
  MAXIMUM         33    416 PM  65    1966  39     -6       29
  MINIMUM         18    836 AM  -7    1977  25     -7       21
  AVERAGE         26                        32     -6       25

PRECIPITATION (IN)
  TODAY            0.00                      0.09  -0.09      T
  MONTH TO DATE    0.09                      0.73  -0.64     0.48
  SINCE DEC 1      0.09                      0.73  -0.64     0.48
  SINCE JAN 1     37.99                     32.29   5.70    32.33

SNOWFALL (IN)
  TODAY            0.0                       0.2   -0.2       T
  MONTH TO DATE    T                         1.4   -1.4      0.6
  SINCE DEC 1      T                         1.4   -1.4      0.6
  SINCE JUL 1      T                         3.5   -3.5      0.6
  SNOW DEPTH       0

DEGREE DAYS
 HEATING
  TODAY           39                        33      6       40
  MONTH TO DATE  223                       254    -31      254
  SINCE DEC 1    223                       254    -31      254
  SINCE JUL 1   1271                      1487   -216     1178

 COOLING
  TODAY            0                         0      0        0
  MONTH TO DATE    0                         0      0        0
  SINCE DEC 1      0                         0      0        0
  SINCE JAN 1    744                       793    -49     1037
..................................................................


WIND (MPH)
  HIGHEST WIND SPEED    23   HIGHEST WIND DIRECTION    SW (240)
  HIGHEST GUST SPEED    30   HIGHEST GUST DIRECTION    SW (240)


SKY COVER
  POSSIBLE SUNSHINE  MM
  AVERAGE SKY COVER 0.0


WEATHER CONDITIONS
 THE FOLLOWING WEATHER WAS RECORDED TODAY.
  NO SIGNIFICANT WEATHER WAS OBSERVED.


RELATIVE HUMIDITY (PERCENT)
 HIGHEST    80           500 AM
 LOWEST     32           300 PM
 AVERAGE    56

..........................................................


THE TOLEDO OH CLIMATE NORMALS FOR TOMORROW
                         NORMAL    RECORD    YEAR
 MAXIMUM TEMPERATURE (F)   38        60      1952
 MINIMUM TEMPERATURE (F)   25        -5      1917


SUNRISE AND SUNSET
DECEMBER  8 2017......SUNRISE   749 AM EST   SUNSET   505 PM EST
DECEMBER  9 2017......SUNRISE   750 AM EST   SUNSET   505 PM EST


-  INDICATES NEGATIVE NUMBERS.
R  INDICATES RECORD WAS SET OR TIED.
MM INDICATES DATA IS MISSING.
T  INDICATES TRACE AMOUNT.




$$
