000
CDUS41 KCLE 252120
CLITOL


CLIMATE REPORT
NATIONAL WEATHER SERVICE CLEVELAND OH
519 PM EDT TUE AUG 25 2015


...................................

...THE TOLEDO OH CLIMATE SUMMARY FOR AUGUST 25 2015...
VALID TODAY AS OF 0500 PM LOCAL TIME.

CLIMATE NORMAL PERIOD 1981 TO 2010
CLIMATE RECORD PERIOD 1873 TO 2015


WEATHER ITEM   OBSERVED TIME   RECORD YEAR NORMAL DEPARTURE LAST
                VALUE   (LST)  VALUE       VALUE  FROM      YEAR
                                                  NORMAL
..................................................................
TEMPERATURE (F)
 TODAY
  MAXIMUM         65    202 PM  95    1993  82    -17       88
                                      1948
  MINIMUM         54    335 AM  46    1977  60     -6       67
                                      1944
  AVERAGE         60                        71    -11       78

PRECIPITATION (IN)
  TODAY            T                         0.10  -0.10     0.00
  MONTH TO DATE    2.82                      2.56   0.26     2.53
  SINCE JUN 1     16.20                      9.36   6.84     7.34
  SINCE JAN 1     28.10                     22.73   5.37    21.19

SNOWFALL (IN)
  TODAY            0.0                       0.0    0.0      0.0
  MONTH TO DATE    0.0                       0.0    0.0      0.0
  SINCE JUN 1      0.0                       0.0    0.0      0.0
  SINCE JUL 1      0.0                       0.0    0.0      0.0
  SNOW DEPTH       0

DEGREE DAYS
 HEATING
  TODAY            5                         1      4        0
  MONTH TO DATE    5                         1      4        5
  SINCE JUN 1     42                        39      3       30
  SINCE JUL 1      7                         4      3       14

 COOLING
  TODAY            0                         6     -6       13
  MONTH TO DATE  145                       181    -36      151
  SINCE JUN 1    463                       616   -153      479
  SINCE JAN 1    556                       669   -113      541
..................................................................


WIND (MPH)
  HIGHEST WIND SPEED    18   HIGHEST WIND DIRECTION     W (280)
  HIGHEST GUST SPEED    22   HIGHEST GUST DIRECTION     W (270)


SKY COVER
  POSSIBLE SUNSHINE  MM
  AVERAGE SKY COVER 0.9


WEATHER CONDITIONS
 THE FOLLOWING WEATHER WAS RECORDED TODAY.
  LIGHT RAIN


RELATIVE HUMIDITY (PERCENT)
 HIGHEST    93           400 AM
 LOWEST     63           200 PM
 AVERAGE    78

..........................................................


THE TOLEDO OH CLIMATE NORMALS FOR TOMORROW
                         NORMAL    RECORD    YEAR
 MAXIMUM TEMPERATURE (F)   81        97      1993
 MINIMUM TEMPERATURE (F)   60        45      1964
                                             1945
                                             1944


SUNRISE AND SUNSET
AUGUST 25 2015........SUNRISE   654 AM EDT   SUNSET   820 PM EDT
AUGUST 26 2015........SUNRISE   655 AM EDT   SUNSET   818 PM EDT


-  INDICATES NEGATIVE NUMBERS.
R  INDICATES RECORD WAS SET OR TIED.
MM INDICATES DATA IS MISSING.
T  INDICATES TRACE AMOUNT.




$$
