000
CDUS41 KCLE 270526
CLITOL


CLIMATE REPORT
NATIONAL WEATHER SERVICE CLEVELAND OH
126 AM EDT WED JUL 27 2016


...................................

...THE TOLEDO OH CLIMATE SUMMARY FOR JULY 26 2016...

CLIMATE NORMAL PERIOD 1981 TO 2010
CLIMATE RECORD PERIOD 1873 TO 2016


WEATHER ITEM   OBSERVED TIME   RECORD YEAR NORMAL DEPARTURE LAST
                VALUE   (LST)  VALUE       VALUE  FROM      YEAR
                                                  NORMAL
..................................................................
TEMPERATURE (F)
 YESTERDAY
  MAXIMUM         87    450 PM 100    1941  84      3       85
  MINIMUM         65    527 AM  50    1977  62      3       67
  AVERAGE         76                        73      3       76

PRECIPITATION (IN)
  YESTERDAY        0.00                      0.11  -0.11     0.00
  MONTH TO DATE    2.85                      2.69   0.16     4.78
  SINCE JUN 1      4.47                      6.26  -1.79    12.00
  SINCE JAN 1     18.23                     19.63  -1.40    23.90

SNOWFALL (IN)
  YESTERDAY        0.0                       0.0    0.0      0.0
  MONTH TO DATE    0.0                       0.0    0.0      0.0
  SINCE JUN 1      0.0                       0.0    0.0      0.0
  SINCE JUL 1      0.0                       0.0    0.0      0.0
  SNOW DEPTH       0

DEGREE DAYS
 HEATING
  YESTERDAY        0                         0      0        0
  MONTH TO DATE    1                         0      1        2
  SINCE JUN 1     14                        35    -21       37
  SINCE JUL 1      1                         0      1        2

 COOLING
  YESTERDAY       11                         8      3       11
  MONTH TO DATE  257                       227     30      132
  SINCE JUN 1    447                       397     50      265
  SINCE JAN 1    516                       450     66      358
..................................................................


WIND (MPH)
  HIGHEST WIND SPEED     9   HIGHEST WIND DIRECTION    NE (60)
  HIGHEST GUST SPEED    14   HIGHEST GUST DIRECTION     E (70)
  AVERAGE WIND SPEED     3.4


SKY COVER
  POSSIBLE SUNSHINE  MM
  AVERAGE SKY COVER 0.0


WEATHER CONDITIONS
 THE FOLLOWING WEATHER WAS RECORDED YESTERDAY.
  NO SIGNIFICANT WEATHER WAS OBSERVED.


RELATIVE HUMIDITY (PERCENT)
 HIGHEST   100          1100 PM
 LOWEST     40           300 PM
 AVERAGE    70

..........................................................


THE TOLEDO OH CLIMATE NORMALS FOR TODAY
                         NORMAL    RECORD    YEAR
 MAXIMUM TEMPERATURE (F)   84       100      1941
 MINIMUM TEMPERATURE (F)   62        46      1977
                                             1971


SUNRISE AND SUNSET
JULY 27 2016..........SUNRISE   625 AM EDT   SUNSET   858 PM EDT
JULY 28 2016..........SUNRISE   626 AM EDT   SUNSET   857 PM EDT


-  INDICATES NEGATIVE NUMBERS.
R  INDICATES RECORD WAS SET OR TIED.
MM INDICATES DATA IS MISSING.
T  INDICATES TRACE AMOUNT.




$$
