189
CDUS41 KCLE 290527
CLITOL


CLIMATE REPORT
NATIONAL WEATHER SERVICE CLEVELAND OH
126 AM EDT THU SEP 29 2016


...................................

...THE TOLEDO OH CLIMATE SUMMARY FOR SEPTEMBER 28 2016...

CLIMATE NORMAL PERIOD 1981 TO 2010
CLIMATE RECORD PERIOD 1873 TO 2016


WEATHER ITEM   OBSERVED TIME   RECORD YEAR NORMAL DEPARTURE LAST
                VALUE   (LST)  VALUE       VALUE  FROM      YEAR
                                                  NORMAL
..................................................................
TEMPERATURE (F)
 YESTERDAY
  MAXIMUM         63    325 PM  89    1905  70     -7       80
  MINIMUM         47    134 AM  29    1942  48     -1       63
  AVERAGE         55                        59     -4       72

PRECIPITATION (IN)
  YESTERDAY        0.26                      0.08   0.18      T
  MONTH TO DATE    2.84                      2.60   0.24     1.18
  SINCE SEP 1      2.84                      2.60   0.24     1.18
  SINCE JAN 1     26.15                     25.92   0.23    29.51

SNOWFALL (IN)
  YESTERDAY        0.0                       0.0    0.0      0.0
  MONTH TO DATE    0.0                       0.0    0.0      0.0
  SINCE SEP 1      0.0                       0.0    0.0      0.0
  SINCE JUL 1      0.0                       0.0    0.0      0.0
  SNOW DEPTH       0

DEGREE DAYS
 HEATING
  YESTERDAY       10                         7      3        0
  MONTH TO DATE   31                        94    -63       40
  SINCE SEP 1     31                        94    -63       40
  SINCE JUL 1     32                       108    -76       52

 COOLING
  YESTERDAY        0                         1     -1        7
  MONTH TO DATE  119                        79     40      138
  SINCE SEP 1    119                        79     40      138
  SINCE JAN 1   1008                       781    227      719
..................................................................


WIND (MPH)
  HIGHEST WIND SPEED    15   HIGHEST WIND DIRECTION     E (100)
  HIGHEST GUST SPEED    24   HIGHEST GUST DIRECTION    SE (120)
  AVERAGE WIND SPEED     6.5


SKY COVER
  POSSIBLE SUNSHINE  MM
  AVERAGE SKY COVER 0.7


WEATHER CONDITIONS
 THE FOLLOWING WEATHER WAS RECORDED YESTERDAY.
  HEAVY RAIN
  RAIN
  LIGHT RAIN
  FOG


RELATIVE HUMIDITY (PERCENT)
 HIGHEST   100          1200 AM
 LOWEST     77           800 AM
 AVERAGE    89

..........................................................


THE TOLEDO OH CLIMATE NORMALS FOR TODAY
                         NORMAL    RECORD    YEAR
 MAXIMUM TEMPERATURE (F)   70        95      1953
 MINIMUM TEMPERATURE (F)   47        29      1961
                                             1942


SUNRISE AND SUNSET
SEPTEMBER 29 2016.....SUNRISE   730 AM EDT   SUNSET   719 PM EDT
SEPTEMBER 30 2016.....SUNRISE   731 AM EDT   SUNSET   718 PM EDT


-  INDICATES NEGATIVE NUMBERS.
R  INDICATES RECORD WAS SET OR TIED.
MM INDICATES DATA IS MISSING.
T  INDICATES TRACE AMOUNT.




$$
