000
CDUS41 KCLE 282115
CLITOL


CLIMATE REPORT
NATIONAL WEATHER SERVICE CLEVELAND OH
514 PM EDT SUN AUG 28 2016


...................................

...THE TOLEDO OH CLIMATE SUMMARY FOR AUGUST 28 2016...
VALID TODAY AS OF 0500 PM LOCAL TIME.

CLIMATE NORMAL PERIOD 1981 TO 2010
CLIMATE RECORD PERIOD 1873 TO 2016


WEATHER ITEM   OBSERVED TIME   RECORD YEAR NORMAL DEPARTURE LAST
                VALUE   (LST)  VALUE       VALUE  FROM      YEAR
                                                  NORMAL
..................................................................
TEMPERATURE (F)
 TODAY
  MAXIMUM         88    101 PM  96    1973  81      7       77
  MINIMUM         67    634 AM  41    1982  59      8       50
  AVERAGE         78                        70      8       64

PRECIPITATION (IN)
  TODAY            0.13                      0.10   0.03     0.00
  MONTH TO DATE    4.87                      2.86   2.01     2.82
  SINCE JUN 1      9.53                      9.66  -0.13    16.20
  SINCE JAN 1     23.29                     23.03   0.26    28.10

SNOWFALL (IN)
  TODAY            0.0                       0.0    0.0      0.0
  MONTH TO DATE    0.0                       0.0    0.0      0.0
  SINCE JUN 1      0.0                       0.0    0.0      0.0
  SINCE JUL 1      0.0                       0.0    0.0      0.0
  SNOW DEPTH       0

DEGREE DAYS
 HEATING
  TODAY            0                         1     -1        1
  MONTH TO DATE    0                         4     -4       10
  SINCE JUN 1     14                        42    -28       47
  SINCE JUL 1      1                         7     -6       12

 COOLING
  TODAY           13                         6      7        0
  MONTH TO DATE  297                       199     98      145
  SINCE JUN 1    796                       634    162      463
  SINCE JAN 1    865                       687    178      556
..................................................................


WIND (MPH)
  HIGHEST WIND SPEED    21   HIGHEST WIND DIRECTION    NW (320)
  HIGHEST GUST SPEED    26   HIGHEST GUST DIRECTION    NW (320)


SKY COVER
  POSSIBLE SUNSHINE  MM
  AVERAGE SKY COVER 0.4


WEATHER CONDITIONS
 THE FOLLOWING WEATHER WAS RECORDED TODAY.
  THUNDERSTORM
  RAIN
  LIGHT RAIN
  FOG
  FOG W/VISIBILITY <= 1/4 MILE


RELATIVE HUMIDITY (PERCENT)
 HIGHEST   100          1200 AM
 LOWEST     63           100 PM
 AVERAGE    82

..........................................................


THE TOLEDO OH CLIMATE NORMALS FOR TOMORROW
                         NORMAL    RECORD    YEAR
 MAXIMUM TEMPERATURE (F)   81        96      1953
 MINIMUM TEMPERATURE (F)   59        34      1982


SUNRISE AND SUNSET
AUGUST 28 2016........SUNRISE   658 AM EDT   SUNSET   814 PM EDT
AUGUST 29 2016........SUNRISE   659 AM EDT   SUNSET   812 PM EDT


-  INDICATES NEGATIVE NUMBERS.
R  INDICATES RECORD WAS SET OR TIED.
MM INDICATES DATA IS MISSING.
T  INDICATES TRACE AMOUNT.




$$
