000
CDUS41 KCLE 310545
CLITOL


CLIMATE REPORT
NATIONAL WEATHER SERVICE CLEVELAND OH
145 AM EDT SUN AUG 31 2014


...................................

...THE TOLEDO OH CLIMATE SUMMARY FOR AUGUST 30 2014...

CLIMATE NORMAL PERIOD 1981 TO 2010
CLIMATE RECORD PERIOD 1873 TO 2014


WEATHER ITEM   OBSERVED TIME   RECORD YEAR NORMAL DEPARTURE LAST
                VALUE   (LST)  VALUE       VALUE  FROM      YEAR
                                                  NORMAL
..................................................................
TEMPERATURE (F)
 YESTERDAY
  MAXIMUM         86    312 PM  98    1953  81      5       88
  MINIMUM         69    602 AM  41    1986  59     10       62
                                      1976
                                      1946
  AVERAGE         78                        70      8       75

PRECIPITATION (IN)
  YESTERDAY        T                         0.09  -0.09     0.00
  MONTH TO DATE    2.53                      3.05  -0.52     2.00
  SINCE JUN 1      7.34                      9.85  -2.51    12.29
  SINCE JAN 1     21.19                     23.22  -2.03    26.79

SNOWFALL (IN)
  YESTERDAY        0.0                       0.0    0.0      0.0
  MONTH TO DATE    0.0                       0.0    0.0      0.0
  SINCE JUN 1      0.0                       0.0    0.0      0.0
  SINCE JUL 1      0.0                       0.0    0.0      0.0
  SNOW DEPTH       0

DEGREE DAYS
 HEATING
  YESTERDAY        0                         1     -1        0
  MONTH TO DATE    5                         6     -1       16
  SINCE JUN 1     30                        44    -14       60
  SINCE JUL 1     14                         9      5       29

 COOLING
  YESTERDAY       13                         6      7       10
  MONTH TO DATE  195                       211    -16      169
  SINCE JUN 1    523                       646   -123      576
  SINCE JAN 1    585                       699   -114      670
..................................................................


WIND (MPH)
  HIGHEST WIND SPEED    22   HIGHEST WIND DIRECTION    SW (230)
  HIGHEST GUST SPEED    31   HIGHEST GUST DIRECTION    SW (220)
  AVERAGE WIND SPEED    10.8


SKY COVER
  POSSIBLE SUNSHINE  MM
  AVERAGE SKY COVER 0.2


WEATHER CONDITIONS
 THE FOLLOWING WEATHER WAS RECORDED YESTERDAY.
  NO SIGNIFICANT WEATHER WAS OBSERVED.


RELATIVE HUMIDITY (PERCENT)
 HIGHEST    84           600 AM
 LOWEST     55           100 PM
 AVERAGE    70

..........................................................


THE TOLEDO OH CLIMATE NORMALS FOR TODAY
                         NORMAL    RECORD    YEAR
 MAXIMUM TEMPERATURE (F)   81       101      1951
 MINIMUM TEMPERATURE (F)   59        44      1967


SUNRISE AND SUNSET
AUGUST 31 2014........SUNRISE   700 AM EDT   SUNSET   810 PM EDT
SEPTEMBER  1 2014.....SUNRISE   701 AM EDT   SUNSET   808 PM EDT


-  INDICATES NEGATIVE NUMBERS.
R  INDICATES RECORD WAS SET OR TIED.
MM INDICATES DATA IS MISSING.
T  INDICATES TRACE AMOUNT.




$$
