000
CDUS41 KCLE 190538
CLITOL


CLIMATE REPORT
NATIONAL WEATHER SERVICE CLEVELAND OH
137 AM EDT MON JUN 19 2017


...................................

...THE TOLEDO OH CLIMATE SUMMARY FOR JUNE 18 2017...

CLIMATE NORMAL PERIOD 1981 TO 2010
CLIMATE RECORD PERIOD 1873 TO 2017


WEATHER ITEM   OBSERVED TIME   RECORD YEAR NORMAL DEPARTURE LAST
                VALUE   (LST)  VALUE       VALUE  FROM      YEAR
                                                  NORMAL
..................................................................
TEMPERATURE (F)
 YESTERDAY
  MAXIMUM         85    426 PM  98    1994  82      3       89
  MINIMUM         68   1159 PM  43    1960  59      9       52
  AVERAGE         77                        70      7       71

PRECIPITATION (IN)
  YESTERDAY        0.01                      0.11  -0.10     0.00
  MONTH TO DATE    0.47                      2.22  -1.75     0.69
  SINCE JUN 1      0.47                      2.22  -1.75     0.69
  SINCE JAN 1     18.33                     15.59   2.74    14.45

SNOWFALL (IN)
  YESTERDAY        0.0                       0.0    0.0      0.0
  MONTH TO DATE    0.0                       0.0    0.0      0.0
  SINCE JUN 1      0.0                       0.0    0.0      0.0
  SINCE JUL 1     22.4                      37.6  -15.2     26.4
  SNOW DEPTH       0

DEGREE DAYS
 HEATING
  YESTERDAY        0                         1     -1        0
  MONTH TO DATE   12                        31    -19       13
  SINCE JUN 1     12                        31    -19       13
  SINCE JUL 1   5306                      6141   -835     5357

 COOLING
  YESTERDAY       12                         6      6        6
  MONTH TO DATE  131                        81     50      105
  SINCE JUN 1    131                        81     50      105
  SINCE JAN 1    176                       134     42      174
..................................................................


WIND (MPH)
  HIGHEST WIND SPEED    25   HIGHEST WIND DIRECTION    SW (240)
  HIGHEST GUST SPEED    35   HIGHEST GUST DIRECTION     W (250)
  AVERAGE WIND SPEED    13.5


SKY COVER
  POSSIBLE SUNSHINE  MM
  AVERAGE SKY COVER 0.4


WEATHER CONDITIONS
 THE FOLLOWING WEATHER WAS RECORDED YESTERDAY.
  LIGHT RAIN


RELATIVE HUMIDITY (PERCENT)
 HIGHEST    87           200 AM
 LOWEST     37           600 PM
 AVERAGE    62

..........................................................


THE TOLEDO OH CLIMATE NORMALS FOR TODAY
                         NORMAL    RECORD    YEAR
 MAXIMUM TEMPERATURE (F)   82        98      1995
 MINIMUM TEMPERATURE (F)   60        44      1970


SUNRISE AND SUNSET
JUNE 19 2017..........SUNRISE   601 AM EDT   SUNSET   912 PM EDT
JUNE 20 2017..........SUNRISE   601 AM EDT   SUNSET   913 PM EDT


-  INDICATES NEGATIVE NUMBERS.
R  INDICATES RECORD WAS SET OR TIED.
MM INDICATES DATA IS MISSING.
T  INDICATES TRACE AMOUNT.




$$
