000
CDUS41 KCLE 280545
CLITOL


CLIMATE REPORT
NATIONAL WEATHER SERVICE CLEVELAND OH
145 AM EDT THU APR 28 2016


...................................

...THE TOLEDO OH CLIMATE SUMMARY FOR APRIL 27 2016...

CLIMATE NORMAL PERIOD 1981 TO 2010
CLIMATE RECORD PERIOD 1873 TO 2016


WEATHER ITEM   OBSERVED TIME   RECORD YEAR NORMAL DEPARTURE LAST
                VALUE   (LST)  VALUE       VALUE  FROM      YEAR
                                                  NORMAL
..................................................................
TEMPERATURE (F)
 YESTERDAY
  MAXIMUM         57    414 PM  88    1990  65     -8       51
  MINIMUM         43    501 AM  27    1971  43      0       37
  AVERAGE         50                        54     -4       44

PRECIPITATION (IN)
  YESTERDAY        0.00                      0.11  -0.11     0.00
  MONTH TO DATE    3.13                      2.88   0.25     2.52
  SINCE MAR 1      8.23                      5.36   2.87     3.86
  SINCE JAN 1     11.45                      9.48   1.97     7.48

SNOWFALL (IN)
  YESTERDAY        0.0                       0.0    0.0      0.0
  MONTH TO DATE    8.7                       1.3    7.4      0.0
  SINCE MAR 1     11.4                       7.0    4.4      5.4
  SINCE JUL 1     26.4                      37.5  -11.1     45.7
  SNOW DEPTH       0

DEGREE DAYS
 HEATING
  YESTERDAY       15                        12      3       21
  MONTH TO DATE  495                       443     52      437
  SINCE MAR 1   1169                      1293   -124     1427
  SINCE JUL 1   5067                      5869   -802     6683

 COOLING
  YESTERDAY        0                         0      0        0
  MONTH TO DATE    0                         0      0        0
  SINCE MAR 1      0                         0      0        0
  SINCE JAN 1      0                         0      0        0
..................................................................


WIND (MPH)
  HIGHEST WIND SPEED    24   HIGHEST WIND DIRECTION    NE (60)
  HIGHEST GUST SPEED    30   HIGHEST GUST DIRECTION    NE (60)
  AVERAGE WIND SPEED    13.8


SKY COVER
  POSSIBLE SUNSHINE  MM
  AVERAGE SKY COVER 0.4


WEATHER CONDITIONS
 THE FOLLOWING WEATHER WAS RECORDED YESTERDAY.
  NO SIGNIFICANT WEATHER WAS OBSERVED.


RELATIVE HUMIDITY (PERCENT)
 HIGHEST    83           100 AM
 LOWEST     26           300 PM
 AVERAGE    55

..........................................................


THE TOLEDO OH CLIMATE NORMALS FOR TODAY
                         NORMAL    RECORD    YEAR
 MAXIMUM TEMPERATURE (F)   65        84      1990
 MINIMUM TEMPERATURE (F)   43        23      1946


SUNRISE AND SUNSET
APRIL 28 2016.........SUNRISE   635 AM EDT   SUNSET   830 PM EDT
APRIL 29 2016.........SUNRISE   634 AM EDT   SUNSET   832 PM EDT


-  INDICATES NEGATIVE NUMBERS.
R  INDICATES RECORD WAS SET OR TIED.
MM INDICATES DATA IS MISSING.
T  INDICATES TRACE AMOUNT.




$$
