232
CDUS41 KCLE 200545
CLITOL


CLIMATE REPORT
NATIONAL WEATHER SERVICE CLEVELAND OH
145 AM EDT SAT AUG 20 2016


...................................

...THE TOLEDO OH CLIMATE SUMMARY FOR AUGUST 19 2016...

CLIMATE NORMAL PERIOD 1981 TO 2010
CLIMATE RECORD PERIOD 1873 TO 2016


WEATHER ITEM   OBSERVED TIME   RECORD YEAR NORMAL DEPARTURE LAST
                VALUE   (LST)  VALUE       VALUE  FROM      YEAR
                                                  NORMAL
..................................................................
TEMPERATURE (F)
 YESTERDAY
  MAXIMUM         88    238 PM  97    1955  82      6       86
  MINIMUM         65    507 AM  46    1977  61      4       68
  AVERAGE         77                        72      5       77

PRECIPITATION (IN)
  YESTERDAY        0.00                      0.10  -0.10     0.32
  MONTH TO DATE    2.20                      1.97   0.23     2.39
  SINCE JUN 1      6.86                      8.77  -1.91    15.77
  SINCE JAN 1     20.62                     22.14  -1.52    27.67

SNOWFALL (IN)
  YESTERDAY        0.0                       0.0    0.0      0.0
  MONTH TO DATE    0.0                       0.0    0.0      0.0
  SINCE JUN 1      0.0                       0.0    0.0      0.0
  SINCE JUL 1      0.0                       0.0    0.0      0.0
  SNOW DEPTH       0

DEGREE DAYS
 HEATING
  YESTERDAY        0                         0      0        0
  MONTH TO DATE    0                         0      0        0
  SINCE JUN 1     14                        38    -24       37
  SINCE JUL 1      1                         3     -2        2

 COOLING
  YESTERDAY       12                         7      5       12
  MONTH TO DATE  224                       142     82      138
  SINCE JUN 1    723                       577    146      456
  SINCE JAN 1    792                       630    162      549
..................................................................


WIND (MPH)
  HIGHEST WIND SPEED    18   HIGHEST WIND DIRECTION     W (270)
  HIGHEST GUST SPEED    23   HIGHEST GUST DIRECTION     W (280)
  AVERAGE WIND SPEED     6.0


SKY COVER
  POSSIBLE SUNSHINE  MM
  AVERAGE SKY COVER 0.1


WEATHER CONDITIONS
 THE FOLLOWING WEATHER WAS RECORDED YESTERDAY.
  FOG


RELATIVE HUMIDITY (PERCENT)
 HIGHEST   100          1200 AM
 LOWEST     55           300 PM
 AVERAGE    78

..........................................................


THE TOLEDO OH CLIMATE NORMALS FOR TODAY
                         NORMAL    RECORD    YEAR
 MAXIMUM TEMPERATURE (F)   82        99      1916
 MINIMUM TEMPERATURE (F)   61        47      1940


SUNRISE AND SUNSET
AUGUST 20 2016........SUNRISE   649 AM EDT   SUNSET   827 PM EDT
AUGUST 21 2016........SUNRISE   650 AM EDT   SUNSET   825 PM EDT


-  INDICATES NEGATIVE NUMBERS.
R  INDICATES RECORD WAS SET OR TIED.
MM INDICATES DATA IS MISSING.
T  INDICATES TRACE AMOUNT.




$$
