000
CDUS41 KCLE 160529
CLITOL


CLIMATE REPORT
NATIONAL WEATHER SERVICE CLEVELAND OH
1229 AM EST FRI FEB 16 2018


...................................

...THE TOLEDO OH CLIMATE SUMMARY FOR FEBRUARY 15 2018...

CLIMATE NORMAL PERIOD 1981 TO 2010
CLIMATE RECORD PERIOD 1873 TO 2018


WEATHER ITEM   OBSERVED TIME   RECORD YEAR NORMAL DEPARTURE LAST
                VALUE   (LST)  VALUE       VALUE  FROM      YEAR
                                                  NORMAL
..................................................................
TEMPERATURE (F)
 YESTERDAY
  MAXIMUM         56    413 PM  70    1954  36     20       39
  MINIMUM         43   1257 AM  -8    2015  21     22       26
                                      2007
  AVERAGE         50                        28     22       33

PRECIPITATION (IN)
  YESTERDAY        0.31                      0.07   0.24      T
  MONTH TO DATE    1.17                      1.06   0.11     1.18
  SINCE DEC 1      3.42                      5.79  -2.37     7.81
  SINCE JAN 1      2.30                      3.11  -0.81     5.33

SNOWFALL (IN)
  YESTERDAY        0.0                       0.4   -0.4       T
  MONTH TO DATE    9.2                       5.4    3.8      1.0
  SINCE DEC 1     29.7                      24.4    5.3     17.0
  SINCE JUL 1     29.7                      26.5    3.2     17.0
  SNOW DEPTH       1

DEGREE DAYS
 HEATING
  YESTERDAY       15                        37    -22       32
  MONTH TO DATE  636                       573     63      477
  SINCE DEC 1   3059                      2889    170     2667
  SINCE JUL 1   4107                      4122    -15     3591

 COOLING
  YESTERDAY        0                         0      0        0
  MONTH TO DATE    0                         0      0        0
  SINCE DEC 1      0                         0      0        0
  SINCE JAN 1      0                         0      0        0
..................................................................


WIND (MPH)
  HIGHEST WIND SPEED    18   HIGHEST WIND DIRECTION    SW (230)
  HIGHEST GUST SPEED    24   HIGHEST GUST DIRECTION    SW (230)
  AVERAGE WIND SPEED     9.4


SKY COVER
  POSSIBLE SUNSHINE  MM
  AVERAGE SKY COVER 1.0


WEATHER CONDITIONS
 THE FOLLOWING WEATHER WAS RECORDED YESTERDAY.
  HEAVY RAIN
  RAIN
  LIGHT RAIN
  FOG
  FOG W/VISIBILITY <= 1/4 MILE


RELATIVE HUMIDITY (PERCENT)
 HIGHEST   100          1200 AM
 LOWEST    100          1200 AM
 AVERAGE   100

..........................................................


THE TOLEDO OH CLIMATE NORMALS FOR TODAY
                         NORMAL    RECORD    YEAR
 MAXIMUM TEMPERATURE (F)   36        65      1883
 MINIMUM TEMPERATURE (F)   21        -9      2015


SUNRISE AND SUNSET
FEBRUARY 16 2018......SUNRISE   729 AM EST   SUNSET   610 PM EST
FEBRUARY 17 2018......SUNRISE   728 AM EST   SUNSET   611 PM EST


-  INDICATES NEGATIVE NUMBERS.
R  INDICATES RECORD WAS SET OR TIED.
MM INDICATES DATA IS MISSING.
T  INDICATES TRACE AMOUNT.




$$
