000
CDUS41 KCLE 210529
CLITOL


CLIMATE REPORT
NATIONAL WEATHER SERVICE CLEVELAND OH
1227 AM EST SAT FEB 21 2015


...................................

...THE TOLEDO OH CLIMATE SUMMARY FOR FEBRUARY 20 2015...

CLIMATE NORMAL PERIOD 1981 TO 2010
CLIMATE RECORD PERIOD 1873 TO 2015


WEATHER ITEM   OBSERVED TIME   RECORD YEAR NORMAL DEPARTURE LAST
                VALUE   (LST)  VALUE       VALUE  FROM      YEAR
                                                  NORMAL
..................................................................
TEMPERATURE (F)
 YESTERDAY
  MAXIMUM         14   1159 PM  66    1930  37    -23       52
  MINIMUM        -19R   740 AM  -5    1978  22    -41       25
  AVERAGE         -2                        29    -31       39

PRECIPITATION (IN)
  YESTERDAY        0.00                      0.07  -0.07     1.74
  MONTH TO DATE    1.37                      1.43  -0.06     3.83
  SINCE DEC 1      4.51                      6.16  -1.65    10.19
  SINCE JAN 1      3.42                      3.48  -0.06     7.12

SNOWFALL (IN)
  YESTERDAY        0.0                       0.3   -0.3      0.0
  MONTH TO DATE   22.4                       7.0   15.4     20.8
  SINCE DEC 1     34.6                      26.0    8.6     72.2
  SINCE JUL 1     37.4                      28.1    9.3     72.7
  SNOW DEPTH       9

DEGREE DAYS
 HEATING
  YESTERDAY       67                        36     31       26
  MONTH TO DATE 1021                       754    267      965
  SINCE DEC 1   3376                      3070    306     3626
  SINCE JUL 1   4814                      4303    511     4974

 COOLING
  YESTERDAY        0                         0      0        0
  MONTH TO DATE    0                         0      0        0
  SINCE DEC 1      0                         0      0        0
  SINCE JAN 1      0                         0      0        0
..................................................................


WIND (MPH)
  HIGHEST WIND SPEED    15   HIGHEST WIND DIRECTION     S (170)
  HIGHEST GUST SPEED    23   HIGHEST GUST DIRECTION     S (180)
  AVERAGE WIND SPEED     6.5


SKY COVER
  POSSIBLE SUNSHINE  MM
  AVERAGE SKY COVER 0.3


WEATHER CONDITIONS
 THE FOLLOWING WEATHER WAS RECORDED YESTERDAY.
  FOG
  HAZE


RELATIVE HUMIDITY (PERCENT)
 HIGHEST    86           900 AM
 LOWEST     58           300 PM
 AVERAGE    72

..........................................................


THE TOLEDO OH CLIMATE NORMALS FOR TODAY
                         NORMAL    RECORD    YEAR
 MAXIMUM TEMPERATURE (F)   38        68      1930
 MINIMUM TEMPERATURE (F)   22        -9      1978


SUNRISE AND SUNSET
FEBRUARY 21 2015......SUNRISE   722 AM EST   SUNSET   616 PM EST
FEBRUARY 22 2015......SUNRISE   721 AM EST   SUNSET   617 PM EST


-  INDICATES NEGATIVE NUMBERS.
R  INDICATES RECORD WAS SET OR TIED.
MM INDICATES DATA IS MISSING.
T  INDICATES TRACE AMOUNT.




$$
