972
CDUS41 KCLE 180527
CLITOL


CLIMATE REPORT
NATIONAL WEATHER SERVICE CLEVELAND OH
126 AM EDT TUE APR 18 2017


...................................

...THE TOLEDO OH CLIMATE SUMMARY FOR APRIL 17 2017...

CLIMATE NORMAL PERIOD 1981 TO 2010
CLIMATE RECORD PERIOD 1873 TO 2017


WEATHER ITEM   OBSERVED TIME   RECORD YEAR NORMAL DEPARTURE LAST
                VALUE   (LST)  VALUE       VALUE  FROM      YEAR
                                                  NORMAL
..................................................................
TEMPERATURE (F)
 YESTERDAY
  MAXIMUM         71    340 PM  86    2002  61     10       77
                                      1896
  MINIMUM         45    445 AM  14    1875  39      6       41
  AVERAGE         58                        50      8       59

PRECIPITATION (IN)
  YESTERDAY        T                         0.11  -0.11     0.00
  MONTH TO DATE    1.05                      1.80  -0.75     1.80
  SINCE MAR 1      4.69                      4.28   0.41     6.90
  SINCE JAN 1     10.46                      8.40   2.06    10.12

SNOWFALL (IN)
  YESTERDAY        0.0                       0.1   -0.1      0.0
  MONTH TO DATE    0.7                       1.1   -0.4      8.7
  SINCE MAR 1      5.4                       6.8   -1.4     11.4
  SINCE JUL 1     22.4                      37.3  -14.9     26.4
  SNOW DEPTH       0

DEGREE DAYS
 HEATING
  YESTERDAY        7                        15     -8        6
  MONTH TO DATE  219                       309    -90      396
  SINCE MAR 1   1091                      1159    -68     1070
  SINCE JUL 1   4936                      5735   -799     4968

 COOLING
  YESTERDAY        0                         0      0        0
  MONTH TO DATE    3                         0      3        0
  SINCE MAR 1      3                         0      3        0
  SINCE JAN 1      3                         0      3        0
..................................................................


WIND (MPH)
  HIGHEST WIND SPEED    24   HIGHEST WIND DIRECTION    NE (60)
  HIGHEST GUST SPEED    29   HIGHEST GUST DIRECTION    NE (60)
  AVERAGE WIND SPEED     7.7


SKY COVER
  POSSIBLE SUNSHINE  MM
  AVERAGE SKY COVER 0.1


WEATHER CONDITIONS
 THE FOLLOWING WEATHER WAS RECORDED YESTERDAY.
  NO SIGNIFICANT WEATHER WAS OBSERVED.


RELATIVE HUMIDITY (PERCENT)
 HIGHEST    86           700 AM
 LOWEST     22           500 PM
 AVERAGE    54

..........................................................


THE TOLEDO OH CLIMATE NORMALS FOR TODAY
                         NORMAL    RECORD    YEAR
 MAXIMUM TEMPERATURE (F)   61        88      2002
                                             1977
 MINIMUM TEMPERATURE (F)   40        12      1875


SUNRISE AND SUNSET
APRIL 18 2017.........SUNRISE   650 AM EDT   SUNSET   819 PM EDT
APRIL 19 2017.........SUNRISE   649 AM EDT   SUNSET   820 PM EDT


-  INDICATES NEGATIVE NUMBERS.
R  INDICATES RECORD WAS SET OR TIED.
MM INDICATES DATA IS MISSING.
T  INDICATES TRACE AMOUNT.




$$
