000
CDUS41 KCLE 172113
CLITOL


CLIMATE REPORT
NATIONAL WEATHER SERVICE CLEVELAND OH
512 PM EDT WED MAY 17 2017


...................................

...THE TOLEDO OH CLIMATE SUMMARY FOR MAY 17 2017...
VALID TODAY AS OF 0500 PM LOCAL TIME.

CLIMATE NORMAL PERIOD 1981 TO 2010
CLIMATE RECORD PERIOD 1873 TO 2017


WEATHER ITEM   OBSERVED TIME   RECORD YEAR NORMAL DEPARTURE LAST
                VALUE   (LST)  VALUE       VALUE  FROM      YEAR
                                                  NORMAL
..................................................................
TEMPERATURE (F)
 TODAY
  MAXIMUM         87    255 PM  95    1962  71     16       62
  MINIMUM         67    526 AM  30    1973  49     18       51
  AVERAGE         77                        60     17       57

PRECIPITATION (IN)
  TODAY            0.00                      0.11  -0.11     0.06
  MONTH TO DATE    3.23                      1.88   1.35     1.41
  SINCE MAR 1     10.34                      7.55   2.79    10.51
  SINCE JAN 1     16.11                     11.67   4.44    13.73

SNOWFALL (IN)
  TODAY            0.0                       0.0    0.0      0.0
  MONTH TO DATE    0.0                       0.1   -0.1      0.0
  SINCE MAR 1      5.4                       7.1   -1.7     11.4
  SINCE JUL 1     22.4                      37.6  -15.2     26.4
  SNOW DEPTH       0

DEGREE DAYS
 HEATING
  TODAY            0                         6     -6        8
  MONTH TO DATE  199                       142     57      181
  SINCE MAR 1   1409                      1468    -59     1403
  SINCE JUL 1   5254                      6044   -790     5301

 COOLING
  TODAY           12                         1     11        0
  MONTH TO DATE   17                        14      3        2
  SINCE MAR 1     25                        22      3        2
  SINCE JAN 1     25                        22      3        2
..................................................................


WIND (MPH)
  HIGHEST WIND SPEED    30   HIGHEST WIND DIRECTION    SW (240)
  HIGHEST GUST SPEED    42   HIGHEST GUST DIRECTION    SW (230)


SKY COVER
  POSSIBLE SUNSHINE  MM
  AVERAGE SKY COVER 0.2


WEATHER CONDITIONS
 THE FOLLOWING WEATHER WAS RECORDED TODAY.
  NO SIGNIFICANT WEATHER WAS OBSERVED.


RELATIVE HUMIDITY (PERCENT)
 HIGHEST    73           500 AM
 LOWEST     31           300 PM
 AVERAGE    52

..........................................................


THE TOLEDO OH CLIMATE NORMALS FOR TOMORROW
                         NORMAL    RECORD    YEAR
 MAXIMUM TEMPERATURE (F)   72        95      1962
 MINIMUM TEMPERATURE (F)   49        30      1973


SUNRISE AND SUNSET
MAY 17 2017...........SUNRISE   614 AM EDT   SUNSET   850 PM EDT
MAY 18 2017...........SUNRISE   613 AM EDT   SUNSET   851 PM EDT


-  INDICATES NEGATIVE NUMBERS.
R  INDICATES RECORD WAS SET OR TIED.
MM INDICATES DATA IS MISSING.
T  INDICATES TRACE AMOUNT.




$$
