000
CDUS41 KCLE 230528
CLITOL


CLIMATE REPORT
NATIONAL WEATHER SERVICE CLEVELAND OH
127 AM EDT SAT MAY 23 2015


...................................

...THE TOLEDO OH CLIMATE SUMMARY FOR MAY 22 2015...

CLIMATE NORMAL PERIOD 1981 TO 2010
CLIMATE RECORD PERIOD 1873 TO 2015


WEATHER ITEM   OBSERVED TIME   RECORD YEAR NORMAL DEPARTURE LAST
                VALUE   (LST)  VALUE       VALUE  FROM      YEAR
                                                  NORMAL
..................................................................
TEMPERATURE (F)
 YESTERDAY
  MAXIMUM         70    401 PM  91    1964  73     -3       73
  MINIMUM         46   1122 PM  33    2002  50     -4       58
                                      1883
  AVERAGE         58                        62     -4       66

PRECIPITATION (IN)
  YESTERDAY        T                         0.12  -0.12     0.00
  MONTH TO DATE    1.54                      2.48  -0.94     1.77
  SINCE MAR 1      5.57                      8.15  -2.58     6.47
  SINCE JAN 1      9.19                     12.27  -3.08    13.65

SNOWFALL (IN)
  YESTERDAY        0.0                       0.0    0.0      0.0
  MONTH TO DATE    0.0                       0.1   -0.1      0.0
  SINCE MAR 1      5.4                       7.1   -1.7     12.8
  SINCE JUL 1     45.7                      37.6    8.1     86.3
  SNOW DEPTH       0

DEGREE DAYS
 HEATING
  YESTERDAY        7                         5      2        0
  MONTH TO DATE  114                       170    -56      185
  SINCE MAR 1   1587                      1496     91     1784
  SINCE JUL 1   6843                      6072    771     7110

 COOLING
  YESTERDAY        0                         2     -2        1
  MONTH TO DATE   54                        23     31       34
  SINCE MAR 1     54                        31     23       36
  SINCE JAN 1     54                        31     23       36
..................................................................


WIND (MPH)
  HIGHEST WIND SPEED    16   HIGHEST WIND DIRECTION    NW (320)
  HIGHEST GUST SPEED    22   HIGHEST GUST DIRECTION     N (340)
  AVERAGE WIND SPEED     6.7


SKY COVER
  POSSIBLE SUNSHINE  MM
  AVERAGE SKY COVER 0.2


WEATHER CONDITIONS
 THE FOLLOWING WEATHER WAS RECORDED YESTERDAY.
  LIGHT RAIN


RELATIVE HUMIDITY (PERCENT)
 HIGHEST    71          1100 PM
 LOWEST     22           300 PM
 AVERAGE    47

..........................................................


THE TOLEDO OH CLIMATE NORMALS FOR TODAY
                         NORMAL    RECORD    YEAR
 MAXIMUM TEMPERATURE (F)   73        91      2007
                                             1964
 MINIMUM TEMPERATURE (F)   51        27      1963


SUNRISE AND SUNSET
MAY 23 2015...........SUNRISE   609 AM EDT   SUNSET   855 PM EDT
MAY 24 2015...........SUNRISE   608 AM EDT   SUNSET   856 PM EDT


-  INDICATES NEGATIVE NUMBERS.
R  INDICATES RECORD WAS SET OR TIED.
MM INDICATES DATA IS MISSING.
T  INDICATES TRACE AMOUNT.




$$
