000
CDUS41 KCLE 070531
CLITOL


CLIMATE REPORT
NATIONAL WEATHER SERVICE CLEVELAND OH
1230 AM EST SAT JAN 7 2017


...................................

...THE TOLEDO OH CLIMATE SUMMARY FOR JANUARY 6 2017...

CLIMATE NORMAL PERIOD 1981 TO 2010
CLIMATE RECORD PERIOD 1873 TO 2017


WEATHER ITEM   OBSERVED TIME   RECORD YEAR NORMAL DEPARTURE LAST
                VALUE   (LST)  VALUE       VALUE  FROM      YEAR
                                                  NORMAL
..................................................................
TEMPERATURE (F)
 YESTERDAY
  MAXIMUM         15    319 PM  62    1946  33    -18       37
  MINIMUM          4   1154 PM -15    2014  19    -15       11
  AVERAGE         10                        26    -16       24

PRECIPITATION (IN)
  YESTERDAY        T                         0.07  -0.07     0.00
  MONTH TO DATE    0.93                      0.45   0.48      T
  SINCE DEC 1      3.41                      3.13   0.28     2.98
  SINCE JAN 1      0.93                      0.45   0.48      T

SNOWFALL (IN)
  YESTERDAY        T                         0.4   -0.4      0.0
  MONTH TO DATE    0.3                       2.1   -1.8       T
  SINCE DEC 1     13.5                       9.5    4.0       T
  SINCE JUL 1     13.5                      11.6    1.9      3.5
  SNOW DEPTH       T

DEGREE DAYS
 HEATING
  YESTERDAY       55                        39     16       41
  MONTH TO DATE  234                       234      0      238
  SINCE DEC 1   1392                      1326     66      978
  SINCE JUL 1   2316                      2559   -243     1988

 COOLING
  YESTERDAY        0                         0      0        0
  MONTH TO DATE    0                         0      0        0
  SINCE DEC 1      0                         0      0        0
  SINCE JAN 1      0                         0      0        0
..................................................................


WIND (MPH)
  HIGHEST WIND SPEED    16   HIGHEST WIND DIRECTION     W (280)
  HIGHEST GUST SPEED    24   HIGHEST GUST DIRECTION     W (290)
  AVERAGE WIND SPEED     7.6


SKY COVER
  POSSIBLE SUNSHINE  MM
  AVERAGE SKY COVER 0.3


WEATHER CONDITIONS
 THE FOLLOWING WEATHER WAS RECORDED YESTERDAY.
  LIGHT SNOW
  HAZE


RELATIVE HUMIDITY (PERCENT)
 HIGHEST    96           700 AM
 LOWEST     61          1200 PM
 AVERAGE    79

..........................................................


THE TOLEDO OH CLIMATE NORMALS FOR TODAY
                         NORMAL    RECORD    YEAR
 MAXIMUM TEMPERATURE (F)   33        66      2008
 MINIMUM TEMPERATURE (F)   19       -14      2014


SUNRISE AND SUNSET
JANUARY  7 2017.......SUNRISE   802 AM EST   SUNSET   522 PM EST
JANUARY  8 2017.......SUNRISE   802 AM EST   SUNSET   523 PM EST


-  INDICATES NEGATIVE NUMBERS.
R  INDICATES RECORD WAS SET OR TIED.
MM INDICATES DATA IS MISSING.
T  INDICATES TRACE AMOUNT.




$$
