000
CDUS41 KCLE 230545
CLITOL


CLIMATE REPORT
NATIONAL WEATHER SERVICE CLEVELAND OH
145 AM EDT TUE MAY 23 2017


...................................

...THE TOLEDO OH CLIMATE SUMMARY FOR MAY 22 2017...

CLIMATE NORMAL PERIOD 1981 TO 2010
CLIMATE RECORD PERIOD 1873 TO 2017


WEATHER ITEM   OBSERVED TIME   RECORD YEAR NORMAL DEPARTURE LAST
                VALUE   (LST)  VALUE       VALUE  FROM      YEAR
                                                  NORMAL
..................................................................
TEMPERATURE (F)
 YESTERDAY
  MAXIMUM         70    522 PM  91    1964  73     -3       75
  MINIMUM         50    643 AM  33    2002  50      0       47
                                      1883
  AVERAGE         60                        62     -2       61

PRECIPITATION (IN)
  YESTERDAY        0.00                      0.12  -0.12     0.00
  MONTH TO DATE    3.92                      2.48   1.44     1.43
  SINCE MAR 1     11.03                      8.15   2.88    10.53
  SINCE JAN 1     16.80                     12.27   4.53    13.75

SNOWFALL (IN)
  YESTERDAY        0.0                       0.0    0.0      0.0
  MONTH TO DATE    0.0                       0.1   -0.1      0.0
  SINCE MAR 1      5.4                       7.1   -1.7     11.4
  SINCE JUL 1     22.4                      37.6  -15.2     26.4
  SNOW DEPTH       0

DEGREE DAYS
 HEATING
  YESTERDAY        5                         5      0        4
  MONTH TO DATE  222                       170     52      218
  SINCE MAR 1   1432                      1496    -64     1440
  SINCE JUL 1   5277                      6072   -795     5338

 COOLING
  YESTERDAY        0                         2     -2        0
  MONTH TO DATE   31                        23      8        2
  SINCE MAR 1     39                        31      8        2
  SINCE JAN 1     39                        31      8        2
..................................................................


WIND (MPH)
  HIGHEST WIND SPEED    23   HIGHEST WIND DIRECTION     W (250)
  HIGHEST GUST SPEED    29   HIGHEST GUST DIRECTION    SW (240)
  AVERAGE WIND SPEED    11.9


SKY COVER
  POSSIBLE SUNSHINE  MM
  AVERAGE SKY COVER 0.3


WEATHER CONDITIONS
 THE FOLLOWING WEATHER WAS RECORDED YESTERDAY.
  NO SIGNIFICANT WEATHER WAS OBSERVED.


RELATIVE HUMIDITY (PERCENT)
 HIGHEST    89          1100 PM
 LOWEST     40           300 PM
 AVERAGE    65

..........................................................


THE TOLEDO OH CLIMATE NORMALS FOR TODAY
                         NORMAL    RECORD    YEAR
 MAXIMUM TEMPERATURE (F)   73        91      2007
                                             1964
 MINIMUM TEMPERATURE (F)   51        27      1963


SUNRISE AND SUNSET
MAY 23 2017...........SUNRISE   609 AM EDT   SUNSET   856 PM EDT
MAY 24 2017...........SUNRISE   608 AM EDT   SUNSET   857 PM EDT


-  INDICATES NEGATIVE NUMBERS.
R  INDICATES RECORD WAS SET OR TIED.
MM INDICATES DATA IS MISSING.
T  INDICATES TRACE AMOUNT.




$$
