000
CDUS41 KCLE 250536
CLITOL


CLIMATE REPORT
NATIONAL WEATHER SERVICE CLEVELAND OH
125 AM EDT THU SEP 25 2014


...................................

...THE TOLEDO OH CLIMATE SUMMARY FOR SEPTEMBER 24 2014...

CLIMATE NORMAL PERIOD 1981 TO 2010
CLIMATE RECORD PERIOD 1873 TO 2014


WEATHER ITEM   OBSERVED TIME   RECORD YEAR NORMAL DEPARTURE LAST
                VALUE   (LST)  VALUE       VALUE  FROM      YEAR
                                                  NORMAL
..................................................................
TEMPERATURE (F)
 YESTERDAY
  MAXIMUM         75    300 PM  92    1891  72      3       66
  MINIMUM         44    613 AM  30    1976  49     -5       39
  AVERAGE         60                        61     -1       53

PRECIPITATION (IN)
  YESTERDAY        0.00                      0.09  -0.09     0.00
  MONTH TO DATE    5.27                      2.25   3.02     1.67
  SINCE SEP 1      5.27                      2.25   3.02     1.67
  SINCE JAN 1     26.46                     25.57   0.89    28.46

SNOWFALL (IN)
  YESTERDAY        0.0                       0.0    0.0      0.0
  MONTH TO DATE    0.0                       0.0    0.0      0.0
  SINCE SEP 1      0.0                       0.0    0.0      0.0
  SINCE JUL 1      0.0                       0.0    0.0      0.0
  SNOW DEPTH       0

DEGREE DAYS
 HEATING
  YESTERDAY        5                         6     -1       12
  MONTH TO DATE  111                        68     43       95
  SINCE SEP 1    111                        68     43       95
  SINCE JUL 1    125                        82     43      124

 COOLING
  YESTERDAY        0                         1     -1        0
  MONTH TO DATE   55                        75    -20       90
  SINCE SEP 1     55                        75    -20       90
  SINCE JAN 1    653                       777   -124      772
..................................................................


WIND (MPH)
  HIGHEST WIND SPEED    13   HIGHEST WIND DIRECTION     E (70)
  HIGHEST GUST SPEED    16   HIGHEST GUST DIRECTION    NE (50)
  AVERAGE WIND SPEED     3.5


SKY COVER
  POSSIBLE SUNSHINE  MM
  AVERAGE SKY COVER 0.0


WEATHER CONDITIONS
 THE FOLLOWING WEATHER WAS RECORDED YESTERDAY.
  FOG


RELATIVE HUMIDITY (PERCENT)
 HIGHEST   100           100 AM
 LOWEST     38           400 PM
 AVERAGE    69

..........................................................


THE TOLEDO OH CLIMATE NORMALS FOR TODAY
                         NORMAL    RECORD    YEAR
 MAXIMUM TEMPERATURE (F)   72        91      1891
 MINIMUM TEMPERATURE (F)   49        32      1976


SUNRISE AND SUNSET
SEPTEMBER 25 2014.....SUNRISE   726 AM EDT   SUNSET   727 PM EDT
SEPTEMBER 26 2014.....SUNRISE   727 AM EDT   SUNSET   726 PM EDT


-  INDICATES NEGATIVE NUMBERS.
R  INDICATES RECORD WAS SET OR TIED.
MM INDICATES DATA IS MISSING.
T  INDICATES TRACE AMOUNT.




$$
