000
CDUS41 KCLE 140528
CLITOL


CLIMATE REPORT
NATIONAL WEATHER SERVICE CLEVELAND OH
1227 AM EST SUN DEC 14 2014


...................................

...THE TOLEDO OH CLIMATE SUMMARY FOR DECEMBER 13 2014...

CLIMATE NORMAL PERIOD 1981 TO 2010
CLIMATE RECORD PERIOD 1873 TO 2014


WEATHER ITEM   OBSERVED TIME   RECORD YEAR NORMAL DEPARTURE LAST
                VALUE   (LST)  VALUE       VALUE  FROM      YEAR
                                                  NORMAL
..................................................................
TEMPERATURE (F)
 YESTERDAY
  MAXIMUM         45   1157 PM  62    1975  37      8       31
  MINIMUM         31    115 AM  -4    1958  24      7       14
  AVERAGE         38                        30      8       23

PRECIPITATION (IN)
  YESTERDAY        0.00                      0.08  -0.08     0.00
  MONTH TO DATE    0.15                      1.16  -1.01     0.10
  SINCE DEC 1      0.15                      1.16  -1.01     0.10
  SINCE JAN 1     30.76                     32.72  -1.96    33.86

SNOWFALL (IN)
  YESTERDAY        0.0                       0.2   -0.2      0.0
  MONTH TO DATE    T                         2.5   -2.5      0.6
  SINCE DEC 1      T                         2.5   -2.5      0.6
  SINCE JUL 1      2.8                       4.6   -1.8      1.1
  SNOW DEPTH       0

DEGREE DAYS
 HEATING
  YESTERDAY       27                        35     -8       42
  MONTH TO DATE  436                       424     12      481
  SINCE DEC 1    436                       424     12      481
  SINCE JUL 1   1874                      1657    217     1829

 COOLING
  YESTERDAY        0                         0      0        0
  MONTH TO DATE    0                         0      0        0
  SINCE DEC 1      0                         0      0        0
  SINCE JAN 1    654                       793   -139      793
..................................................................


WIND (MPH)
  HIGHEST WIND SPEED    17   HIGHEST WIND DIRECTION     W (260)
  HIGHEST GUST SPEED    21   HIGHEST GUST DIRECTION     W (260)
  AVERAGE WIND SPEED    11.2


SKY COVER
  POSSIBLE SUNSHINE  MM
  AVERAGE SKY COVER 1.0


WEATHER CONDITIONS
 THE FOLLOWING WEATHER WAS RECORDED YESTERDAY.
  FOG
  HAZE


RELATIVE HUMIDITY (PERCENT)
 HIGHEST   100          1200 AM
 LOWEST     82           300 PM
 AVERAGE    91

..........................................................


THE TOLEDO OH CLIMATE NORMALS FOR TODAY
                         NORMAL    RECORD    YEAR
 MAXIMUM TEMPERATURE (F)   36        65      1975
 MINIMUM TEMPERATURE (F)   23        -1      1914


SUNRISE AND SUNSET
DECEMBER 14 2014......SUNRISE   754 AM EST   SUNSET   506 PM EST
DECEMBER 15 2014......SUNRISE   755 AM EST   SUNSET   506 PM EST


-  INDICATES NEGATIVE NUMBERS.
R  INDICATES RECORD WAS SET OR TIED.
MM INDICATES DATA IS MISSING.
T  INDICATES TRACE AMOUNT.




$$
