000
CDUS41 KCLE 120530
CLITOL


CLIMATE REPORT
NATIONAL WEATHER SERVICE CLEVELAND OH
127 AM EDT WED JUL 12 2017


...................................

...THE TOLEDO OH CLIMATE SUMMARY FOR JULY 11 2017...

CLIMATE NORMAL PERIOD 1981 TO 2010
CLIMATE RECORD PERIOD 1873 TO 2017


WEATHER ITEM   OBSERVED TIME   RECORD YEAR NORMAL DEPARTURE LAST
                VALUE   (LST)  VALUE       VALUE  FROM      YEAR
                                                  NORMAL
..................................................................
TEMPERATURE (F)
 YESTERDAY
  MAXIMUM         85    445 PM 101    1936  85      0       89
  MINIMUM         67    407 AM  46    1945  63      4       61
  AVERAGE         76                        74      2       75

PRECIPITATION (IN)
  YESTERDAY        T                         0.10  -0.10     0.00
  MONTH TO DATE    1.11                      1.09   0.02     0.96
  SINCE JUN 1      4.95                      4.66   0.29     2.58
  SINCE JAN 1     22.81                     18.03   4.78    16.34

SNOWFALL (IN)
  YESTERDAY        0.0                       0.0    0.0      0.0
  MONTH TO DATE    0.0                       0.0    0.0      0.0
  SINCE JUN 1      0.0                       0.0    0.0      0.0
  SINCE JUL 1      0.0                       0.0    0.0      0.0
  SNOW DEPTH       0

DEGREE DAYS
 HEATING
  YESTERDAY        0                         0      0        0
  MONTH TO DATE    0                         0      0        1
  SINCE JUN 1     21                        35    -14       14
  SINCE JUL 1      0                         0      0        1

 COOLING
  YESTERDAY       11                         9      2       10
  MONTH TO DATE   67                        97    -30       82
  SINCE JUN 1    248                       267    -19      272
  SINCE JAN 1    293                       320    -27      341
..................................................................


WIND (MPH)
  HIGHEST WIND SPEED    20   HIGHEST WIND DIRECTION    SW (240)
  HIGHEST GUST SPEED    24   HIGHEST GUST DIRECTION    SW (240)
  AVERAGE WIND SPEED     7.2


SKY COVER
  POSSIBLE SUNSHINE  MM
  AVERAGE SKY COVER 0.5


WEATHER CONDITIONS
 THE FOLLOWING WEATHER WAS RECORDED YESTERDAY.
  LIGHT RAIN
  FOG


RELATIVE HUMIDITY (PERCENT)
 HIGHEST   100          1200 AM
 LOWEST     70           200 PM
 AVERAGE    85

..........................................................


THE TOLEDO OH CLIMATE NORMALS FOR TODAY
                         NORMAL    RECORD    YEAR
 MAXIMUM TEMPERATURE (F)   85        99      1936
 MINIMUM TEMPERATURE (F)   63        45      1978


SUNRISE AND SUNSET
JULY 12 2017..........SUNRISE   612 AM EDT   SUNSET   909 PM EDT
JULY 13 2017..........SUNRISE   613 AM EDT   SUNSET   909 PM EDT


-  INDICATES NEGATIVE NUMBERS.
R  INDICATES RECORD WAS SET OR TIED.
MM INDICATES DATA IS MISSING.
T  INDICATES TRACE AMOUNT.




$$
