000
CDUS41 KCLE 140543
CLITOL


CLIMATE REPORT
NATIONAL WEATHER SERVICE CLEVELAND OH
142 AM EDT TUE OCT 14 2014


...................................

...THE TOLEDO OH CLIMATE SUMMARY FOR OCTOBER 13 2014...

CLIMATE NORMAL PERIOD 1981 TO 2010
CLIMATE RECORD PERIOD 1873 TO 2014


WEATHER ITEM   OBSERVED TIME   RECORD YEAR NORMAL DEPARTURE LAST
                VALUE   (LST)  VALUE       VALUE  FROM      YEAR
                                                  NORMAL
..................................................................
TEMPERATURE (F)
 YESTERDAY
  MAXIMUM         76    304 PM  83    1975  64     12       70
                                      1935
  MINIMUM         52    117 AM  23    1988  42     10       48
  AVERAGE         64                        53     11       59

PRECIPITATION (IN)
  YESTERDAY        0.06                      0.09  -0.03     0.00
  MONTH TO DATE    1.21                      1.13   0.08     1.81
  SINCE SEP 1      6.58                      3.91   2.67     3.78
  SINCE JAN 1     27.77                     27.23   0.54    30.57

SNOWFALL (IN)
  YESTERDAY        0.0                       0.0    0.0      0.0
  MONTH TO DATE    0.0                       0.0    0.0      0.0
  SINCE SEP 1      0.0                       0.0    0.0      0.0
  SINCE JUL 1      0.0                       0.0    0.0      0.0
  SNOW DEPTH       0

DEGREE DAYS
 HEATING
  YESTERDAY        1                        12    -11        6
  MONTH TO DATE  161                       134     27       61
  SINCE SEP 1    286                       244     42      179
  SINCE JUL 1    300                       258     42      208

 COOLING
  YESTERDAY        0                         0      0        0
  MONTH TO DATE    0                         8     -8       21
  SINCE SEP 1     56                        90    -34      111
  SINCE JAN 1    654                       792   -138      793
..................................................................


WIND (MPH)
  HIGHEST WIND SPEED    15   HIGHEST WIND DIRECTION     S (190)
  HIGHEST GUST SPEED    22   HIGHEST GUST DIRECTION     S (170)
  AVERAGE WIND SPEED     5.7


SKY COVER
  POSSIBLE SUNSHINE  MM
  AVERAGE SKY COVER 0.8


WEATHER CONDITIONS
 THE FOLLOWING WEATHER WAS RECORDED YESTERDAY.
  RAIN
  LIGHT RAIN
  FOG


RELATIVE HUMIDITY (PERCENT)
 HIGHEST   100           500 AM
 LOWEST     60           400 PM
 AVERAGE    80

..........................................................


THE TOLEDO OH CLIMATE NORMALS FOR TODAY
                         NORMAL    RECORD    YEAR
 MAXIMUM TEMPERATURE (F)   64        86      1897
 MINIMUM TEMPERATURE (F)   42        27      1874


SUNRISE AND SUNSET
OCTOBER 14 2014.......SUNRISE   746 AM EDT   SUNSET   656 PM EDT
OCTOBER 15 2014.......SUNRISE   747 AM EDT   SUNSET   654 PM EDT


-  INDICATES NEGATIVE NUMBERS.
R  INDICATES RECORD WAS SET OR TIED.
MM INDICATES DATA IS MISSING.
T  INDICATES TRACE AMOUNT.




$$
