798
CDUS41 KCLE 170526
CLITOL


CLIMATE REPORT
NATIONAL WEATHER SERVICE CLEVELAND OH
1226 AM EST WED JAN 17 2018


...................................

...THE TOLEDO OH CLIMATE SUMMARY FOR JANUARY 16 2018...

CLIMATE NORMAL PERIOD 1981 TO 2010
CLIMATE RECORD PERIOD 1873 TO 2018


WEATHER ITEM   OBSERVED TIME   RECORD YEAR NORMAL DEPARTURE LAST
                VALUE   (LST)  VALUE       VALUE  FROM      YEAR
                                                  NORMAL
..................................................................
TEMPERATURE (F)
 YESTERDAY
  MAXIMUM         14   1210 AM  58    1889  32    -18       36
  MINIMUM          1   1006 PM -17    1972  18    -17       20
  AVERAGE          8                        25    -17       28

PRECIPITATION (IN)
  YESTERDAY        T                         0.07  -0.07     0.07
  MONTH TO DATE    0.85                      1.14  -0.29     2.57
  SINCE DEC 1      1.97                      3.82  -1.85     5.05
  SINCE JAN 1      0.85                      1.14  -0.29     2.57

SNOWFALL (IN)
  YESTERDAY        T                         0.4   -0.4      0.0
  MONTH TO DATE    5.3                       5.7   -0.4      1.1
  SINCE DEC 1     19.2                      13.1    6.1     14.3
  SINCE JUL 1     19.2                      15.2    4.0     14.3
  SNOW DEPTH       3

DEGREE DAYS
 HEATING
  YESTERDAY       57                        40     17       37
  MONTH TO DATE  748                       631    117      614
  SINCE DEC 1   1935                      1723    212     1772
  SINCE JUL 1   2983                      2956     27     2696

 COOLING
  YESTERDAY        0                         0      0        0
  MONTH TO DATE    0                         0      0        0
  SINCE DEC 1      0                         0      0        0
  SINCE JAN 1      0                         0      0        0
..................................................................


WIND (MPH)
  HIGHEST WIND SPEED    18   HIGHEST WIND DIRECTION    SW (240)
  HIGHEST GUST SPEED    22   HIGHEST GUST DIRECTION    SW (240)
  AVERAGE WIND SPEED    11.1


SKY COVER
  POSSIBLE SUNSHINE  MM
  AVERAGE SKY COVER 0.7


WEATHER CONDITIONS
 THE FOLLOWING WEATHER WAS RECORDED YESTERDAY.
  LIGHT SNOW
  FOG
  HAZE


RELATIVE HUMIDITY (PERCENT)
 HIGHEST    95          1000 PM
 LOWEST     76           400 PM
 AVERAGE    86

..........................................................


THE TOLEDO OH CLIMATE NORMALS FOR TODAY
                         NORMAL    RECORD    YEAR
 MAXIMUM TEMPERATURE (F)   32        64      1952
 MINIMUM TEMPERATURE (F)   18       -17      1982


SUNRISE AND SUNSET
JANUARY 17 2018.......SUNRISE   759 AM EST   SUNSET   532 PM EST
JANUARY 18 2018.......SUNRISE   758 AM EST   SUNSET   534 PM EST


-  INDICATES NEGATIVE NUMBERS.
R  INDICATES RECORD WAS SET OR TIED.
MM INDICATES DATA IS MISSING.
T  INDICATES TRACE AMOUNT.




$$
