000
CDUS41 KCLE 130526
CLITOL


CLIMATE REPORT
NATIONAL WEATHER SERVICE CLEVELAND OH
1226 AM EST SAT DEC 13 2014


...................................

...THE TOLEDO OH CLIMATE SUMMARY FOR DECEMBER 12 2014...

CLIMATE NORMAL PERIOD 1981 TO 2010
CLIMATE RECORD PERIOD 1873 TO 2014


WEATHER ITEM   OBSERVED TIME   RECORD YEAR NORMAL DEPARTURE LAST
                VALUE   (LST)  VALUE       VALUE  FROM      YEAR
                                                  NORMAL
..................................................................
TEMPERATURE (F)
 YESTERDAY
  MAXIMUM         35    350 PM  63    1949  37     -2       17
  MINIMUM         24    406 AM  -9    1962  24      0        3
  AVERAGE         30                        30      0       10

PRECIPITATION (IN)
  YESTERDAY        0.00                      0.09  -0.09     0.00
  MONTH TO DATE    0.15                      1.08  -0.93     0.10
  SINCE DEC 1      0.15                      1.08  -0.93     0.10
  SINCE JAN 1     30.76                     32.64  -1.88    33.86

SNOWFALL (IN)
  YESTERDAY        0.0                       0.2   -0.2      0.0
  MONTH TO DATE    T                         2.3   -2.3      0.6
  SINCE DEC 1      T                         2.3   -2.3      0.6
  SINCE JUL 1      2.8                       4.4   -1.6      1.1
  SNOW DEPTH       0

DEGREE DAYS
 HEATING
  YESTERDAY       35                        34      1       55
  MONTH TO DATE  409                       389     20      439
  SINCE DEC 1    409                       389     20      439
  SINCE JUL 1   1847                      1622    225     1787

 COOLING
  YESTERDAY        0                         0      0        0
  MONTH TO DATE    0                         0      0        0
  SINCE DEC 1      0                         0      0        0
  SINCE JAN 1    654                       793   -139      793
..................................................................


WIND (MPH)
  HIGHEST WIND SPEED    16   HIGHEST WIND DIRECTION     W (270)
  HIGHEST GUST SPEED    18   HIGHEST GUST DIRECTION     W (270)
  AVERAGE WIND SPEED    10.0


SKY COVER
  POSSIBLE SUNSHINE  MM
  AVERAGE SKY COVER 0.8


WEATHER CONDITIONS
 THE FOLLOWING WEATHER WAS RECORDED YESTERDAY.
  FOG
  HAZE


RELATIVE HUMIDITY (PERCENT)
 HIGHEST   100          1000 PM
 LOWEST     75           100 PM
 AVERAGE    88

..........................................................


THE TOLEDO OH CLIMATE NORMALS FOR TODAY
                         NORMAL    RECORD    YEAR
 MAXIMUM TEMPERATURE (F)   37        62      1975
 MINIMUM TEMPERATURE (F)   24        -4      1958


SUNRISE AND SUNSET
DECEMBER 13 2014......SUNRISE   753 AM EST   SUNSET   505 PM EST
DECEMBER 14 2014......SUNRISE   754 AM EST   SUNSET   506 PM EST


-  INDICATES NEGATIVE NUMBERS.
R  INDICATES RECORD WAS SET OR TIED.
MM INDICATES DATA IS MISSING.
T  INDICATES TRACE AMOUNT.




$$
