096
CDUS41 KCLE 052113
CLITOL


CLIMATE REPORT
NATIONAL WEATHER SERVICE CLEVELAND OH
512 PM EDT THU MAY 5 2016


...................................

...THE TOLEDO OH CLIMATE SUMMARY FOR MAY 5 2016...
VALID TODAY AS OF 0500 PM LOCAL TIME.

CLIMATE NORMAL PERIOD 1981 TO 2010
CLIMATE RECORD PERIOD 1873 TO 2016


WEATHER ITEM   OBSERVED TIME   RECORD YEAR NORMAL DEPARTURE LAST
                VALUE   (LST)  VALUE       VALUE  FROM      YEAR
                                                  NORMAL
..................................................................
TEMPERATURE (F)
 TODAY
  MAXIMUM         67    226 PM  92    1952  68     -1       61
  MINIMUM         43    302 AM  29    1974  45     -2       51
  AVERAGE         55                        56     -1       56

PRECIPITATION (IN)
  TODAY            0.01                      0.11  -0.10     0.14
  MONTH TO DATE    0.48                      0.55  -0.07     0.20
  SINCE MAR 1      9.58                      6.22   3.36     4.23
  SINCE JAN 1     12.80                     10.34   2.46     7.85

SNOWFALL (IN)
  TODAY            0.0                       0.0    0.0      0.0
  MONTH TO DATE    0.0                       0.0    0.0      0.0
  SINCE MAR 1     11.4                       7.0    4.4      5.4
  SINCE JUL 1     26.4                      37.5  -11.1     45.7
  SNOW DEPTH       0

DEGREE DAYS
 HEATING
  TODAY           10                         9      1        9
  MONTH TO DATE   63                        49     14       22
  SINCE MAR 1   1285                      1375    -90     1495
  SINCE JUL 1   5183                      5951   -768     6751

 COOLING
  TODAY            0                         1     -1        0
  MONTH TO DATE    0                         2     -2        2
  SINCE MAR 1      0                        10    -10        2
  SINCE JAN 1      0                        10    -10        2
..................................................................


WIND (MPH)
  HIGHEST WIND SPEED    23   HIGHEST WIND DIRECTION    NE (40)
  HIGHEST GUST SPEED    27   HIGHEST GUST DIRECTION    NE (30)


SKY COVER
  POSSIBLE SUNSHINE  MM
  AVERAGE SKY COVER 0.7


WEATHER CONDITIONS
 THE FOLLOWING WEATHER WAS RECORDED TODAY.
  LIGHT RAIN
  FOG


RELATIVE HUMIDITY (PERCENT)
 HIGHEST    93           500 AM
 LOWEST     37           100 PM
 AVERAGE    65

..........................................................


THE TOLEDO OH CLIMATE NORMALS FOR TOMORROW
                         NORMAL    RECORD    YEAR
 MAXIMUM TEMPERATURE (F)   68        90      1949
 MINIMUM TEMPERATURE (F)   45        26      1968


SUNRISE AND SUNSET
MAY  5 2016...........SUNRISE   626 AM EDT   SUNSET   838 PM EDT
MAY  6 2016...........SUNRISE   625 AM EDT   SUNSET   839 PM EDT


-  INDICATES NEGATIVE NUMBERS.
R  INDICATES RECORD WAS SET OR TIED.
MM INDICATES DATA IS MISSING.
T  INDICATES TRACE AMOUNT.




$$
