000
CDUS41 KCLE 300527
CLITOL


CLIMATE REPORT
NATIONAL WEATHER SERVICE CLEVELAND OH
126 AM EDT THU JUL 30 2015


...................................

...THE TOLEDO OH CLIMATE SUMMARY FOR JULY 29 2015...

CLIMATE NORMAL PERIOD 1981 TO 2010
CLIMATE RECORD PERIOD 1873 TO 2015


WEATHER ITEM   OBSERVED TIME   RECORD YEAR NORMAL DEPARTURE LAST
                VALUE   (LST)  VALUE       VALUE  FROM      YEAR
                                                  NORMAL
..................................................................
TEMPERATURE (F)
 YESTERDAY
  MAXIMUM         91    136 PM  97    1916  84      7       74
  MINIMUM         66   1157 PM  49    2014  62      4       49
  AVERAGE         79                        73      6       62

PRECIPITATION (IN)
  YESTERDAY        1.38                      0.11   1.27     0.00
  MONTH TO DATE    6.16                      3.01   3.15     0.81
  SINCE JUN 1     13.38                      6.58   6.80     4.79
  SINCE JAN 1     25.28                     19.95   5.33    18.64

SNOWFALL (IN)
  YESTERDAY        0.0                       0.0    0.0      0.0
  MONTH TO DATE    0.0                       0.0    0.0      0.0
  SINCE JUN 1      0.0                       0.0    0.0      0.0
  SINCE JUL 1      0.0                       0.0    0.0      0.0
  SNOW DEPTH       0

DEGREE DAYS
 HEATING
  YESTERDAY        0                         0      0        3
  MONTH TO DATE    2                         0      2        9
  SINCE JUN 1     37                        35      2       25
  SINCE JUL 1      2                         0      2        9

 COOLING
  YESTERDAY       14                         8      6        0
  MONTH TO DATE  167                       251    -84      135
  SINCE JUN 1    300                       421   -121      326
  SINCE JAN 1    393                       474    -81      388
..................................................................


WIND (MPH)
  HIGHEST WIND SPEED    23   HIGHEST WIND DIRECTION     W (250)
  HIGHEST GUST SPEED    30   HIGHEST GUST DIRECTION     W (290)
  AVERAGE WIND SPEED     4.5


SKY COVER
  POSSIBLE SUNSHINE  MM
  AVERAGE SKY COVER 0.2


WEATHER CONDITIONS
 THE FOLLOWING WEATHER WAS RECORDED YESTERDAY.
  HEAVY RAIN
  LIGHT RAIN
  FOG


RELATIVE HUMIDITY (PERCENT)
 HIGHEST   100           400 PM
 LOWEST     59           100 PM
 AVERAGE    80

..........................................................


THE TOLEDO OH CLIMATE NORMALS FOR TODAY
                         NORMAL    RECORD    YEAR
 MAXIMUM TEMPERATURE (F)   84       100      1916
 MINIMUM TEMPERATURE (F)   62        47      1965


SUNRISE AND SUNSET
JULY 30 2015..........SUNRISE   627 AM EDT   SUNSET   855 PM EDT
JULY 31 2015..........SUNRISE   628 AM EDT   SUNSET   854 PM EDT


-  INDICATES NEGATIVE NUMBERS.
R  INDICATES RECORD WAS SET OR TIED.
MM INDICATES DATA IS MISSING.
T  INDICATES TRACE AMOUNT.




$$
