000
CDUS41 KCLE 070533
CLITOL


CLIMATE REPORT
NATIONAL WEATHER SERVICE CLEVELAND OH
1231 AM EST WED DEC 7 2016


...................................

...THE TOLEDO OH CLIMATE SUMMARY FOR DECEMBER 6 2016...

CLIMATE NORMAL PERIOD 1981 TO 2010
CLIMATE RECORD PERIOD 1873 TO 2016


WEATHER ITEM   OBSERVED TIME   RECORD YEAR NORMAL DEPARTURE LAST
                VALUE   (LST)  VALUE       VALUE  FROM      YEAR
                                                  NORMAL
..................................................................
TEMPERATURE (F)
 YESTERDAY
  MAXIMUM         38   1119 AM  69    1998  39     -1       45
  MINIMUM         25   1214 AM   0    1964  26     -1       27
  AVERAGE         32                        33     -1       36

PRECIPITATION (IN)
  YESTERDAY        0.31                      0.09   0.22     0.00
  MONTH TO DATE    0.48                      0.55  -0.07     0.05
  SINCE DEC 1      0.48                      0.55  -0.07     0.05
  SINCE JAN 1     32.33                     32.11   0.22    33.58

SNOWFALL (IN)
  YESTERDAY        0.0                       0.2   -0.2      0.0
  MONTH TO DATE    0.6                       1.0   -0.4       T
  SINCE DEC 1      0.6                       1.0   -0.4       T
  SINCE JUL 1      0.6                       3.1   -2.5      3.5
  SNOW DEPTH       0

DEGREE DAYS
 HEATING
  YESTERDAY       33                        32      1       29
  MONTH TO DATE  180                       188     -8      176
  SINCE DEC 1    180                       188     -8      176
  SINCE JUL 1   1104                      1421   -317     1186

 COOLING
  YESTERDAY        0                         0      0        0
  MONTH TO DATE    0                         0      0        0
  SINCE DEC 1      0                         0      0        0
  SINCE JAN 1   1037                       793    244      719
..................................................................


WIND (MPH)
  HIGHEST WIND SPEED    17   HIGHEST WIND DIRECTION     E (90)
  HIGHEST GUST SPEED    25   HIGHEST GUST DIRECTION     E (90)
  AVERAGE WIND SPEED     9.6


SKY COVER
  POSSIBLE SUNSHINE  MM
  AVERAGE SKY COVER 0.5


WEATHER CONDITIONS
 THE FOLLOWING WEATHER WAS RECORDED YESTERDAY.
  RAIN
  LIGHT RAIN
  FOG


RELATIVE HUMIDITY (PERCENT)
 HIGHEST   100          1200 AM
 LOWEST     76          1000 AM
 AVERAGE    88

..........................................................


THE TOLEDO OH CLIMATE NORMALS FOR TODAY
                         NORMAL    RECORD    YEAR
 MAXIMUM TEMPERATURE (F)   39        62      1951
                                             1892
 MINIMUM TEMPERATURE (F)   26        -2      1885


SUNRISE AND SUNSET
DECEMBER  7 2016......SUNRISE   749 AM EST   SUNSET   505 PM EST
DECEMBER  8 2016......SUNRISE   750 AM EST   SUNSET   505 PM EST


-  INDICATES NEGATIVE NUMBERS.
R  INDICATES RECORD WAS SET OR TIED.
MM INDICATES DATA IS MISSING.
T  INDICATES TRACE AMOUNT.




$$
