000
CDUS41 KCLE 210529
CLITOL


CLIMATE REPORT
NATIONAL WEATHER SERVICE CLEVELAND OH
1229 AM EST SUN DEC 21 2014


...................................

...THE TOLEDO OH CLIMATE SUMMARY FOR DECEMBER 20 2014...

CLIMATE NORMAL PERIOD 1981 TO 2010
CLIMATE RECORD PERIOD 1873 TO 2014


WEATHER ITEM   OBSERVED TIME   RECORD YEAR NORMAL DEPARTURE LAST
                VALUE   (LST)  VALUE       VALUE  FROM      YEAR
                                                  NORMAL
..................................................................
TEMPERATURE (F)
 YESTERDAY
  MAXIMUM         31    651 PM  62    1895  35     -4       55
  MINIMUM         27   1159 PM  -7    1963  22      5       40
  AVERAGE         29                        28      1       48

PRECIPITATION (IN)
  YESTERDAY        0.00                      0.08  -0.08     0.46
  MONTH TO DATE    0.43                      1.75  -1.32     1.20
  SINCE DEC 1      0.43                      1.75  -1.32     1.20
  SINCE JAN 1     31.04                     33.31  -2.27    34.96

SNOWFALL (IN)
  YESTERDAY        0.0                       0.3   -0.3      0.0
  MONTH TO DATE    T                         4.3   -4.3      9.5
  SINCE DEC 1      T                         4.3   -4.3      9.5
  SINCE JUL 1      2.8                       6.4   -3.6     10.0
  SNOW DEPTH       0

DEGREE DAYS
 HEATING
  YESTERDAY       36                        37     -1       17
  MONTH TO DATE  632                       675    -43      754
  SINCE DEC 1    632                       675    -43      754
  SINCE JUL 1   2070                      1908    162     2102

 COOLING
  YESTERDAY        0                         0      0        0
  MONTH TO DATE    0                         0      0        0
  SINCE DEC 1      0                         0      0        0
  SINCE JAN 1    654                       793   -139      793
..................................................................


WIND (MPH)
  HIGHEST WIND SPEED     6   HIGHEST WIND DIRECTION     S (160)
  HIGHEST GUST SPEED     8   HIGHEST GUST DIRECTION     S (170)
  AVERAGE WIND SPEED     0.8


SKY COVER
  POSSIBLE SUNSHINE  MM
  AVERAGE SKY COVER 1.0


WEATHER CONDITIONS
 THE FOLLOWING WEATHER WAS RECORDED YESTERDAY.
  HAZE


RELATIVE HUMIDITY (PERCENT)
 HIGHEST    78           900 PM
 LOWEST     69           200 AM
 AVERAGE    74

..........................................................


THE TOLEDO OH CLIMATE NORMALS FOR TODAY
                         NORMAL    RECORD    YEAR
 MAXIMUM TEMPERATURE (F)   35        63      1967
 MINIMUM TEMPERATURE (F)   22       -10      1989


SUNRISE AND SUNSET
DECEMBER 21 2014......SUNRISE   759 AM EST   SUNSET   508 PM EST
DECEMBER 22 2014......SUNRISE   759 AM EST   SUNSET   509 PM EST


-  INDICATES NEGATIVE NUMBERS.
R  INDICATES RECORD WAS SET OR TIED.
MM INDICATES DATA IS MISSING.
T  INDICATES TRACE AMOUNT.




$$
