000
CDUS41 KCLE 160533
CLITOL


CLIMATE REPORT
NATIONAL WEATHER SERVICE CLEVELAND OH
1232 AM EST TUE JAN 16 2018


...................................

...THE TOLEDO OH CLIMATE SUMMARY FOR JANUARY 15 2018...

CLIMATE NORMAL PERIOD 1981 TO 2010
CLIMATE RECORD PERIOD 1873 TO 2018


WEATHER ITEM   OBSERVED TIME   RECORD YEAR NORMAL DEPARTURE LAST
                VALUE   (LST)  VALUE       VALUE  FROM      YEAR
                                                  NORMAL
..................................................................
TEMPERATURE (F)
 YESTERDAY
  MAXIMUM         23   1056 PM  63    1932  32     -9       32
  MINIMUM         13   1218 AM -12    1972  18     -5       16
  AVERAGE         18                        25     -7       24

PRECIPITATION (IN)
  YESTERDAY        0.13                      0.06   0.07     0.00
  MONTH TO DATE    0.85                      1.07  -0.22     2.50
  SINCE DEC 1      1.97                      3.75  -1.78     4.98
  SINCE JAN 1      0.85                      1.07  -0.22     2.50

SNOWFALL (IN)
  YESTERDAY        2.1                       0.4    1.7      0.0
  MONTH TO DATE    5.3                       5.3    0.0      1.1
  SINCE DEC 1     19.2                      12.7    6.5     14.3
  SINCE JUL 1     19.2                      14.8    4.4     14.3
  SNOW DEPTH       2

DEGREE DAYS
 HEATING
  YESTERDAY       47                        40      7       41
  MONTH TO DATE  691                       591    100      577
  SINCE DEC 1   1878                      1683    195     1735
  SINCE JUL 1   2926                      2916     10     2659

 COOLING
  YESTERDAY        0                         0      0        0
  MONTH TO DATE    0                         0      0        0
  SINCE DEC 1      0                         0      0        0
  SINCE JAN 1      0                         0      0        0
..................................................................


WIND (MPH)
  HIGHEST WIND SPEED    24   HIGHEST WIND DIRECTION     W (250)
  HIGHEST GUST SPEED    29   HIGHEST GUST DIRECTION    SW (240)
  AVERAGE WIND SPEED     6.2


SKY COVER
  POSSIBLE SUNSHINE  MM
  AVERAGE SKY COVER 1.0


WEATHER CONDITIONS
 THE FOLLOWING WEATHER WAS RECORDED YESTERDAY.
  LIGHT SNOW
  FOG


RELATIVE HUMIDITY (PERCENT)
 HIGHEST   100           600 PM
 LOWEST     67           300 AM
 AVERAGE    84

..........................................................


THE TOLEDO OH CLIMATE NORMALS FOR TODAY
                         NORMAL    RECORD    YEAR
 MAXIMUM TEMPERATURE (F)   32        58      1889
 MINIMUM TEMPERATURE (F)   18       -17      1972


SUNRISE AND SUNSET
JANUARY 16 2018.......SUNRISE   759 AM EST   SUNSET   531 PM EST
JANUARY 17 2018.......SUNRISE   759 AM EST   SUNSET   532 PM EST


-  INDICATES NEGATIVE NUMBERS.
R  INDICATES RECORD WAS SET OR TIED.
MM INDICATES DATA IS MISSING.
T  INDICATES TRACE AMOUNT.




$$
